{"id":14256,"date":"2023-10-26T00:18:21","date_gmt":"2023-10-25T23:18:21","guid":{"rendered":"https:\/\/baralivres.ma\/?post_type=product&#038;p=14256"},"modified":"2024-11-28T16:58:52","modified_gmt":"2024-11-28T15:58:52","slug":"cousine-k","status":"publish","type":"product","link":"https:\/\/baralivres.ma\/?product=cousine-k","title":{"rendered":"Cousine K"},"content":{"rendered":"<p>Hant\u00e9 par la mort de son p\u00e8re, oubli\u00e9 par sa m\u00e8re, bless\u00e9 par l&rsquo;absence de son fr\u00e8re ador\u00e9, un jeune Alg\u00e9rien se laisse peu \u00e0 peu envahir par ses sentiments pour sa belle cousine. Tr\u00e8s vite, cet amour devient une obsession. Comment s&rsquo;approprier cette fille capricieuse, si proche et pourtant inaccessible ? Entre les deux adolescents, une relation de victime \u00e0 bourreau s&rsquo;installe. Croyant apaiser sa souffrance, l&rsquo;amoureux envisage de se venger de l&rsquo;indiff\u00e9rente. Va-t-il l&#8217;emprisonner, la violer, la tuer ? Dans le silence du douar, une trag\u00e9die se pr\u00e9pare&#8230;<\/p>\n","protected":false},"excerpt":{"rendered":"<p>Hant\u00e9 par la mort de son p\u00e8re, oubli\u00e9 par sa m\u00e8re, bless\u00e9 par l&rsquo;absence de son fr\u00e8re ador\u00e9, un jeune Alg\u00e9rien se laisse peu \u00e0 peu envahir par ses sentiments pour sa belle cousine. Tr\u00e8s vite, cet amour devient une obsession. Comment s&rsquo;approprier cette fille capricieuse, si proche et pourtant inaccessible ? Entre les deux [&hellip;]<\/p>\n","protected":false},"featured_media":14257,"comment_status":"open","ping_status":"closed","template":"","meta":{"inline_featured_image":false},"product_cat":[3873,143],"product_tag":[],"class_list":{"0":"post-14256","1":"product","2":"type-product","3":"status-publish","4":"has-post-thumbnail","6":"product_cat-roman-en-francais","7":"product_cat-roman","8":"pa_auteurs-yasmina-khadra","10":"first","11":"instock","12":"shipping-taxable","13":"purchasable","14":"product-type-simple"},"_links":{"self":[{"href":"https:\/\/baralivres.ma\/index.php?rest_route=\/wp\/v2\/product\/14256","targetHints":{"allow":["GET"]}}],"collection":[{"href":"https:\/\/baralivres.ma\/index.php?rest_route=\/wp\/v2\/product"}],"about":[{"href":"https:\/\/baralivres.ma\/index.php?rest_route=\/wp\/v2\/types\/product"}],"replies":[{"embeddable":true,"href":"https:\/\/baralivres.ma\/index.php?rest_route=%2Fwp%2Fv2%2Fcomments&post=14256"}],"version-history":[{"count":1,"href":"https:\/\/baralivres.ma\/index.php?rest_route=\/wp\/v2\/product\/14256\/revisions"}],"predecessor-version":[{"id":14258,"href":"https:\/\/baralivres.ma\/index.php?rest_route=\/wp\/v2\/product\/14256\/revisions\/14258"}],"wp:featuredmedia":[{"embeddable":true,"href":"https:\/\/baralivres.ma\/index.php?rest_route=\/wp\/v2\/media\/14257"}],"wp:attachment":[{"href":"https:\/\/baralivres.ma\/index.php?rest_route=%2Fwp%2Fv2%2Fmedia&parent=14256"}],"wp:term":[{"taxonomy":"product_cat","embeddable":true,"href":"https:\/\/baralivres.ma\/index.php?rest_route=%2Fwp%2Fv2%2Fproduct_cat&post=14256"},{"taxonomy":"product_tag","embeddable":true,"href":"https:\/\/baralivres.ma\/index.php?rest_route=%2Fwp%2Fv2%2Fproduct_tag&post=14256"}],"curies":[{"name":"wp","href":"https:\/\/api.w.org\/{rel}","templated":true}]}}