{"id":14242,"date":"2023-10-25T23:52:02","date_gmt":"2023-10-25T22:52:02","guid":{"rendered":"https:\/\/baralivres.ma\/?post_type=product&#038;p=14242"},"modified":"2024-11-28T16:49:51","modified_gmt":"2024-11-28T15:49:51","slug":"dieu-nhabite-pas-la-havane","status":"publish","type":"product","link":"https:\/\/baralivres.ma\/?product=dieu-nhabite-pas-la-havane","title":{"rendered":"Dieu n&rsquo;habite pas La Havane"},"content":{"rendered":"<p>Juan del Monte Jonava, surnomm\u00e9 \u00ab\u00a0Don Fuego\u00a0\u00bb gr\u00e2ce \u00e0 sa voix ensoleill\u00e9e, vivait pour chanter au Buena Vista Caf\u00e9, situ\u00e9 au c\u0153ur de Cuba. Cependant, \u00e0 l&rsquo;approche de ses 60 ans, sa renomm\u00e9e dans le monde de la rumba s&rsquo;estompe progressivement. Parall\u00e8lement, le r\u00e9gime castriste vieillit lui aussi et commence \u00e0 s&rsquo;ouvrir au monde ext\u00e9rieur, \u00e0 l&rsquo;argent et \u00e0 la modernit\u00e9. Le Buena Vista Caf\u00e9 change de propri\u00e9taire, laissant Don Fuego d\u00e9pendant de cachets \u00e9pisodiques pour subsister.<\/p>\n<p>C&rsquo;est alors qu&rsquo;il croise la route de Mayensi, une femme rousse incendiaire et \u00e9nigmatique, pr\u00e8s de 40 ans plus jeune que lui. Cette rencontre ravive la flamme de la passion dans le c\u0153ur du sexag\u00e9naire, mais jusqu&rsquo;\u00e0 quel point cette passion le consumera-t-elle ?<\/p>\n","protected":false},"excerpt":{"rendered":"<p>La vie de Don Fuego, chanteur cubain vieillissant, s&rsquo;\u00e9claire \u00e0 nouveau gr\u00e2ce \u00e0 sa rencontre avec Mayensi.<\/p>\n","protected":false},"featured_media":14243,"comment_status":"open","ping_status":"closed","template":"","meta":{"inline_featured_image":false},"product_cat":[3873,143],"product_tag":[],"class_list":{"0":"post-14242","1":"product","2":"type-product","3":"status-publish","4":"has-post-thumbnail","6":"product_cat-roman-en-francais","7":"product_cat-roman","8":"pa_auteurs-yasmina-khadra","10":"first","11":"instock","12":"shipping-taxable","13":"purchasable","14":"product-type-simple"},"_links":{"self":[{"href":"https:\/\/baralivres.ma\/index.php?rest_route=\/wp\/v2\/product\/14242","targetHints":{"allow":["GET"]}}],"collection":[{"href":"https:\/\/baralivres.ma\/index.php?rest_route=\/wp\/v2\/product"}],"about":[{"href":"https:\/\/baralivres.ma\/index.php?rest_route=\/wp\/v2\/types\/product"}],"replies":[{"embeddable":true,"href":"https:\/\/baralivres.ma\/index.php?rest_route=%2Fwp%2Fv2%2Fcomments&post=14242"}],"version-history":[{"count":1,"href":"https:\/\/baralivres.ma\/index.php?rest_route=\/wp\/v2\/product\/14242\/revisions"}],"predecessor-version":[{"id":14244,"href":"https:\/\/baralivres.ma\/index.php?rest_route=\/wp\/v2\/product\/14242\/revisions\/14244"}],"wp:featuredmedia":[{"embeddable":true,"href":"https:\/\/baralivres.ma\/index.php?rest_route=\/wp\/v2\/media\/14243"}],"wp:attachment":[{"href":"https:\/\/baralivres.ma\/index.php?rest_route=%2Fwp%2Fv2%2Fmedia&parent=14242"}],"wp:term":[{"taxonomy":"product_cat","embeddable":true,"href":"https:\/\/baralivres.ma\/index.php?rest_route=%2Fwp%2Fv2%2Fproduct_cat&post=14242"},{"taxonomy":"product_tag","embeddable":true,"href":"https:\/\/baralivres.ma\/index.php?rest_route=%2Fwp%2Fv2%2Fproduct_tag&post=14242"}],"curies":[{"name":"wp","href":"https:\/\/api.w.org\/{rel}","templated":true}]}}