{"id":14238,"date":"2023-10-25T23:49:07","date_gmt":"2023-10-25T22:49:07","guid":{"rendered":"https:\/\/baralivres.ma\/?post_type=product&#038;p=14238"},"modified":"2024-11-28T16:48:54","modified_gmt":"2024-11-28T15:48:54","slug":"quattendent-les-singes","status":"publish","type":"product","link":"https:\/\/baralivres.ma\/?product=quattendent-les-singes","title":{"rendered":"Qu&rsquo;attendent les singes"},"content":{"rendered":"<p>Le cadavre d&rsquo;une \u00e9tudiante est retrouv\u00e9 dans la for\u00eat de Ba\u00efnem, \u00e0 proximit\u00e9 d&rsquo;Alger. Nora Bilal, commissaire en charge de l&rsquo;enqu\u00eate, ignore \u00e0 quel point sa propre vie est en danger. Dans un pays o\u00f9 les intrigues et les fausses pistes sont monnaie courante, o\u00f9 le pouvoir et la corruption r\u00e8gnent en ma\u00eetres, qu&rsquo;advient-il de ceux qui osent croire en la primaut\u00e9 de la loi, surtout lorsque cette croyance est incarn\u00e9e par une femme ?<\/p>\n<p>Au-del\u00e0 d&rsquo;\u00eatre un simple thriller politique, \u00ab\u00a0Qu&rsquo;attendent les singes\u00a0\u00bb offre un profond regard sur l&rsquo;Alg\u00e9rie, un pays qui, apr\u00e8s avoir \u00e9t\u00e9 d\u00e9chir\u00e9 par le terrorisme islamiste, se retrouve expos\u00e9 aux ravages de l&rsquo;immoralit\u00e9 sans aucune retenue.<\/p>\n","protected":false},"excerpt":{"rendered":"<p>Enqu\u00eateuse Nora Bilal d\u00e9couvre corps \u00e9tudiante en Alg\u00e9rie, luttant pour justice face \u00e0 corruption et danger.<\/p>\n","protected":false},"featured_media":14239,"comment_status":"open","ping_status":"closed","template":"","meta":{"inline_featured_image":false},"product_cat":[3873,143,178],"product_tag":[],"class_list":{"0":"post-14238","1":"product","2":"type-product","3":"status-publish","4":"has-post-thumbnail","6":"product_cat-roman-en-francais","7":"product_cat-roman","8":"product_cat-contemporain","9":"pa_auteurs-yasmina-khadra","11":"first","12":"instock","13":"shipping-taxable","14":"purchasable","15":"product-type-simple"},"_links":{"self":[{"href":"https:\/\/baralivres.ma\/index.php?rest_route=\/wp\/v2\/product\/14238","targetHints":{"allow":["GET"]}}],"collection":[{"href":"https:\/\/baralivres.ma\/index.php?rest_route=\/wp\/v2\/product"}],"about":[{"href":"https:\/\/baralivres.ma\/index.php?rest_route=\/wp\/v2\/types\/product"}],"replies":[{"embeddable":true,"href":"https:\/\/baralivres.ma\/index.php?rest_route=%2Fwp%2Fv2%2Fcomments&post=14238"}],"version-history":[{"count":1,"href":"https:\/\/baralivres.ma\/index.php?rest_route=\/wp\/v2\/product\/14238\/revisions"}],"predecessor-version":[{"id":14240,"href":"https:\/\/baralivres.ma\/index.php?rest_route=\/wp\/v2\/product\/14238\/revisions\/14240"}],"wp:featuredmedia":[{"embeddable":true,"href":"https:\/\/baralivres.ma\/index.php?rest_route=\/wp\/v2\/media\/14239"}],"wp:attachment":[{"href":"https:\/\/baralivres.ma\/index.php?rest_route=%2Fwp%2Fv2%2Fmedia&parent=14238"}],"wp:term":[{"taxonomy":"product_cat","embeddable":true,"href":"https:\/\/baralivres.ma\/index.php?rest_route=%2Fwp%2Fv2%2Fproduct_cat&post=14238"},{"taxonomy":"product_tag","embeddable":true,"href":"https:\/\/baralivres.ma\/index.php?rest_route=%2Fwp%2Fv2%2Fproduct_tag&post=14238"}],"curies":[{"name":"wp","href":"https:\/\/api.w.org\/{rel}","templated":true}]}}