{"id":14192,"date":"2023-10-25T17:59:46","date_gmt":"2023-10-25T16:59:46","guid":{"rendered":"https:\/\/baralivres.ma\/?post_type=product&#038;p=14192"},"modified":"2023-10-25T17:59:46","modified_gmt":"2023-10-25T16:59:46","slug":"petit-traite-de-vie-interieure","status":"publish","type":"product","link":"https:\/\/baralivres.ma\/?product=petit-traite-de-vie-interieure","title":{"rendered":"Petit trait\u00e9 de vie int\u00e9rieure"},"content":{"rendered":"<p>\u00a0\u00bb De tous mes livres de philosophie et de spiritualit\u00e9, celui-ci est certainement le plus accessible, mais sans doute aussi le plus utile. Car ce n&rsquo;est pas un savoir th\u00e9orique que je cherche \u00e0 transmettre, mais une connaissance pratique, la plus essentielle qui soit : comment mener une vie bonne, heureuse, en harmonie avec soi-m\u00eame et avec les autres.<br \/>\nExister est un fait, vivre est un art. Tout le chemin de la vie, c&rsquo;est passer de l&rsquo;ignorance \u00e0 la connaissance, de la peur \u00e0 l&rsquo;amour. \u00a0\u00bb<br \/>\nFr\u00e9d\u00e9ric Lenoir<\/p>\n","protected":false},"excerpt":{"rendered":"<p>Livre accessible de Fr\u00e9d\u00e9ric Lenoir, vise \u00e0 partager une sagesse pratique pour vivre heureux et harmonieux.<\/p>\n","protected":false},"featured_media":14210,"comment_status":"open","ping_status":"closed","template":"","meta":{"inline_featured_image":false},"product_cat":[204,143],"product_tag":[],"class_list":{"0":"post-14192","1":"product","2":"type-product","3":"status-publish","4":"has-post-thumbnail","6":"product_cat-francais","7":"product_cat-roman","8":"pa_auteurs-frederic-lenoir","10":"first","11":"instock","12":"shipping-taxable","13":"purchasable","14":"product-type-simple"},"_links":{"self":[{"href":"https:\/\/baralivres.ma\/index.php?rest_route=\/wp\/v2\/product\/14192","targetHints":{"allow":["GET"]}}],"collection":[{"href":"https:\/\/baralivres.ma\/index.php?rest_route=\/wp\/v2\/product"}],"about":[{"href":"https:\/\/baralivres.ma\/index.php?rest_route=\/wp\/v2\/types\/product"}],"replies":[{"embeddable":true,"href":"https:\/\/baralivres.ma\/index.php?rest_route=%2Fwp%2Fv2%2Fcomments&post=14192"}],"version-history":[{"count":1,"href":"https:\/\/baralivres.ma\/index.php?rest_route=\/wp\/v2\/product\/14192\/revisions"}],"predecessor-version":[{"id":14211,"href":"https:\/\/baralivres.ma\/index.php?rest_route=\/wp\/v2\/product\/14192\/revisions\/14211"}],"wp:featuredmedia":[{"embeddable":true,"href":"https:\/\/baralivres.ma\/index.php?rest_route=\/wp\/v2\/media\/14210"}],"wp:attachment":[{"href":"https:\/\/baralivres.ma\/index.php?rest_route=%2Fwp%2Fv2%2Fmedia&parent=14192"}],"wp:term":[{"taxonomy":"product_cat","embeddable":true,"href":"https:\/\/baralivres.ma\/index.php?rest_route=%2Fwp%2Fv2%2Fproduct_cat&post=14192"},{"taxonomy":"product_tag","embeddable":true,"href":"https:\/\/baralivres.ma\/index.php?rest_route=%2Fwp%2Fv2%2Fproduct_tag&post=14192"}],"curies":[{"name":"wp","href":"https:\/\/api.w.org\/{rel}","templated":true}]}}