{"id":14177,"date":"2023-10-25T16:58:39","date_gmt":"2023-10-25T15:58:39","guid":{"rendered":"https:\/\/baralivres.ma\/?post_type=product&#038;p=14177"},"modified":"2024-11-28T16:27:02","modified_gmt":"2024-11-28T15:27:02","slug":"lile-des-esclaves","status":"publish","type":"product","link":"https:\/\/baralivres.ma\/?product=lile-des-esclaves","title":{"rendered":"L&rsquo;\u00eele des esclaves"},"content":{"rendered":"<p>Jet\u00e9s sur une \u00eele grecque apr\u00e8s un naufrage, deux couples de ma\u00eetres et serviteurs sont confront\u00e9s \u00e0 une tradition singuli\u00e8re : \u00e9changer r\u00f4les et statuts pour exp\u00e9rimenter l&rsquo;injustice. Dans cette r\u00e9publique atypique, les valets ont trois ans pour transformer leurs patrons en \u00eatres plus raisonnables et humains. Marivaux, ma\u00eetre de l&rsquo;intrigue amoureuse, excelle \u00e9galement dans la com\u00e9die sociale et la fable utopique impr\u00e9visible.<\/p>\n","protected":false},"excerpt":{"rendered":"<p>Apr\u00e8s un naufrage en Gr\u00e8ce, deux couples ma\u00eetres-serviteurs \u00e9changent statuts et r\u00f4les dans une utopie sociale.<\/p>\n","protected":false},"featured_media":14178,"comment_status":"open","ping_status":"closed","template":"","meta":{"inline_featured_image":false},"product_cat":[4097,4096],"product_tag":[],"class_list":{"0":"post-14177","1":"product","2":"type-product","3":"status-publish","4":"has-post-thumbnail","6":"product_cat-francais-les_romans_classique","7":"product_cat-les_romans_classique","8":"pa_auteurs-marivaux","10":"first","11":"instock","12":"shipping-taxable","13":"purchasable","14":"product-type-simple"},"_links":{"self":[{"href":"https:\/\/baralivres.ma\/index.php?rest_route=\/wp\/v2\/product\/14177","targetHints":{"allow":["GET"]}}],"collection":[{"href":"https:\/\/baralivres.ma\/index.php?rest_route=\/wp\/v2\/product"}],"about":[{"href":"https:\/\/baralivres.ma\/index.php?rest_route=\/wp\/v2\/types\/product"}],"replies":[{"embeddable":true,"href":"https:\/\/baralivres.ma\/index.php?rest_route=%2Fwp%2Fv2%2Fcomments&post=14177"}],"version-history":[{"count":1,"href":"https:\/\/baralivres.ma\/index.php?rest_route=\/wp\/v2\/product\/14177\/revisions"}],"predecessor-version":[{"id":14179,"href":"https:\/\/baralivres.ma\/index.php?rest_route=\/wp\/v2\/product\/14177\/revisions\/14179"}],"wp:featuredmedia":[{"embeddable":true,"href":"https:\/\/baralivres.ma\/index.php?rest_route=\/wp\/v2\/media\/14178"}],"wp:attachment":[{"href":"https:\/\/baralivres.ma\/index.php?rest_route=%2Fwp%2Fv2%2Fmedia&parent=14177"}],"wp:term":[{"taxonomy":"product_cat","embeddable":true,"href":"https:\/\/baralivres.ma\/index.php?rest_route=%2Fwp%2Fv2%2Fproduct_cat&post=14177"},{"taxonomy":"product_tag","embeddable":true,"href":"https:\/\/baralivres.ma\/index.php?rest_route=%2Fwp%2Fv2%2Fproduct_tag&post=14177"}],"curies":[{"name":"wp","href":"https:\/\/api.w.org\/{rel}","templated":true}]}}