{"id":14115,"date":"2023-10-25T15:53:49","date_gmt":"2023-10-25T14:53:49","guid":{"rendered":"https:\/\/baralivres.ma\/?post_type=product&#038;p=14115"},"modified":"2023-10-25T15:53:50","modified_gmt":"2023-10-25T14:53:50","slug":"le-bazar-du-zebre-a-pois","status":"publish","type":"product","link":"https:\/\/baralivres.ma\/?product=le-bazar-du-zebre-a-pois","title":{"rendered":"Le Bazar du z\u00e8bre \u00e0 pois"},"content":{"rendered":"<p>Basile, un inventeur au g\u00e9nie excentrique, vient de inaugurer une boutique qui se distingue de toutes les autres : Le Bazar du z\u00e8bre \u00e0 pois. C&rsquo;est un \u00e9tablissement rempli d&rsquo;objets provocateurs, un espace o\u00f9 l&rsquo;on peut vivre et r\u00eaver, abritant des cr\u00e9ations \u00e0 la fois humoristiques et po\u00e9tiques qui perturbent les habitants de la petite ville conventionnelle o\u00f9 Basile a grandi.<\/p>\n<p>Un soir, le carillon de la porte d&rsquo;entr\u00e9e retentit, et un grand adolescent du nom d&rsquo;Arthur fait son apparition. Il exprime publiquement ses col\u00e8res \u00e0 travers l&rsquo;art urbain, se sentant en conflit avec un syst\u00e8me qui semble ne pas lui offrir d&rsquo;opportunit\u00e9s. Cela chagrine profond\u00e9ment sa m\u00e8re, Giulia, qui poss\u00e8de un nez exceptionnel, mais se trouve d\u00e9sabus\u00e9e d&rsquo;\u00eatre cantonn\u00e9e \u00e0 la cr\u00e9ation de d\u00e9odorants.<\/p>\n<p>Lorsque ces trois personnes se croisent, c&rsquo;est comme si des \u00e9tincelles jaillissaient. La rencontre entre Basile, Arthur et Giulia est une v\u00e9ritable fusion d&rsquo;\u00e9nergies.<\/p>\n","protected":false},"excerpt":{"rendered":"<p>Basile, Arthur, et Giulia, r\u00e9unis par la cr\u00e9ativit\u00e9, d\u00e9clenchent un m\u00e9lange explosif d&rsquo;art et de passion.<\/p>\n","protected":false},"featured_media":14122,"comment_status":"open","ping_status":"closed","template":"","meta":{"inline_featured_image":false},"product_cat":[204,143,178],"product_tag":[],"class_list":{"0":"post-14115","1":"product","2":"type-product","3":"status-publish","4":"has-post-thumbnail","6":"product_cat-francais","7":"product_cat-roman","8":"product_cat-contemporain","9":"pa_auteurs-raphaelle-giordano","11":"first","12":"instock","13":"shipping-taxable","14":"purchasable","15":"product-type-simple"},"_links":{"self":[{"href":"https:\/\/baralivres.ma\/index.php?rest_route=\/wp\/v2\/product\/14115","targetHints":{"allow":["GET"]}}],"collection":[{"href":"https:\/\/baralivres.ma\/index.php?rest_route=\/wp\/v2\/product"}],"about":[{"href":"https:\/\/baralivres.ma\/index.php?rest_route=\/wp\/v2\/types\/product"}],"replies":[{"embeddable":true,"href":"https:\/\/baralivres.ma\/index.php?rest_route=%2Fwp%2Fv2%2Fcomments&post=14115"}],"version-history":[{"count":1,"href":"https:\/\/baralivres.ma\/index.php?rest_route=\/wp\/v2\/product\/14115\/revisions"}],"predecessor-version":[{"id":14123,"href":"https:\/\/baralivres.ma\/index.php?rest_route=\/wp\/v2\/product\/14115\/revisions\/14123"}],"wp:featuredmedia":[{"embeddable":true,"href":"https:\/\/baralivres.ma\/index.php?rest_route=\/wp\/v2\/media\/14122"}],"wp:attachment":[{"href":"https:\/\/baralivres.ma\/index.php?rest_route=%2Fwp%2Fv2%2Fmedia&parent=14115"}],"wp:term":[{"taxonomy":"product_cat","embeddable":true,"href":"https:\/\/baralivres.ma\/index.php?rest_route=%2Fwp%2Fv2%2Fproduct_cat&post=14115"},{"taxonomy":"product_tag","embeddable":true,"href":"https:\/\/baralivres.ma\/index.php?rest_route=%2Fwp%2Fv2%2Fproduct_tag&post=14115"}],"curies":[{"name":"wp","href":"https:\/\/api.w.org\/{rel}","templated":true}]}}