{"id":14018,"date":"2023-10-25T12:54:59","date_gmt":"2023-10-25T11:54:59","guid":{"rendered":"https:\/\/baralivres.ma\/?post_type=product&#038;p=14018"},"modified":"2023-10-25T12:54:59","modified_gmt":"2023-10-25T11:54:59","slug":"lidealiste","status":"publish","type":"product","link":"https:\/\/baralivres.ma\/?product=lidealiste","title":{"rendered":"L&rsquo;id\u00e9aliste"},"content":{"rendered":"<p>Aux \u00c9tats-Unis, les \u00e9coles de droit abritent des individus exceptionnels, et Rudy Baylor est l&rsquo;un d&rsquo;entre eux. Malgr\u00e9 sa brillante carri\u00e8re d&rsquo;\u00e9tudiant, son humble origine le place en marge de la soci\u00e9t\u00e9, l&rsquo;obligeant \u00e0 occuper des emplois pr\u00e9caires.<\/p>\n<p>Cependant, c&rsquo;est lui qui, d\u00e8s qu&rsquo;il obtient son dipl\u00f4me, va d\u00e9clencher un proc\u00e8s retentissant qui fera \u00e9clater un scandale impliquant l&rsquo;une des plus grandes compagnies d&rsquo;assurances. \u00c0 travers une description sans concession de la r\u00e9alit\u00e9 am\u00e9ricaine contemporaine, John Grisham nous emm\u00e8ne une fois de plus dans une aventure palpitante au cours de laquelle Rudy doit lutter contre le cynisme implacable du syst\u00e8me.<\/p>\n","protected":false},"excerpt":{"rendered":"<p>Aux \u00c9tats-Unis, Rudy Baylor, \u00e9tudiant en droit d&rsquo;origine modeste, d\u00e9fie une grande compagnie d&rsquo;assurances. Intrigue captivante.<\/p>\n","protected":false},"featured_media":14021,"comment_status":"open","ping_status":"closed","template":"","meta":{"inline_featured_image":false},"product_cat":[204,143,187],"product_tag":[],"class_list":{"0":"post-14018","1":"product","2":"type-product","3":"status-publish","4":"has-post-thumbnail","6":"product_cat-francais","7":"product_cat-roman","8":"product_cat-thriller","9":"pa_auteurs-grisham-john","11":"first","12":"instock","13":"shipping-taxable","14":"purchasable","15":"product-type-simple"},"_links":{"self":[{"href":"https:\/\/baralivres.ma\/index.php?rest_route=\/wp\/v2\/product\/14018","targetHints":{"allow":["GET"]}}],"collection":[{"href":"https:\/\/baralivres.ma\/index.php?rest_route=\/wp\/v2\/product"}],"about":[{"href":"https:\/\/baralivres.ma\/index.php?rest_route=\/wp\/v2\/types\/product"}],"replies":[{"embeddable":true,"href":"https:\/\/baralivres.ma\/index.php?rest_route=%2Fwp%2Fv2%2Fcomments&post=14018"}],"version-history":[{"count":1,"href":"https:\/\/baralivres.ma\/index.php?rest_route=\/wp\/v2\/product\/14018\/revisions"}],"predecessor-version":[{"id":14022,"href":"https:\/\/baralivres.ma\/index.php?rest_route=\/wp\/v2\/product\/14018\/revisions\/14022"}],"wp:featuredmedia":[{"embeddable":true,"href":"https:\/\/baralivres.ma\/index.php?rest_route=\/wp\/v2\/media\/14021"}],"wp:attachment":[{"href":"https:\/\/baralivres.ma\/index.php?rest_route=%2Fwp%2Fv2%2Fmedia&parent=14018"}],"wp:term":[{"taxonomy":"product_cat","embeddable":true,"href":"https:\/\/baralivres.ma\/index.php?rest_route=%2Fwp%2Fv2%2Fproduct_cat&post=14018"},{"taxonomy":"product_tag","embeddable":true,"href":"https:\/\/baralivres.ma\/index.php?rest_route=%2Fwp%2Fv2%2Fproduct_tag&post=14018"}],"curies":[{"name":"wp","href":"https:\/\/api.w.org\/{rel}","templated":true}]}}