{"id":13998,"date":"2023-10-25T12:45:31","date_gmt":"2023-10-25T11:45:31","guid":{"rendered":"https:\/\/baralivres.ma\/?post_type=product&#038;p=13998"},"modified":"2023-10-25T12:45:31","modified_gmt":"2023-10-25T11:45:31","slug":"la-firme","status":"publish","type":"product","link":"https:\/\/baralivres.ma\/?product=la-firme","title":{"rendered":"La Firme"},"content":{"rendered":"<p>Avec son attach\u00e9-case en main, un jeune homme du nom de Mitch McDeere s&rsquo;\u00e9lance pr\u00e9cipitamment dans les rues de Memphis. Il \u00e9tait le troisi\u00e8me de sa promotion en droit \u00e0 Harvard, et son choix de rejoindre le discret cabinet Bendini, Lambert &amp; Locke a pris tout le monde par surprise. Les arguments de ce cabinet confidentiel de Memphis ont \u00e9t\u00e9 si convaincants qu&rsquo;ils ont r\u00e9ussi \u00e0 obtenir sa collaboration.<\/p>\n<p>Cependant, la question qui se pose est la suivante : vers quel contrat extraordinaire notre juriste talentueux se pr\u00e9cipite-t-il au point d&rsquo;ignorer les normes professionnelles habituelles ? La r\u00e9ponse \u00e0 cette question r\u00e9side dans une raison tr\u00e8s valable : Mitch court pour sauver sa vie.<\/p>\n","protected":false},"excerpt":{"rendered":"<p>Un brillant juriste, Mitch McDeere, court pour sauver sa vie apr\u00e8s avoir rejoint un myst\u00e9rieux cabinet juridique.<\/p>\n","protected":false},"featured_media":14001,"comment_status":"open","ping_status":"closed","template":"","meta":{"inline_featured_image":false},"product_cat":[204,143,187],"product_tag":[],"class_list":{"0":"post-13998","1":"product","2":"type-product","3":"status-publish","4":"has-post-thumbnail","6":"product_cat-francais","7":"product_cat-roman","8":"product_cat-thriller","9":"pa_auteurs-grisham-john","11":"first","12":"instock","13":"shipping-taxable","14":"purchasable","15":"product-type-simple"},"_links":{"self":[{"href":"https:\/\/baralivres.ma\/index.php?rest_route=\/wp\/v2\/product\/13998","targetHints":{"allow":["GET"]}}],"collection":[{"href":"https:\/\/baralivres.ma\/index.php?rest_route=\/wp\/v2\/product"}],"about":[{"href":"https:\/\/baralivres.ma\/index.php?rest_route=\/wp\/v2\/types\/product"}],"replies":[{"embeddable":true,"href":"https:\/\/baralivres.ma\/index.php?rest_route=%2Fwp%2Fv2%2Fcomments&post=13998"}],"version-history":[{"count":1,"href":"https:\/\/baralivres.ma\/index.php?rest_route=\/wp\/v2\/product\/13998\/revisions"}],"predecessor-version":[{"id":14005,"href":"https:\/\/baralivres.ma\/index.php?rest_route=\/wp\/v2\/product\/13998\/revisions\/14005"}],"wp:featuredmedia":[{"embeddable":true,"href":"https:\/\/baralivres.ma\/index.php?rest_route=\/wp\/v2\/media\/14001"}],"wp:attachment":[{"href":"https:\/\/baralivres.ma\/index.php?rest_route=%2Fwp%2Fv2%2Fmedia&parent=13998"}],"wp:term":[{"taxonomy":"product_cat","embeddable":true,"href":"https:\/\/baralivres.ma\/index.php?rest_route=%2Fwp%2Fv2%2Fproduct_cat&post=13998"},{"taxonomy":"product_tag","embeddable":true,"href":"https:\/\/baralivres.ma\/index.php?rest_route=%2Fwp%2Fv2%2Fproduct_tag&post=13998"}],"curies":[{"name":"wp","href":"https:\/\/api.w.org\/{rel}","templated":true}]}}