{"id":13994,"date":"2023-10-25T12:43:21","date_gmt":"2023-10-25T11:43:21","guid":{"rendered":"https:\/\/baralivres.ma\/?post_type=product&#038;p=13994"},"modified":"2023-10-25T12:43:22","modified_gmt":"2023-10-25T11:43:22","slug":"le-maitre-du-jeu","status":"publish","type":"product","link":"https:\/\/baralivres.ma\/?product=le-maitre-du-jeu","title":{"rendered":"Le Ma\u00eetre du jeu"},"content":{"rendered":"<p>C\u00e9leste Wood, la veuve d&rsquo;un ancien fumeur d\u00e9c\u00e9d\u00e9 d&rsquo;un cancer du larynx, engage une action en justice contre les grandes entreprises de tabac am\u00e9ricaines. Du c\u00f4t\u00e9 de la plaignante, un avocat exp\u00e9riment\u00e9 et tr\u00e8s talentueux ; du c\u00f4t\u00e9 de la d\u00e9fense, une \u00e9quipe de sp\u00e9cialistes hautement qualifi\u00e9s dirig\u00e9e discr\u00e8tement par un individu d\u00e9termin\u00e9. Les chances de la plaignante semblent minces, mais un \u00e9l\u00e9ment impr\u00e9vu perturbe le d\u00e9roulement de l&rsquo;affaire : il s&rsquo;agit de Nicholas Easter, surnomm\u00e9 le \u00ab\u00a0ma\u00eetre du jeu\u00a0\u00bb.<\/p>\n","protected":false},"excerpt":{"rendered":"<p>C\u00e9leste Wood poursuit les g\u00e9ants du tabac ; avocat comp\u00e9tent contre \u00e9quipe de d\u00e9fense dirig\u00e9e par Nicholas Easter.<\/p>\n","protected":false},"featured_media":13996,"comment_status":"open","ping_status":"closed","template":"","meta":{"inline_featured_image":false},"product_cat":[204,143,187],"product_tag":[],"class_list":{"0":"post-13994","1":"product","2":"type-product","3":"status-publish","4":"has-post-thumbnail","6":"product_cat-francais","7":"product_cat-roman","8":"product_cat-thriller","9":"pa_auteurs-grisham-john","11":"first","12":"instock","13":"shipping-taxable","14":"purchasable","15":"product-type-simple"},"_links":{"self":[{"href":"https:\/\/baralivres.ma\/index.php?rest_route=\/wp\/v2\/product\/13994","targetHints":{"allow":["GET"]}}],"collection":[{"href":"https:\/\/baralivres.ma\/index.php?rest_route=\/wp\/v2\/product"}],"about":[{"href":"https:\/\/baralivres.ma\/index.php?rest_route=\/wp\/v2\/types\/product"}],"replies":[{"embeddable":true,"href":"https:\/\/baralivres.ma\/index.php?rest_route=%2Fwp%2Fv2%2Fcomments&post=13994"}],"version-history":[{"count":1,"href":"https:\/\/baralivres.ma\/index.php?rest_route=\/wp\/v2\/product\/13994\/revisions"}],"predecessor-version":[{"id":13997,"href":"https:\/\/baralivres.ma\/index.php?rest_route=\/wp\/v2\/product\/13994\/revisions\/13997"}],"wp:featuredmedia":[{"embeddable":true,"href":"https:\/\/baralivres.ma\/index.php?rest_route=\/wp\/v2\/media\/13996"}],"wp:attachment":[{"href":"https:\/\/baralivres.ma\/index.php?rest_route=%2Fwp%2Fv2%2Fmedia&parent=13994"}],"wp:term":[{"taxonomy":"product_cat","embeddable":true,"href":"https:\/\/baralivres.ma\/index.php?rest_route=%2Fwp%2Fv2%2Fproduct_cat&post=13994"},{"taxonomy":"product_tag","embeddable":true,"href":"https:\/\/baralivres.ma\/index.php?rest_route=%2Fwp%2Fv2%2Fproduct_tag&post=13994"}],"curies":[{"name":"wp","href":"https:\/\/api.w.org\/{rel}","templated":true}]}}