{"id":13983,"date":"2023-10-25T12:44:14","date_gmt":"2023-10-25T11:44:14","guid":{"rendered":"https:\/\/baralivres.ma\/?post_type=product&#038;p=13983"},"modified":"2024-11-28T15:36:54","modified_gmt":"2024-11-28T14:36:54","slug":"le-horla-et-autres-nouvelles-fantastiques","status":"publish","type":"product","link":"https:\/\/baralivres.ma\/?product=le-horla-et-autres-nouvelles-fantastiques","title":{"rendered":"Le Horla et autres nouvelles fantastiques"},"content":{"rendered":"<p>Invisible et mal\u00e9fique, la \u00ab\u00a0chose\u00a0\u00bb r\u00f4de autour de l&rsquo;homme, le plongeant dans la fi\u00e8vre, l&rsquo;insomnie et les cauchemars. Des ph\u00e9nom\u00e8nes \u00e9tranges se produisent : la disparition de l&rsquo;eau, des objets qui se brisent ou bougent d&rsquo;eux-m\u00eames. L&rsquo;angoisse se transforme en peur, puis en \u00e9pouvante, lorsque l&rsquo;homme r\u00e9alise que cet Autre, le \u00ab\u00a0Horla\u00a0\u00bb, l&rsquo;obs\u00e8de et semble devenir une partie de lui-m\u00eame. Il est d\u00e9termin\u00e9 \u00e0 le tuer.<\/p>\n<p>Maupassant explore le th\u00e8me de la folie de mani\u00e8re inqui\u00e9tante dans Le Horla, mais cette \u0153uvre demeure l&rsquo;\u0153uvre d&rsquo;un artiste au sommet de son art, l&rsquo;une des plus troublantes de la litt\u00e9rature fantastique.<\/p>\n","protected":false},"excerpt":{"rendered":"<div class=\"group final-completion w-full text-token-text-primary border-b border-black\/10 gizmo:border-0 dark:border-gray-900\/50 gizmo:dark:border-0 bg-gray-50 gizmo:bg-transparent dark:bg-[#444654] gizmo:dark:bg-transparent\" data-testid=\"conversation-turn-73\">\n<div class=\"p-4 gizmo:py-2 justify-center text-base md:gap-6 md:py-6 m-auto\">\n<div class=\"flex flex-1 gap-4 text-base mx-auto md:gap-6 gizmo:gap-3 gizmo:md:px-5 gizmo:lg:px-1 gizmo:xl:px-5 md:max-w-2xl lg:max-w-[38rem] gizmo:md:max-w-3xl gizmo:lg:max-w-[40rem] gizmo:xl:max-w-[48rem] xl:max-w-3xl }\">\n<div class=\"relative flex w-[calc(100%-50px)] flex-col gizmo:w-full lg:w-[calc(100%-115px)] agent-turn\">\n<div class=\"flex-col gap-1 md:gap-3\">\n<div class=\"flex flex-grow flex-col gap-3 max-w-full\">\n<div class=\"min-h-[20px] flex flex-col items-start gap-3 whitespace-pre-wrap break-words overflow-x-auto\">\n<div class=\"markdown prose w-full break-words dark:prose-invert light\">\n<p>Le \u00ab\u00a0Horla\u00a0\u00bb mal\u00e9fique tourmente un homme, provoquant folie et terreur dans cette \u0153uvre fascinante de Maupassant.<\/p>\n<\/div>\n<\/div>\n<\/div>\n<div class=\"flex justify-between empty:hidden gizmo:justify-start gizmo:gap-3 lg:block gizmo:lg:flex\">\n<div class=\"text-gray-400 flex self-end lg:self-center justify-center gizmo:lg:justify-start mt-2 gizmo:mt-0 visible lg:gap-1 lg:absolute lg:top-0 lg:translate-x-full lg:right-0 lg:mt-0 lg:pl-2 gap-2 md:gap-3\">\n<p>&nbsp;<\/p>\n<div class=\"flex gap-1 gizmo:gap-3\"><\/div>\n<\/div>\n<\/div>\n<\/div>\n<\/div>\n<\/div>\n<\/div>\n<\/div>\n","protected":false},"featured_media":13999,"comment_status":"open","ping_status":"closed","template":"","meta":{"inline_featured_image":false},"product_cat":[4097,4096],"product_tag":[],"class_list":{"0":"post-13983","1":"product","2":"type-product","3":"status-publish","4":"has-post-thumbnail","6":"product_cat-francais-les_romans_classique","7":"product_cat-les_romans_classique","8":"pa_auteurs-maupassant-guy-de","10":"first","11":"instock","12":"shipping-taxable","13":"purchasable","14":"product-type-simple"},"_links":{"self":[{"href":"https:\/\/baralivres.ma\/index.php?rest_route=\/wp\/v2\/product\/13983","targetHints":{"allow":["GET"]}}],"collection":[{"href":"https:\/\/baralivres.ma\/index.php?rest_route=\/wp\/v2\/product"}],"about":[{"href":"https:\/\/baralivres.ma\/index.php?rest_route=\/wp\/v2\/types\/product"}],"replies":[{"embeddable":true,"href":"https:\/\/baralivres.ma\/index.php?rest_route=%2Fwp%2Fv2%2Fcomments&post=13983"}],"version-history":[{"count":2,"href":"https:\/\/baralivres.ma\/index.php?rest_route=\/wp\/v2\/product\/13983\/revisions"}],"predecessor-version":[{"id":14010,"href":"https:\/\/baralivres.ma\/index.php?rest_route=\/wp\/v2\/product\/13983\/revisions\/14010"}],"wp:featuredmedia":[{"embeddable":true,"href":"https:\/\/baralivres.ma\/index.php?rest_route=\/wp\/v2\/media\/13999"}],"wp:attachment":[{"href":"https:\/\/baralivres.ma\/index.php?rest_route=%2Fwp%2Fv2%2Fmedia&parent=13983"}],"wp:term":[{"taxonomy":"product_cat","embeddable":true,"href":"https:\/\/baralivres.ma\/index.php?rest_route=%2Fwp%2Fv2%2Fproduct_cat&post=13983"},{"taxonomy":"product_tag","embeddable":true,"href":"https:\/\/baralivres.ma\/index.php?rest_route=%2Fwp%2Fv2%2Fproduct_tag&post=13983"}],"curies":[{"name":"wp","href":"https:\/\/api.w.org\/{rel}","templated":true}]}}