{"id":13979,"date":"2023-10-25T12:38:32","date_gmt":"2023-10-25T11:38:32","guid":{"rendered":"https:\/\/baralivres.ma\/?post_type=product&#038;p=13979"},"modified":"2023-10-25T12:38:33","modified_gmt":"2023-10-25T11:38:33","slug":"laccuse","status":"publish","type":"product","link":"https:\/\/baralivres.ma\/?product=laccuse","title":{"rendered":"L&rsquo;Accus\u00e9"},"content":{"rendered":"<p>Ce matin de d\u00e9cembre, la jeune Debbie Carter est d\u00e9couverte \u00e9trangl\u00e9e et agress\u00e9e sexuellement, \u00e9tendue au pied de son lit. Cette nouvelle jette la petite ville d&rsquo;Ada, au c\u0153ur de l&rsquo;Oklahoma, dans un \u00e9tat de choc. Rapidement, une agitation se propage parmi les forces de police. Pourquoi n&rsquo;ont-elles pas soup\u00e7onn\u00e9 Glen Gore, la derni\u00e8re personne \u00e0 avoir vu la victime en vie ? Et comment justifier de prendre sa seule version au s\u00e9rieux ? Ron Williamson sera victime de ces graves erreurs. Son profil le d\u00e9signe comme le coupable parfait : une ancienne star du baseball local, un alcoolique notoire, un s\u00e9ducteur compulsif et un d\u00e9pressif chronique. Pourtant, les preuves contre lui sont minces&#8230;<\/p>\n","protected":false},"excerpt":{"rendered":"<p>Debbie Carter est retrouv\u00e9e morte \u00e0 Ada, et Ron Williamson est injustement accus\u00e9 malgr\u00e9 des preuves minces.<\/p>\n","protected":false},"featured_media":13982,"comment_status":"open","ping_status":"closed","template":"","meta":{"inline_featured_image":false},"product_cat":[204,143,187],"product_tag":[],"class_list":{"0":"post-13979","1":"product","2":"type-product","3":"status-publish","4":"has-post-thumbnail","6":"product_cat-francais","7":"product_cat-roman","8":"product_cat-thriller","9":"pa_auteurs-grisham-john","11":"first","12":"instock","13":"shipping-taxable","14":"purchasable","15":"product-type-simple"},"_links":{"self":[{"href":"https:\/\/baralivres.ma\/index.php?rest_route=\/wp\/v2\/product\/13979","targetHints":{"allow":["GET"]}}],"collection":[{"href":"https:\/\/baralivres.ma\/index.php?rest_route=\/wp\/v2\/product"}],"about":[{"href":"https:\/\/baralivres.ma\/index.php?rest_route=\/wp\/v2\/types\/product"}],"replies":[{"embeddable":true,"href":"https:\/\/baralivres.ma\/index.php?rest_route=%2Fwp%2Fv2%2Fcomments&post=13979"}],"version-history":[{"count":2,"href":"https:\/\/baralivres.ma\/index.php?rest_route=\/wp\/v2\/product\/13979\/revisions"}],"predecessor-version":[{"id":13985,"href":"https:\/\/baralivres.ma\/index.php?rest_route=\/wp\/v2\/product\/13979\/revisions\/13985"}],"wp:featuredmedia":[{"embeddable":true,"href":"https:\/\/baralivres.ma\/index.php?rest_route=\/wp\/v2\/media\/13982"}],"wp:attachment":[{"href":"https:\/\/baralivres.ma\/index.php?rest_route=%2Fwp%2Fv2%2Fmedia&parent=13979"}],"wp:term":[{"taxonomy":"product_cat","embeddable":true,"href":"https:\/\/baralivres.ma\/index.php?rest_route=%2Fwp%2Fv2%2Fproduct_cat&post=13979"},{"taxonomy":"product_tag","embeddable":true,"href":"https:\/\/baralivres.ma\/index.php?rest_route=%2Fwp%2Fv2%2Fproduct_tag&post=13979"}],"curies":[{"name":"wp","href":"https:\/\/api.w.org\/{rel}","templated":true}]}}