{"id":13966,"date":"2023-10-25T12:37:26","date_gmt":"2023-10-25T11:37:26","guid":{"rendered":"https:\/\/baralivres.ma\/?post_type=product&#038;p=13966"},"modified":"2024-11-28T15:37:36","modified_gmt":"2024-11-28T14:37:36","slug":"lillusion-comique","status":"publish","type":"product","link":"https:\/\/baralivres.ma\/?product=lillusion-comique","title":{"rendered":"L&rsquo;Illusion comique"},"content":{"rendered":"<p>L&rsquo;action se d\u00e9roule en Touraine, dans la grotte du magicien Alcandre, o\u00f9 un p\u00e8re consulte le destin de son fils disparu. La grotte se transforme en un th\u00e9\u00e2tre o\u00f9 le jeune homme appara\u00eet en tant que serviteur rus\u00e9 du capitaine Matamore. Cette pi\u00e8ce, une fantaisie extraordinairement originale de Corneille, m\u00eale r\u00e9flexions et jeux de miroir. Corneille lui-m\u00eame l&rsquo;a d\u00e9crite comme un \u00ab\u00a0\u00e9trange monstre\u00a0\u00bb et une \u00ab\u00a0extravagante galanterie\u00a0\u00bb.<\/p>\n<p>Apr\u00e8s quelques com\u00e9dies \u00e0 succ\u00e8s, cet avocat rouennais a \u00e9crit son chef-d&rsquo;\u0153uvre baroque en 1636. Depuis lors, L&rsquo;Illusion comique r\u00e9sume en deux heures le myst\u00e8re et la magie du th\u00e9\u00e2tre, entre farce et drame, r\u00e9alit\u00e9 et f\u00e9erie. Elle r\u00e9v\u00e8le la m\u00e9canique \u00e9motionnelle du th\u00e9\u00e2tre dans une atmosph\u00e8re de r\u00eave et de po\u00e9sie \u00e9clatante.<\/p>\n","protected":false},"excerpt":{"rendered":"<p>L&rsquo;Illusion comique de Corneille, chef-d&rsquo;\u0153uvre baroque, explore la magie du th\u00e9\u00e2tre, m\u00ealant farce, drame et f\u00e9erie.<\/p>\n","protected":false},"featured_media":13980,"comment_status":"open","ping_status":"closed","template":"","meta":{"inline_featured_image":false},"product_cat":[4097,4096],"product_tag":[],"class_list":{"0":"post-13966","1":"product","2":"type-product","3":"status-publish","4":"has-post-thumbnail","6":"product_cat-francais-les_romans_classique","7":"product_cat-les_romans_classique","8":"pa_auteurs-corneille-pierre","10":"first","11":"instock","12":"shipping-taxable","13":"purchasable","14":"product-type-simple"},"_links":{"self":[{"href":"https:\/\/baralivres.ma\/index.php?rest_route=\/wp\/v2\/product\/13966","targetHints":{"allow":["GET"]}}],"collection":[{"href":"https:\/\/baralivres.ma\/index.php?rest_route=\/wp\/v2\/product"}],"about":[{"href":"https:\/\/baralivres.ma\/index.php?rest_route=\/wp\/v2\/types\/product"}],"replies":[{"embeddable":true,"href":"https:\/\/baralivres.ma\/index.php?rest_route=%2Fwp%2Fv2%2Fcomments&post=13966"}],"version-history":[{"count":1,"href":"https:\/\/baralivres.ma\/index.php?rest_route=\/wp\/v2\/product\/13966\/revisions"}],"predecessor-version":[{"id":13971,"href":"https:\/\/baralivres.ma\/index.php?rest_route=\/wp\/v2\/product\/13966\/revisions\/13971"}],"wp:featuredmedia":[{"embeddable":true,"href":"https:\/\/baralivres.ma\/index.php?rest_route=\/wp\/v2\/media\/13980"}],"wp:attachment":[{"href":"https:\/\/baralivres.ma\/index.php?rest_route=%2Fwp%2Fv2%2Fmedia&parent=13966"}],"wp:term":[{"taxonomy":"product_cat","embeddable":true,"href":"https:\/\/baralivres.ma\/index.php?rest_route=%2Fwp%2Fv2%2Fproduct_cat&post=13966"},{"taxonomy":"product_tag","embeddable":true,"href":"https:\/\/baralivres.ma\/index.php?rest_route=%2Fwp%2Fv2%2Fproduct_tag&post=13966"}],"curies":[{"name":"wp","href":"https:\/\/api.w.org\/{rel}","templated":true}]}}