{"id":13963,"date":"2023-10-25T12:32:33","date_gmt":"2023-10-25T11:32:33","guid":{"rendered":"https:\/\/baralivres.ma\/?post_type=product&#038;p=13963"},"modified":"2023-10-25T12:32:33","modified_gmt":"2023-10-25T11:32:33","slug":"juste-un-regard","status":"publish","type":"product","link":"https:\/\/baralivres.ma\/?product=juste-un-regard","title":{"rendered":"Juste un regard"},"content":{"rendered":"<p>Et si votre existence \u00e9tait en r\u00e9alit\u00e9 une \u00e9norme supercherie ? Imaginez que l&rsquo;homme que vous avez \u00e9pous\u00e9 il y a une d\u00e9cennie n&rsquo;\u00e9tait pas du tout celui que vous aviez cru conna\u00eetre. Et si tout ce que vous aviez construit s&rsquo;effondrait soudainement ?<\/p>\n<p>Pour Grace Lawson, un simple regard port\u00e9 sur une vieille photo datant de vingt ans a eu le pouvoir de tout bouleverser. Ses souvenirs, son mariage, ses amis : tout cela n&rsquo;\u00e9tait qu&rsquo;un r\u00e9seau complexe de tromperies et de faux-semblants.<\/p>\n","protected":false},"excerpt":{"rendered":"<p>Vie de Grace \u00e9branl\u00e9e par une photo ancienne, r\u00e9v\u00e9lant des d\u00e9cennies de mensonges dans son mariage et son entourage.<\/p>\n","protected":false},"featured_media":13968,"comment_status":"open","ping_status":"closed","template":"","meta":{"inline_featured_image":false},"product_cat":[204,143,187],"product_tag":[],"class_list":{"0":"post-13963","1":"product","2":"type-product","3":"status-publish","4":"has-post-thumbnail","6":"product_cat-francais","7":"product_cat-roman","8":"product_cat-thriller","10":"first","11":"instock","12":"shipping-taxable","13":"purchasable","14":"product-type-simple"},"_links":{"self":[{"href":"https:\/\/baralivres.ma\/index.php?rest_route=\/wp\/v2\/product\/13963","targetHints":{"allow":["GET"]}}],"collection":[{"href":"https:\/\/baralivres.ma\/index.php?rest_route=\/wp\/v2\/product"}],"about":[{"href":"https:\/\/baralivres.ma\/index.php?rest_route=\/wp\/v2\/types\/product"}],"replies":[{"embeddable":true,"href":"https:\/\/baralivres.ma\/index.php?rest_route=%2Fwp%2Fv2%2Fcomments&post=13963"}],"version-history":[{"count":1,"href":"https:\/\/baralivres.ma\/index.php?rest_route=\/wp\/v2\/product\/13963\/revisions"}],"predecessor-version":[{"id":13969,"href":"https:\/\/baralivres.ma\/index.php?rest_route=\/wp\/v2\/product\/13963\/revisions\/13969"}],"wp:featuredmedia":[{"embeddable":true,"href":"https:\/\/baralivres.ma\/index.php?rest_route=\/wp\/v2\/media\/13968"}],"wp:attachment":[{"href":"https:\/\/baralivres.ma\/index.php?rest_route=%2Fwp%2Fv2%2Fmedia&parent=13963"}],"wp:term":[{"taxonomy":"product_cat","embeddable":true,"href":"https:\/\/baralivres.ma\/index.php?rest_route=%2Fwp%2Fv2%2Fproduct_cat&post=13963"},{"taxonomy":"product_tag","embeddable":true,"href":"https:\/\/baralivres.ma\/index.php?rest_route=%2Fwp%2Fv2%2Fproduct_tag&post=13963"}],"curies":[{"name":"wp","href":"https:\/\/api.w.org\/{rel}","templated":true}]}}