{"id":13958,"date":"2023-10-25T12:30:16","date_gmt":"2023-10-25T11:30:16","guid":{"rendered":"https:\/\/baralivres.ma\/?post_type=product&#038;p=13958"},"modified":"2023-10-25T12:30:16","modified_gmt":"2023-10-25T11:30:16","slug":"les-fleurs-de-lorient","status":"publish","type":"product","link":"https:\/\/baralivres.ma\/?product=les-fleurs-de-lorient","title":{"rendered":"Les fleurs de l&rsquo;orient"},"content":{"rendered":"<p>Charlotte Lee se retrouve dans une situation complexe apr\u00e8s que trois d\u00e9c\u00e8s sont li\u00e9s aux produits d&rsquo;Harmony Biotech, dont elle est l&rsquo;h\u00e9riti\u00e8re. Un myst\u00e9rieux ma\u00eetre chanteur la harc\u00e8le, et elle doit mener sa propre enqu\u00eate pour d\u00e9couvrir le mobile de cette personne. Pour trouver des r\u00e9ponses, elle explore le pass\u00e9 de sa grand-m\u00e8re, qui a ramen\u00e9 de Chine des secrets li\u00e9s aux plantes et aux fleurs orientales.<\/p>\n","protected":false},"excerpt":{"rendered":"<p>Charlotte enqu\u00eate sur des d\u00e9c\u00e8s li\u00e9s \u00e0 Harmony Biotech tout en \u00e9tant harcel\u00e9e par un myst\u00e9rieux ma\u00eetre chanteur.<\/p>\n","protected":false},"featured_media":13964,"comment_status":"open","ping_status":"closed","template":"","meta":{"inline_featured_image":false},"product_cat":[204,143],"product_tag":[],"class_list":{"0":"post-13958","1":"product","2":"type-product","3":"status-publish","4":"has-post-thumbnail","6":"product_cat-francais","7":"product_cat-roman","8":"pa_auteurs-barbara-wood","10":"first","11":"instock","12":"shipping-taxable","13":"purchasable","14":"product-type-simple"},"_links":{"self":[{"href":"https:\/\/baralivres.ma\/index.php?rest_route=\/wp\/v2\/product\/13958","targetHints":{"allow":["GET"]}}],"collection":[{"href":"https:\/\/baralivres.ma\/index.php?rest_route=\/wp\/v2\/product"}],"about":[{"href":"https:\/\/baralivres.ma\/index.php?rest_route=\/wp\/v2\/types\/product"}],"replies":[{"embeddable":true,"href":"https:\/\/baralivres.ma\/index.php?rest_route=%2Fwp%2Fv2%2Fcomments&post=13958"}],"version-history":[{"count":1,"href":"https:\/\/baralivres.ma\/index.php?rest_route=\/wp\/v2\/product\/13958\/revisions"}],"predecessor-version":[{"id":13965,"href":"https:\/\/baralivres.ma\/index.php?rest_route=\/wp\/v2\/product\/13958\/revisions\/13965"}],"wp:featuredmedia":[{"embeddable":true,"href":"https:\/\/baralivres.ma\/index.php?rest_route=\/wp\/v2\/media\/13964"}],"wp:attachment":[{"href":"https:\/\/baralivres.ma\/index.php?rest_route=%2Fwp%2Fv2%2Fmedia&parent=13958"}],"wp:term":[{"taxonomy":"product_cat","embeddable":true,"href":"https:\/\/baralivres.ma\/index.php?rest_route=%2Fwp%2Fv2%2Fproduct_cat&post=13958"},{"taxonomy":"product_tag","embeddable":true,"href":"https:\/\/baralivres.ma\/index.php?rest_route=%2Fwp%2Fv2%2Fproduct_tag&post=13958"}],"curies":[{"name":"wp","href":"https:\/\/api.w.org\/{rel}","templated":true}]}}