{"id":13933,"date":"2023-10-25T12:20:11","date_gmt":"2023-10-25T11:20:11","guid":{"rendered":"https:\/\/baralivres.ma\/?post_type=product&#038;p=13933"},"modified":"2023-10-25T12:20:11","modified_gmt":"2023-10-25T11:20:11","slug":"linavouable-heritage","status":"publish","type":"product","link":"https:\/\/baralivres.ma\/?product=linavouable-heritage","title":{"rendered":"L&rsquo;Inavouable H\u00e9ritage"},"content":{"rendered":"<p>\u00c0 27 ans, Andrea, une Californienne, se rend en Angleterre pour \u00eatre aupr\u00e8s de son grand-p\u00e8re mourant. L\u00e0, elle d\u00e9couvre une famille inconnue et un mode de vie radicalement diff\u00e9rent du sien. Cependant, sa rencontre avec la maison familiale la perturbe profond\u00e9ment, car elle ressent une pr\u00e9sence inexpliqu\u00e9e. La demeure victorienne d\u00e9voile bient\u00f4t ses secrets, r\u00e9v\u00e9lant une passion tragique qui impr\u00e8gne encore ses murs ancestraux.<\/p>\n","protected":false},"excerpt":{"rendered":"<p>Andrea, Californienne, visite son grand-p\u00e8re en Angleterre, d\u00e9couvre une famille et une maison avec des secrets tragiques.<\/p>\n","protected":false},"featured_media":13942,"comment_status":"open","ping_status":"closed","template":"","meta":{"inline_featured_image":false},"product_cat":[204,143],"product_tag":[],"class_list":{"0":"post-13933","1":"product","2":"type-product","3":"status-publish","4":"has-post-thumbnail","6":"product_cat-francais","7":"product_cat-roman","8":"pa_auteurs-barbara-wood","10":"first","11":"instock","12":"shipping-taxable","13":"purchasable","14":"product-type-simple"},"_links":{"self":[{"href":"https:\/\/baralivres.ma\/index.php?rest_route=\/wp\/v2\/product\/13933","targetHints":{"allow":["GET"]}}],"collection":[{"href":"https:\/\/baralivres.ma\/index.php?rest_route=\/wp\/v2\/product"}],"about":[{"href":"https:\/\/baralivres.ma\/index.php?rest_route=\/wp\/v2\/types\/product"}],"replies":[{"embeddable":true,"href":"https:\/\/baralivres.ma\/index.php?rest_route=%2Fwp%2Fv2%2Fcomments&post=13933"}],"version-history":[{"count":1,"href":"https:\/\/baralivres.ma\/index.php?rest_route=\/wp\/v2\/product\/13933\/revisions"}],"predecessor-version":[{"id":13943,"href":"https:\/\/baralivres.ma\/index.php?rest_route=\/wp\/v2\/product\/13933\/revisions\/13943"}],"wp:featuredmedia":[{"embeddable":true,"href":"https:\/\/baralivres.ma\/index.php?rest_route=\/wp\/v2\/media\/13942"}],"wp:attachment":[{"href":"https:\/\/baralivres.ma\/index.php?rest_route=%2Fwp%2Fv2%2Fmedia&parent=13933"}],"wp:term":[{"taxonomy":"product_cat","embeddable":true,"href":"https:\/\/baralivres.ma\/index.php?rest_route=%2Fwp%2Fv2%2Fproduct_cat&post=13933"},{"taxonomy":"product_tag","embeddable":true,"href":"https:\/\/baralivres.ma\/index.php?rest_route=%2Fwp%2Fv2%2Fproduct_tag&post=13933"}],"curies":[{"name":"wp","href":"https:\/\/api.w.org\/{rel}","templated":true}]}}