{"id":13854,"date":"2023-10-25T11:14:11","date_gmt":"2023-10-25T10:14:11","guid":{"rendered":"https:\/\/baralivres.ma\/?post_type=product&#038;p=13854"},"modified":"2023-10-25T11:14:12","modified_gmt":"2023-10-25T10:14:12","slug":"dans-les-bois","status":"publish","type":"product","link":"https:\/\/baralivres.ma\/?product=dans-les-bois","title":{"rendered":"Dans les bois"},"content":{"rendered":"<p>Un jeune procureur, charg\u00e9 d&rsquo;enqu\u00eater sur un cas de viol, se trouve plong\u00e9 dans les souvenirs d&rsquo;un drame qui a boulevers\u00e9 sa vie deux d\u00e9cennies plus t\u00f4t.<\/p>\n<p>Paul Copeland a pass\u00e9 vingt ans \u00e0 accepter que sa s\u0153ur, ainsi que trois autres adolescents ce soir-l\u00e0, aient \u00e9t\u00e9 tragiquement assassin\u00e9s au camp de vacances du lac Charmaine. Bien que seuls deux corps aient \u00e9t\u00e9 retrouv\u00e9s dans les bois, l&rsquo;espoir de revoir Camille en vie s&rsquo;est estomp\u00e9 avec le temps.<\/p>\n<p>Aujourd&rsquo;hui, Paul se tient \u00e0 la morgue, et son pass\u00e9 lui revient en m\u00e9moire avec force. Devant lui se trouve un espoir insens\u00e9 : le corps d&rsquo;un homme, l&rsquo;adolescent disparu il y a bien des ann\u00e9es.<\/p>\n","protected":false},"excerpt":{"rendered":"<p>Un procureur enqu\u00eate sur un viol, ressuscitant les souvenirs d&rsquo;un drame personnel v\u00e9cu vingt ans auparavant.<\/p>\n","protected":false},"featured_media":13857,"comment_status":"open","ping_status":"closed","template":"","meta":{"inline_featured_image":false},"product_cat":[204,187],"product_tag":[],"class_list":{"0":"post-13854","1":"product","2":"type-product","3":"status-publish","4":"has-post-thumbnail","6":"product_cat-francais","7":"product_cat-thriller","8":"pa_auteurs-harlan-coben","10":"first","11":"instock","12":"shipping-taxable","13":"purchasable","14":"product-type-simple"},"_links":{"self":[{"href":"https:\/\/baralivres.ma\/index.php?rest_route=\/wp\/v2\/product\/13854","targetHints":{"allow":["GET"]}}],"collection":[{"href":"https:\/\/baralivres.ma\/index.php?rest_route=\/wp\/v2\/product"}],"about":[{"href":"https:\/\/baralivres.ma\/index.php?rest_route=\/wp\/v2\/types\/product"}],"replies":[{"embeddable":true,"href":"https:\/\/baralivres.ma\/index.php?rest_route=%2Fwp%2Fv2%2Fcomments&post=13854"}],"version-history":[{"count":1,"href":"https:\/\/baralivres.ma\/index.php?rest_route=\/wp\/v2\/product\/13854\/revisions"}],"predecessor-version":[{"id":13859,"href":"https:\/\/baralivres.ma\/index.php?rest_route=\/wp\/v2\/product\/13854\/revisions\/13859"}],"wp:featuredmedia":[{"embeddable":true,"href":"https:\/\/baralivres.ma\/index.php?rest_route=\/wp\/v2\/media\/13857"}],"wp:attachment":[{"href":"https:\/\/baralivres.ma\/index.php?rest_route=%2Fwp%2Fv2%2Fmedia&parent=13854"}],"wp:term":[{"taxonomy":"product_cat","embeddable":true,"href":"https:\/\/baralivres.ma\/index.php?rest_route=%2Fwp%2Fv2%2Fproduct_cat&post=13854"},{"taxonomy":"product_tag","embeddable":true,"href":"https:\/\/baralivres.ma\/index.php?rest_route=%2Fwp%2Fv2%2Fproduct_tag&post=13854"}],"curies":[{"name":"wp","href":"https:\/\/api.w.org\/{rel}","templated":true}]}}