{"id":13814,"date":"2023-10-25T09:42:08","date_gmt":"2023-10-25T08:42:08","guid":{"rendered":"https:\/\/baralivres.ma\/?post_type=product&#038;p=13814"},"modified":"2023-10-25T09:42:08","modified_gmt":"2023-10-25T08:42:08","slug":"la-chambre-des-officiers","status":"publish","type":"product","link":"https:\/\/baralivres.ma\/?product=la-chambre-des-officiers","title":{"rendered":"La chambre des officiers"},"content":{"rendered":"<p>En 1914, Adrien, un ing\u00e9nieur officier, voit sa vie boulevers\u00e9e par la guerre lorsque son visage est d\u00e9figur\u00e9 par un \u00e9clat d&rsquo;obus, le transformant en \u00ab\u00a0gueule cass\u00e9e\u00a0\u00bb. \u00c9pargn\u00e9 des tranch\u00e9es, il passe cinq ans au Val-de-Gr\u00e2ce, o\u00f9 il m\u00e9dite sur l&rsquo;avenir et sur Cl\u00e9mence, qui l&rsquo;a connu avant sa d\u00e9figuration. Ce roman de Marc Dugain, sobre et touchant, r\u00e9v\u00e8le la profonde humanit\u00e9 d&rsquo;Adrien \u00e0 travers son nouveau visage.<\/p>\n","protected":false},"excerpt":{"rendered":"<p>Un ing\u00e9nieur officier, Adrien, est d\u00e9figur\u00e9 pendant la Premi\u00e8re Guerre mondiale, devenant une \u00ab\u00a0gueule cass\u00e9e,\u00a0\u00bb et se retire au Val-de-Gr\u00e2ce pour m\u00e9diter sur son avenir et son amour, Cl\u00e9mence.<\/p>\n","protected":false},"featured_media":13815,"comment_status":"open","ping_status":"closed","template":"","meta":{"inline_featured_image":false},"product_cat":[204,143,178],"product_tag":[],"class_list":{"0":"post-13814","1":"product","2":"type-product","3":"status-publish","4":"has-post-thumbnail","6":"product_cat-francais","7":"product_cat-roman","8":"product_cat-contemporain","9":"pa_auteurs-marc-dugain","11":"first","12":"instock","13":"shipping-taxable","14":"purchasable","15":"product-type-simple"},"_links":{"self":[{"href":"https:\/\/baralivres.ma\/index.php?rest_route=\/wp\/v2\/product\/13814","targetHints":{"allow":["GET"]}}],"collection":[{"href":"https:\/\/baralivres.ma\/index.php?rest_route=\/wp\/v2\/product"}],"about":[{"href":"https:\/\/baralivres.ma\/index.php?rest_route=\/wp\/v2\/types\/product"}],"replies":[{"embeddable":true,"href":"https:\/\/baralivres.ma\/index.php?rest_route=%2Fwp%2Fv2%2Fcomments&post=13814"}],"version-history":[{"count":1,"href":"https:\/\/baralivres.ma\/index.php?rest_route=\/wp\/v2\/product\/13814\/revisions"}],"predecessor-version":[{"id":13816,"href":"https:\/\/baralivres.ma\/index.php?rest_route=\/wp\/v2\/product\/13814\/revisions\/13816"}],"wp:featuredmedia":[{"embeddable":true,"href":"https:\/\/baralivres.ma\/index.php?rest_route=\/wp\/v2\/media\/13815"}],"wp:attachment":[{"href":"https:\/\/baralivres.ma\/index.php?rest_route=%2Fwp%2Fv2%2Fmedia&parent=13814"}],"wp:term":[{"taxonomy":"product_cat","embeddable":true,"href":"https:\/\/baralivres.ma\/index.php?rest_route=%2Fwp%2Fv2%2Fproduct_cat&post=13814"},{"taxonomy":"product_tag","embeddable":true,"href":"https:\/\/baralivres.ma\/index.php?rest_route=%2Fwp%2Fv2%2Fproduct_tag&post=13814"}],"curies":[{"name":"wp","href":"https:\/\/api.w.org\/{rel}","templated":true}]}}