{"id":13807,"date":"2023-10-25T09:34:05","date_gmt":"2023-10-25T08:34:05","guid":{"rendered":"https:\/\/baralivres.ma\/?post_type=product&#038;p=13807"},"modified":"2023-10-25T09:35:36","modified_gmt":"2023-10-25T08:35:36","slug":"le-mangeur-dames","status":"publish","type":"product","link":"https:\/\/baralivres.ma\/?product=le-mangeur-dames","title":{"rendered":"Le Mangeur d&rsquo;\u00e2mes"},"content":{"rendered":"<p>Au c\u0153ur de l&rsquo;horreur, la r\u00e9alit\u00e9 peut surpasser les r\u00e9cits l\u00e9gendaires, et dans un village paisible de montagne secou\u00e9 par des disparitions d&rsquo;enfants et des meurtres sanglants, des secrets bien gard\u00e9s deviennent trop pesants. Le commandant Guardiano et le capitaine de gendarmerie De Rolan, issus de services diff\u00e9rents, se voient forc\u00e9s de collaborer pour d\u00e9m\u00ealer cette vieille l\u00e9gende sulfureuse qui refait surface.<\/p>\n","protected":false},"excerpt":{"rendered":"<p>Dans un village tranquille de montagne, des crimes horribles ressuscitent une vieille l\u00e9gende, obligeant deux enqu\u00eateurs \u00e0 unir leurs forces pour d\u00e9couvrir la v\u00e9rit\u00e9.<\/p>\n","protected":false},"featured_media":13808,"comment_status":"open","ping_status":"closed","template":"","meta":{"inline_featured_image":false},"product_cat":[204,143,187],"product_tag":[],"class_list":{"0":"post-13807","1":"product","2":"type-product","3":"status-publish","4":"has-post-thumbnail","6":"product_cat-francais","7":"product_cat-roman","8":"product_cat-thriller","9":"pa_auteurs-alexis-laipsker","11":"first","12":"instock","13":"shipping-taxable","14":"purchasable","15":"product-type-simple"},"_links":{"self":[{"href":"https:\/\/baralivres.ma\/index.php?rest_route=\/wp\/v2\/product\/13807","targetHints":{"allow":["GET"]}}],"collection":[{"href":"https:\/\/baralivres.ma\/index.php?rest_route=\/wp\/v2\/product"}],"about":[{"href":"https:\/\/baralivres.ma\/index.php?rest_route=\/wp\/v2\/types\/product"}],"replies":[{"embeddable":true,"href":"https:\/\/baralivres.ma\/index.php?rest_route=%2Fwp%2Fv2%2Fcomments&post=13807"}],"version-history":[{"count":1,"href":"https:\/\/baralivres.ma\/index.php?rest_route=\/wp\/v2\/product\/13807\/revisions"}],"predecessor-version":[{"id":13809,"href":"https:\/\/baralivres.ma\/index.php?rest_route=\/wp\/v2\/product\/13807\/revisions\/13809"}],"wp:featuredmedia":[{"embeddable":true,"href":"https:\/\/baralivres.ma\/index.php?rest_route=\/wp\/v2\/media\/13808"}],"wp:attachment":[{"href":"https:\/\/baralivres.ma\/index.php?rest_route=%2Fwp%2Fv2%2Fmedia&parent=13807"}],"wp:term":[{"taxonomy":"product_cat","embeddable":true,"href":"https:\/\/baralivres.ma\/index.php?rest_route=%2Fwp%2Fv2%2Fproduct_cat&post=13807"},{"taxonomy":"product_tag","embeddable":true,"href":"https:\/\/baralivres.ma\/index.php?rest_route=%2Fwp%2Fv2%2Fproduct_tag&post=13807"}],"curies":[{"name":"wp","href":"https:\/\/api.w.org\/{rel}","templated":true}]}}