{"id":13768,"date":"2023-10-24T17:13:28","date_gmt":"2023-10-24T16:13:28","guid":{"rendered":"https:\/\/baralivres.ma\/?post_type=product&#038;p=13768"},"modified":"2023-10-24T17:13:28","modified_gmt":"2023-10-24T16:13:28","slug":"la-fille-de-papier","status":"publish","type":"product","link":"https:\/\/baralivres.ma\/?product=la-fille-de-papier","title":{"rendered":"La fille de papier"},"content":{"rendered":"<p>Lorsque la survie d\u00e9pend d&rsquo;un simple livre !<\/p>\n<p>Tremp\u00e9e jusqu&rsquo;aux os et compl\u00e8tement d\u00e9v\u00eatue, elle est apparue sur ma terrasse en pleine nuit d&rsquo;orage. \u2013 D&rsquo;o\u00f9 venez-vous ? \u2013 Je suis tomb\u00e9e. \u2013 Tomb\u00e9e d&rsquo;o\u00f9 ? \u2013 Tomb\u00e9e de votre livre. Tomb\u00e9e de l&rsquo;univers que vous avez cr\u00e9\u00e9 ! Tom Boyd, un \u00e9crivain renomm\u00e9 en proie \u00e0 une panne d&rsquo;inspiration, voit surgir dans sa vie l&rsquo;h\u00e9ro\u00efne de ses romans. Elle est belle, elle est d\u00e9sesp\u00e9r\u00e9e, elle est condamn\u00e9e si sa plume s&rsquo;arr\u00eate. Inimaginable ? Pourtant, c&rsquo;est bien r\u00e9el ! Ensemble, Tom et Billie vont entreprendre un p\u00e9riple extraordinaire o\u00f9 la r\u00e9alit\u00e9 et la fiction se m\u00e9langent, se heurtent dans un jeu captivant et mortel&#8230;<\/p>\n","protected":false},"excerpt":{"rendered":"<p>\u00c9crivain rencontre son personnage qui a besoin de ses mots pour survivre, fusion de fiction et r\u00e9alit\u00e9.<\/p>\n","protected":false},"featured_media":13769,"comment_status":"open","ping_status":"closed","template":"","meta":{"inline_featured_image":false},"product_cat":[204,143,178],"product_tag":[],"class_list":{"0":"post-13768","1":"product","2":"type-product","3":"status-publish","4":"has-post-thumbnail","6":"product_cat-francais","7":"product_cat-roman","8":"product_cat-contemporain","9":"pa_auteurs-musso-guillaume","11":"first","12":"instock","13":"shipping-taxable","14":"purchasable","15":"product-type-simple"},"_links":{"self":[{"href":"https:\/\/baralivres.ma\/index.php?rest_route=\/wp\/v2\/product\/13768","targetHints":{"allow":["GET"]}}],"collection":[{"href":"https:\/\/baralivres.ma\/index.php?rest_route=\/wp\/v2\/product"}],"about":[{"href":"https:\/\/baralivres.ma\/index.php?rest_route=\/wp\/v2\/types\/product"}],"replies":[{"embeddable":true,"href":"https:\/\/baralivres.ma\/index.php?rest_route=%2Fwp%2Fv2%2Fcomments&post=13768"}],"version-history":[{"count":1,"href":"https:\/\/baralivres.ma\/index.php?rest_route=\/wp\/v2\/product\/13768\/revisions"}],"predecessor-version":[{"id":13773,"href":"https:\/\/baralivres.ma\/index.php?rest_route=\/wp\/v2\/product\/13768\/revisions\/13773"}],"wp:featuredmedia":[{"embeddable":true,"href":"https:\/\/baralivres.ma\/index.php?rest_route=\/wp\/v2\/media\/13769"}],"wp:attachment":[{"href":"https:\/\/baralivres.ma\/index.php?rest_route=%2Fwp%2Fv2%2Fmedia&parent=13768"}],"wp:term":[{"taxonomy":"product_cat","embeddable":true,"href":"https:\/\/baralivres.ma\/index.php?rest_route=%2Fwp%2Fv2%2Fproduct_cat&post=13768"},{"taxonomy":"product_tag","embeddable":true,"href":"https:\/\/baralivres.ma\/index.php?rest_route=%2Fwp%2Fv2%2Fproduct_tag&post=13768"}],"curies":[{"name":"wp","href":"https:\/\/api.w.org\/{rel}","templated":true}]}}