{"id":13760,"date":"2023-10-24T17:06:53","date_gmt":"2023-10-24T16:06:53","guid":{"rendered":"https:\/\/baralivres.ma\/?post_type=product&#038;p=13760"},"modified":"2023-10-24T17:07:04","modified_gmt":"2023-10-24T16:07:04","slug":"13760","status":"publish","type":"product","link":"https:\/\/baralivres.ma\/?product=13760","title":{"rendered":"Et apr\u00e8s&#8230;"},"content":{"rendered":"<p>Vivez pleinement et aimez sans tarder.<\/p>\n<p>\u00c0 l&rsquo;\u00e2ge de huit ans, Nathan a failli perdre la vie en se jetant dans un lac pour sauver une petite fille. Il a connu un arr\u00eat cardiaque, un voyage vers la lumi\u00e8re, et une exp\u00e9rience de mort imminente. Contre toute attente, il a retrouv\u00e9 la vie. Deux d\u00e9cennies plus tard, Nathan est devenu un avocat accompli \u00e0 New York, mais son divorce l&rsquo;a laiss\u00e9 profond\u00e9ment bless\u00e9, le poussant \u00e0 se r\u00e9fugier dans son travail. C&rsquo;est \u00e0 ce moment qu&rsquo;un myst\u00e9rieux m\u00e9decin entre dans sa vie, le poussant \u00e0 comprendre la raison de son retour \u00e0 la vie.<\/p>\n","protected":false},"excerpt":{"rendered":"<p>Un h\u00e9ros, Nathan, survit \u00e0 la mort, devient avocat, puis un m\u00e9decin myst\u00e9rieux l&rsquo;incite \u00e0 d\u00e9couvrir pourquoi.<\/p>\n","protected":false},"featured_media":13765,"comment_status":"open","ping_status":"closed","template":"","meta":{"inline_featured_image":false},"product_cat":[204,143,178],"product_tag":[],"class_list":{"0":"post-13760","1":"product","2":"type-product","3":"status-publish","4":"has-post-thumbnail","6":"product_cat-francais","7":"product_cat-roman","8":"product_cat-contemporain","9":"pa_auteurs-musso-guillaume","11":"first","12":"instock","13":"shipping-taxable","14":"purchasable","15":"product-type-simple"},"_links":{"self":[{"href":"https:\/\/baralivres.ma\/index.php?rest_route=\/wp\/v2\/product\/13760","targetHints":{"allow":["GET"]}}],"collection":[{"href":"https:\/\/baralivres.ma\/index.php?rest_route=\/wp\/v2\/product"}],"about":[{"href":"https:\/\/baralivres.ma\/index.php?rest_route=\/wp\/v2\/types\/product"}],"replies":[{"embeddable":true,"href":"https:\/\/baralivres.ma\/index.php?rest_route=%2Fwp%2Fv2%2Fcomments&post=13760"}],"version-history":[{"count":2,"href":"https:\/\/baralivres.ma\/index.php?rest_route=\/wp\/v2\/product\/13760\/revisions"}],"predecessor-version":[{"id":13767,"href":"https:\/\/baralivres.ma\/index.php?rest_route=\/wp\/v2\/product\/13760\/revisions\/13767"}],"wp:featuredmedia":[{"embeddable":true,"href":"https:\/\/baralivres.ma\/index.php?rest_route=\/wp\/v2\/media\/13765"}],"wp:attachment":[{"href":"https:\/\/baralivres.ma\/index.php?rest_route=%2Fwp%2Fv2%2Fmedia&parent=13760"}],"wp:term":[{"taxonomy":"product_cat","embeddable":true,"href":"https:\/\/baralivres.ma\/index.php?rest_route=%2Fwp%2Fv2%2Fproduct_cat&post=13760"},{"taxonomy":"product_tag","embeddable":true,"href":"https:\/\/baralivres.ma\/index.php?rest_route=%2Fwp%2Fv2%2Fproduct_tag&post=13760"}],"curies":[{"name":"wp","href":"https:\/\/api.w.org\/{rel}","templated":true}]}}