{"id":13749,"date":"2023-10-24T16:45:03","date_gmt":"2023-10-24T15:45:03","guid":{"rendered":"https:\/\/baralivres.ma\/?post_type=product&#038;p=13749"},"modified":"2023-10-24T16:45:04","modified_gmt":"2023-10-24T15:45:04","slug":"la-cle-du-sang","status":"publish","type":"product","link":"https:\/\/baralivres.ma\/?product=la-cle-du-sang","title":{"rendered":"La Cl\u00e9 du sang"},"content":{"rendered":"<p>Tout commence par une offre all\u00e9chante : Sandra et Bill Elincourt, un couple d&rsquo;architectes vivant dans une magnifique maison des Highlands avec leurs quatre enfants, cherchent une nurse exp\u00e9riment\u00e9e. Malgr\u00e9 les avertissements sur la r\u00e9putation hant\u00e9e de la maison, Rowan Cain, une jeune anglaise qualifi\u00e9e, y voit une opportunit\u00e9 exceptionnelle et quitte sa vie londonienne pour s&rsquo;installer \u00e0 Heatherbrae House. Cependant, peu \u00e0 peu, entre myst\u00e8res et ph\u00e9nom\u00e8nes \u00e9tranges, le r\u00eave tourne au cauchemar.<\/p>\n","protected":false},"excerpt":{"rendered":"<p>Lorsqu&rsquo;une nurse qualifi\u00e9e emm\u00e9nage dans la maison des Elincourt, elle d\u00e9couvre que le r\u00eave devient rapidement un cauchemar, malgr\u00e9 les conditions avantageuses.<\/p>\n","protected":false},"featured_media":13752,"comment_status":"open","ping_status":"closed","template":"","meta":{"inline_featured_image":false},"product_cat":[204,143,187],"product_tag":[],"class_list":{"0":"post-13749","1":"product","2":"type-product","3":"status-publish","4":"has-post-thumbnail","6":"product_cat-francais","7":"product_cat-roman","8":"product_cat-thriller","9":"pa_auteurs-ruth-ware","11":"first","12":"instock","13":"shipping-taxable","14":"purchasable","15":"product-type-simple"},"_links":{"self":[{"href":"https:\/\/baralivres.ma\/index.php?rest_route=\/wp\/v2\/product\/13749","targetHints":{"allow":["GET"]}}],"collection":[{"href":"https:\/\/baralivres.ma\/index.php?rest_route=\/wp\/v2\/product"}],"about":[{"href":"https:\/\/baralivres.ma\/index.php?rest_route=\/wp\/v2\/types\/product"}],"replies":[{"embeddable":true,"href":"https:\/\/baralivres.ma\/index.php?rest_route=%2Fwp%2Fv2%2Fcomments&post=13749"}],"version-history":[{"count":1,"href":"https:\/\/baralivres.ma\/index.php?rest_route=\/wp\/v2\/product\/13749\/revisions"}],"predecessor-version":[{"id":13753,"href":"https:\/\/baralivres.ma\/index.php?rest_route=\/wp\/v2\/product\/13749\/revisions\/13753"}],"wp:featuredmedia":[{"embeddable":true,"href":"https:\/\/baralivres.ma\/index.php?rest_route=\/wp\/v2\/media\/13752"}],"wp:attachment":[{"href":"https:\/\/baralivres.ma\/index.php?rest_route=%2Fwp%2Fv2%2Fmedia&parent=13749"}],"wp:term":[{"taxonomy":"product_cat","embeddable":true,"href":"https:\/\/baralivres.ma\/index.php?rest_route=%2Fwp%2Fv2%2Fproduct_cat&post=13749"},{"taxonomy":"product_tag","embeddable":true,"href":"https:\/\/baralivres.ma\/index.php?rest_route=%2Fwp%2Fv2%2Fproduct_tag&post=13749"}],"curies":[{"name":"wp","href":"https:\/\/api.w.org\/{rel}","templated":true}]}}