{"id":13674,"date":"2023-10-24T12:06:34","date_gmt":"2023-10-24T11:06:34","guid":{"rendered":"https:\/\/baralivres.ma\/?post_type=product&#038;p=13674"},"modified":"2023-10-24T12:06:35","modified_gmt":"2023-10-24T11:06:35","slug":"le-feu-et-la-fureur","status":"publish","type":"product","link":"https:\/\/baralivres.ma\/?product=le-feu-et-la-fureur","title":{"rendered":"Le feu et la fureur"},"content":{"rendered":"<p>Dans ce livre qui a suscit\u00e9 un vif int\u00e9r\u00eat aux \u00c9tats-Unis et contre lequel Donald Trump a tent\u00e9 de s&rsquo;opposer, Michael Wolff nous plonge dans les coulisses de la Maison Blanche, exposant une multitude de r\u00e9v\u00e9lations sur des luttes de pouvoir, du favoritisme, de l&rsquo;amateurisme, des trahisons, et des tensions familiales. L&rsquo;ouvrage soul\u00e8ve des inqui\u00e9tudes sur l&rsquo;impact de ces dissensions internes sur la gouvernance du monde, mettant en lumi\u00e8re les conflits entre les conseillers de la Maison Blanche, les d\u00e9cisions pr\u00e9sidentielles impulsives, et les divisions au sein de la famille pr\u00e9sidentielle. Tout cela remet en question la capacit\u00e9 de Donald Trump \u00e0 diriger les \u00c9tats-Unis, particuli\u00e8rement compte tenu de sa propre surprise face \u00e0 son \u00e9lection.<\/p>\n","protected":false},"excerpt":{"rendered":"<p>Le livre de Michael Wolff r\u00e9v\u00e8le les coulisses chaotiques de la Maison Blanche sous la pr\u00e9sidence de Donald Trump, mettant en lumi\u00e8re les luttes de pouvoir, les dissensions internes, et suscitant des doutes sur sa capacit\u00e9 \u00e0 gouverner.<\/p>\n","protected":false},"featured_media":13678,"comment_status":"open","ping_status":"closed","template":"","meta":{"inline_featured_image":false},"product_cat":[204],"product_tag":[],"class_list":{"0":"post-13674","1":"product","2":"type-product","3":"status-publish","4":"has-post-thumbnail","6":"product_cat-francais","7":"pa_auteurs-michael-wolff","9":"first","10":"instock","11":"shipping-taxable","12":"purchasable","13":"product-type-simple"},"_links":{"self":[{"href":"https:\/\/baralivres.ma\/index.php?rest_route=\/wp\/v2\/product\/13674","targetHints":{"allow":["GET"]}}],"collection":[{"href":"https:\/\/baralivres.ma\/index.php?rest_route=\/wp\/v2\/product"}],"about":[{"href":"https:\/\/baralivres.ma\/index.php?rest_route=\/wp\/v2\/types\/product"}],"replies":[{"embeddable":true,"href":"https:\/\/baralivres.ma\/index.php?rest_route=%2Fwp%2Fv2%2Fcomments&post=13674"}],"version-history":[{"count":1,"href":"https:\/\/baralivres.ma\/index.php?rest_route=\/wp\/v2\/product\/13674\/revisions"}],"predecessor-version":[{"id":13679,"href":"https:\/\/baralivres.ma\/index.php?rest_route=\/wp\/v2\/product\/13674\/revisions\/13679"}],"wp:featuredmedia":[{"embeddable":true,"href":"https:\/\/baralivres.ma\/index.php?rest_route=\/wp\/v2\/media\/13678"}],"wp:attachment":[{"href":"https:\/\/baralivres.ma\/index.php?rest_route=%2Fwp%2Fv2%2Fmedia&parent=13674"}],"wp:term":[{"taxonomy":"product_cat","embeddable":true,"href":"https:\/\/baralivres.ma\/index.php?rest_route=%2Fwp%2Fv2%2Fproduct_cat&post=13674"},{"taxonomy":"product_tag","embeddable":true,"href":"https:\/\/baralivres.ma\/index.php?rest_route=%2Fwp%2Fv2%2Fproduct_tag&post=13674"}],"curies":[{"name":"wp","href":"https:\/\/api.w.org\/{rel}","templated":true}]}}