{"id":13667,"date":"2023-10-24T12:00:28","date_gmt":"2023-10-24T11:00:28","guid":{"rendered":"https:\/\/baralivres.ma\/?post_type=product&#038;p=13667"},"modified":"2023-10-24T12:00:28","modified_gmt":"2023-10-24T11:00:28","slug":"1991","status":"publish","type":"product","link":"https:\/\/baralivres.ma\/?product=1991","title":{"rendered":"1991"},"content":{"rendered":"<p>Le tout premier cas de Franck Sharko !<\/p>\n<p>En d\u00e9cembre 1991, une photographie r\u00e9v\u00e8le une femme allong\u00e9e dans un lit, ses mains attach\u00e9es aux montants et sa t\u00eate cach\u00e9e dans un sac en papier marron. Au verso de la photo se trouve une adresse tap\u00e9e \u00e0 la machine. Lorsque le jeune inspecteur Franck Sharko, tout juste dipl\u00f4m\u00e9 de l&rsquo;\u00e9cole de police et nouvellement affect\u00e9 au prestigieux 36, quai des Orf\u00e8vres, arrive sur la sc\u00e8ne du crime, il est confront\u00e9 \u00e0 une sc\u00e8ne aussi choquante qu&rsquo;\u00e9nigmatique. Face \u00e0 un myst\u00e8re qui ne fera que s&rsquo;\u00e9paissir au fur et \u00e0 mesure de l&rsquo;enqu\u00eate, Sharko r\u00e9alise que ses premi\u00e8res ann\u00e9es d&rsquo;exp\u00e9rience ne lui seront d&rsquo;aucune utilit\u00e9. Ici et maintenant, il doit tout r\u00e9apprendre.<\/p>\n","protected":false},"excerpt":{"rendered":"<p>En 1991, inspecteur Sharko confront\u00e9 \u00e0 un meurtre myst\u00e9rieux : nouvelle recrue, enqu\u00eate troublante, r\u00e9apprentissage n\u00e9cessaire.<\/p>\n","protected":false},"featured_media":13675,"comment_status":"open","ping_status":"closed","template":"","meta":{"inline_featured_image":false},"product_cat":[204,143],"product_tag":[],"class_list":{"0":"post-13667","1":"product","2":"type-product","3":"status-publish","4":"has-post-thumbnail","6":"product_cat-francais","7":"product_cat-roman","8":"pa_auteurs-franck-thilliez","10":"first","11":"instock","12":"shipping-taxable","13":"purchasable","14":"product-type-simple"},"_links":{"self":[{"href":"https:\/\/baralivres.ma\/index.php?rest_route=\/wp\/v2\/product\/13667","targetHints":{"allow":["GET"]}}],"collection":[{"href":"https:\/\/baralivres.ma\/index.php?rest_route=\/wp\/v2\/product"}],"about":[{"href":"https:\/\/baralivres.ma\/index.php?rest_route=\/wp\/v2\/types\/product"}],"replies":[{"embeddable":true,"href":"https:\/\/baralivres.ma\/index.php?rest_route=%2Fwp%2Fv2%2Fcomments&post=13667"}],"version-history":[{"count":1,"href":"https:\/\/baralivres.ma\/index.php?rest_route=\/wp\/v2\/product\/13667\/revisions"}],"predecessor-version":[{"id":13676,"href":"https:\/\/baralivres.ma\/index.php?rest_route=\/wp\/v2\/product\/13667\/revisions\/13676"}],"wp:featuredmedia":[{"embeddable":true,"href":"https:\/\/baralivres.ma\/index.php?rest_route=\/wp\/v2\/media\/13675"}],"wp:attachment":[{"href":"https:\/\/baralivres.ma\/index.php?rest_route=%2Fwp%2Fv2%2Fmedia&parent=13667"}],"wp:term":[{"taxonomy":"product_cat","embeddable":true,"href":"https:\/\/baralivres.ma\/index.php?rest_route=%2Fwp%2Fv2%2Fproduct_cat&post=13667"},{"taxonomy":"product_tag","embeddable":true,"href":"https:\/\/baralivres.ma\/index.php?rest_route=%2Fwp%2Fv2%2Fproduct_tag&post=13667"}],"curies":[{"name":"wp","href":"https:\/\/api.w.org\/{rel}","templated":true}]}}