{"id":13624,"date":"2023-10-23T14:43:28","date_gmt":"2023-10-23T13:43:28","guid":{"rendered":"https:\/\/baralivres.ma\/?post_type=product&#038;p=13624"},"modified":"2023-10-23T14:43:29","modified_gmt":"2023-10-23T13:43:29","slug":"tenir-ses-promessses","status":"publish","type":"product","link":"https:\/\/baralivres.ma\/?product=tenir-ses-promessses","title":{"rendered":"TENIR SES PROMESSSES"},"content":{"rendered":"<p>Le parcours de Joe Biden, de son \u00e9lection au S\u00e9nat \u00e0 la pr\u00e9sidence des \u00c9tats-Unis, ressemble \u00e0 un r\u00eave am\u00e9ricain, mais derri\u00e8re cette success-story se cachent des d\u00e9fis personnels et politiques majeurs. \u00c9lu s\u00e9nateur du Delaware \u00e0 un jeune \u00e2ge et confront\u00e9 \u00e0 la tragique perte de sa femme et de sa fille dans un accident de la route, Joe Biden envisage de renoncer \u00e0 sa carri\u00e8re politique pour s&rsquo;occuper de ses fils, mais finit par accepter un poste au Congr\u00e8s qui durera trente ans. Cette autobiographie \u00e9mouvante \u00e9claire le parcours politique exceptionnel du 46e Pr\u00e9sident des \u00c9tats-Unis tout en r\u00e9v\u00e9lant ses convictions et choix personnels.<\/p>\n","protected":false},"excerpt":{"rendered":"<p>L&rsquo;autobiographie de Joe Biden explore son parcours politique exceptionnel et ses d\u00e9fis personnels.<\/p>\n","protected":false},"featured_media":13626,"comment_status":"open","ping_status":"closed","template":"","meta":{"inline_featured_image":false},"product_cat":[204],"product_tag":[],"class_list":{"0":"post-13624","1":"product","2":"type-product","3":"status-publish","4":"has-post-thumbnail","6":"product_cat-francais","7":"pa_auteurs-joe-biden","9":"first","10":"instock","11":"shipping-taxable","12":"purchasable","13":"product-type-simple"},"_links":{"self":[{"href":"https:\/\/baralivres.ma\/index.php?rest_route=\/wp\/v2\/product\/13624","targetHints":{"allow":["GET"]}}],"collection":[{"href":"https:\/\/baralivres.ma\/index.php?rest_route=\/wp\/v2\/product"}],"about":[{"href":"https:\/\/baralivres.ma\/index.php?rest_route=\/wp\/v2\/types\/product"}],"replies":[{"embeddable":true,"href":"https:\/\/baralivres.ma\/index.php?rest_route=%2Fwp%2Fv2%2Fcomments&post=13624"}],"version-history":[{"count":1,"href":"https:\/\/baralivres.ma\/index.php?rest_route=\/wp\/v2\/product\/13624\/revisions"}],"predecessor-version":[{"id":13627,"href":"https:\/\/baralivres.ma\/index.php?rest_route=\/wp\/v2\/product\/13624\/revisions\/13627"}],"wp:featuredmedia":[{"embeddable":true,"href":"https:\/\/baralivres.ma\/index.php?rest_route=\/wp\/v2\/media\/13626"}],"wp:attachment":[{"href":"https:\/\/baralivres.ma\/index.php?rest_route=%2Fwp%2Fv2%2Fmedia&parent=13624"}],"wp:term":[{"taxonomy":"product_cat","embeddable":true,"href":"https:\/\/baralivres.ma\/index.php?rest_route=%2Fwp%2Fv2%2Fproduct_cat&post=13624"},{"taxonomy":"product_tag","embeddable":true,"href":"https:\/\/baralivres.ma\/index.php?rest_route=%2Fwp%2Fv2%2Fproduct_tag&post=13624"}],"curies":[{"name":"wp","href":"https:\/\/api.w.org\/{rel}","templated":true}]}}