{"id":13466,"date":"2023-10-23T10:06:45","date_gmt":"2023-10-23T09:06:45","guid":{"rendered":"https:\/\/baralivres.ma\/?post_type=product&#038;p=13466"},"modified":"2023-10-23T10:06:46","modified_gmt":"2023-10-23T09:06:46","slug":"le-temps-est-assassin","status":"publish","type":"product","link":"https:\/\/baralivres.ma\/?product=le-temps-est-assassin","title":{"rendered":"Le temps est assassin"},"content":{"rendered":"<p>En \u00e9t\u00e9 1989, sur la presqu&rsquo;\u00eele de la Revellata en Corse, une voiture roule \u00e0 une vitesse excessive le long de la route c\u00f4ti\u00e8re, survolant un ravin de vingt m\u00e8tres avant de pr\u00e9cipiter dans le vide. Le triste accident ne laisse qu&rsquo;une survivante : Clotilde, une adolescente de quinze ans, tandis que ses parents et son fr\u00e8re ne survivent pas.<\/p>\n<p>Sept ans plus tard, en \u00e9t\u00e9 2016, Clotilde retourne pour la premi\u00e8re fois sur les lieux du drame, accompagn\u00e9e de son mari et de sa fille adolescente. Son but est de mettre \u00e0 distance les souvenirs douloureux en utilisant ces vacances pour apaiser le pass\u00e9. C&rsquo;est alors, dans le camping o\u00f9 elle avait s\u00e9journ\u00e9 lors de son dernier \u00e9t\u00e9 avec ses parents, qu&rsquo;elle d\u00e9couvre une lettre inattendue&#8230; \u00e9manant de sa m\u00e8re. Serait-elle encore en vie ?<\/p>\n","protected":false},"excerpt":{"rendered":"<p>Clotilde, seule survivante d&rsquo;un accident en 1989, re\u00e7oit une myst\u00e9rieuse lettre de sa m\u00e8re en 2016.<\/p>\n","protected":false},"featured_media":13471,"comment_status":"open","ping_status":"closed","template":"","meta":{"inline_featured_image":false},"product_cat":[204,143],"product_tag":[],"class_list":{"0":"post-13466","1":"product","2":"type-product","3":"status-publish","4":"has-post-thumbnail","6":"product_cat-francais","7":"product_cat-roman","8":"pa_auteurs-michel-bussi","10":"first","11":"instock","12":"shipping-taxable","13":"purchasable","14":"product-type-simple"},"_links":{"self":[{"href":"https:\/\/baralivres.ma\/index.php?rest_route=\/wp\/v2\/product\/13466","targetHints":{"allow":["GET"]}}],"collection":[{"href":"https:\/\/baralivres.ma\/index.php?rest_route=\/wp\/v2\/product"}],"about":[{"href":"https:\/\/baralivres.ma\/index.php?rest_route=\/wp\/v2\/types\/product"}],"replies":[{"embeddable":true,"href":"https:\/\/baralivres.ma\/index.php?rest_route=%2Fwp%2Fv2%2Fcomments&post=13466"}],"version-history":[{"count":1,"href":"https:\/\/baralivres.ma\/index.php?rest_route=\/wp\/v2\/product\/13466\/revisions"}],"predecessor-version":[{"id":13472,"href":"https:\/\/baralivres.ma\/index.php?rest_route=\/wp\/v2\/product\/13466\/revisions\/13472"}],"wp:featuredmedia":[{"embeddable":true,"href":"https:\/\/baralivres.ma\/index.php?rest_route=\/wp\/v2\/media\/13471"}],"wp:attachment":[{"href":"https:\/\/baralivres.ma\/index.php?rest_route=%2Fwp%2Fv2%2Fmedia&parent=13466"}],"wp:term":[{"taxonomy":"product_cat","embeddable":true,"href":"https:\/\/baralivres.ma\/index.php?rest_route=%2Fwp%2Fv2%2Fproduct_cat&post=13466"},{"taxonomy":"product_tag","embeddable":true,"href":"https:\/\/baralivres.ma\/index.php?rest_route=%2Fwp%2Fv2%2Fproduct_tag&post=13466"}],"curies":[{"name":"wp","href":"https:\/\/api.w.org\/{rel}","templated":true}]}}