{"id":13449,"date":"2023-10-23T09:48:08","date_gmt":"2023-10-23T08:48:08","guid":{"rendered":"https:\/\/baralivres.ma\/?post_type=product&#038;p=13449"},"modified":"2023-10-23T09:48:08","modified_gmt":"2023-10-23T08:48:08","slug":"au-soleil-redoute","status":"publish","type":"product","link":"https:\/\/baralivres.ma\/?product=au-soleil-redoute","title":{"rendered":"Au Soleil redout\u00e9"},"content":{"rendered":"<p>Cinq lectrices d\u00e9vou\u00e9es et aspirantes \u00e9crivaines se sont vues offrir une opportunit\u00e9 exceptionnelle : gagner un concours qui les enverra au paradis du Pacifique, les \u00eeles Marquises, pour une semaine d&rsquo;exploration. Au programme, un atelier d&rsquo;\u00e9criture anim\u00e9 par le c\u00e9l\u00e8bre \u00e9crivain Pierre Yves Fran\u00e7ois, mais aussi bien plus encore : la d\u00e9couverte de l&rsquo;\u00eele, immortalis\u00e9e par Gauguin et c\u00e9l\u00e9br\u00e9e par Brel, avec ses plages de sable noir, son folklore local, ses tatouages artistiques, ainsi que des \u00e9v\u00e9nements myst\u00e9rieux, des disparitions inexpliqu\u00e9es et une s\u00e9rie de meurtres. Dans l&rsquo;ombre des majestueux tikis, un tueur op\u00e8re sous le soleil tropical. Qui sera la prochaine victime ? La couverture peut varier !<\/p>\n","protected":false},"excerpt":{"rendered":"<p>Cinq \u00e9crivaines en herbe partent aux \u00eeles Marquises, o\u00f9 un concours se transforme en cauchemar meurtrier.<\/p>\n","protected":false},"featured_media":13451,"comment_status":"open","ping_status":"closed","template":"","meta":{"inline_featured_image":false},"product_cat":[204,143],"product_tag":[],"class_list":{"0":"post-13449","1":"product","2":"type-product","3":"status-publish","4":"has-post-thumbnail","6":"product_cat-francais","7":"product_cat-roman","8":"pa_auteurs-michel-bussi","10":"first","11":"instock","12":"shipping-taxable","13":"purchasable","14":"product-type-simple"},"_links":{"self":[{"href":"https:\/\/baralivres.ma\/index.php?rest_route=\/wp\/v2\/product\/13449","targetHints":{"allow":["GET"]}}],"collection":[{"href":"https:\/\/baralivres.ma\/index.php?rest_route=\/wp\/v2\/product"}],"about":[{"href":"https:\/\/baralivres.ma\/index.php?rest_route=\/wp\/v2\/types\/product"}],"replies":[{"embeddable":true,"href":"https:\/\/baralivres.ma\/index.php?rest_route=%2Fwp%2Fv2%2Fcomments&post=13449"}],"version-history":[{"count":1,"href":"https:\/\/baralivres.ma\/index.php?rest_route=\/wp\/v2\/product\/13449\/revisions"}],"predecessor-version":[{"id":13452,"href":"https:\/\/baralivres.ma\/index.php?rest_route=\/wp\/v2\/product\/13449\/revisions\/13452"}],"wp:featuredmedia":[{"embeddable":true,"href":"https:\/\/baralivres.ma\/index.php?rest_route=\/wp\/v2\/media\/13451"}],"wp:attachment":[{"href":"https:\/\/baralivres.ma\/index.php?rest_route=%2Fwp%2Fv2%2Fmedia&parent=13449"}],"wp:term":[{"taxonomy":"product_cat","embeddable":true,"href":"https:\/\/baralivres.ma\/index.php?rest_route=%2Fwp%2Fv2%2Fproduct_cat&post=13449"},{"taxonomy":"product_tag","embeddable":true,"href":"https:\/\/baralivres.ma\/index.php?rest_route=%2Fwp%2Fv2%2Fproduct_tag&post=13449"}],"curies":[{"name":"wp","href":"https:\/\/api.w.org\/{rel}","templated":true}]}}