{"id":13432,"date":"2023-10-20T22:22:44","date_gmt":"2023-10-20T21:22:44","guid":{"rendered":"https:\/\/baralivres.ma\/?post_type=product&#038;p=13432"},"modified":"2023-10-20T22:22:45","modified_gmt":"2023-10-20T21:22:45","slug":"rien-ne-tefface","status":"publish","type":"product","link":"https:\/\/baralivres.ma\/?product=rien-ne-tefface","title":{"rendered":"Rien ne t&rsquo;efface"},"content":{"rendered":"<p>Il y a exactement une d\u00e9cennie, une journ\u00e9e semblable \u00e0 celle-ci. Au matin d&rsquo;un \u00e9t\u00e9, sur la plage de Saint-Jean-de-Luz, le jeune Esteban s&rsquo;est volatilis\u00e9. Maddi, sa m\u00e8re, n&rsquo;a jamais r\u00e9ussi \u00e0 se pardonner d&rsquo;avoir \u00e9t\u00e9 n\u00e9gligente. Puis, dix ans plus tard, sur cette m\u00eame plage, \u00e0 la m\u00eame \u00e9tape de sa vie : un gar\u00e7on qui lui ressemble tant est apparu&#8230; La m\u00eame stature d\u00e9licate, le m\u00eame maillot bleu indigo, et la m\u00eame marque de naissance. Sosie ? Jumeau ? Pour Maddi, il n&rsquo;y a aucun doute : ce gar\u00e7on, ce \u00ab\u00a0Tom\u00a0\u00bb, c&rsquo;est son fils, Esteban r\u00e9incarn\u00e9. Elle est pr\u00eate \u00e0 tout laisser derri\u00e8re elle pour le suivre, le prot\u00e9ger. Car certaines choses ne s&rsquo;effacent jamais, que ce soit l&rsquo;amour d&rsquo;une m\u00e8re ou la haine&#8230;<\/p>\n","protected":false},"excerpt":{"rendered":"<p>Dix ans apr\u00e8s la disparition d&rsquo;Esteban, Maddi croit retrouver son fils en un myst\u00e9rieux sosie.<\/p>\n","protected":false},"featured_media":13433,"comment_status":"open","ping_status":"closed","template":"","meta":{"inline_featured_image":false},"product_cat":[204,143],"product_tag":[],"class_list":{"0":"post-13432","1":"product","2":"type-product","3":"status-publish","4":"has-post-thumbnail","6":"product_cat-francais","7":"product_cat-roman","8":"pa_auteurs-michel-bussi","10":"first","11":"instock","12":"shipping-taxable","13":"purchasable","14":"product-type-simple"},"_links":{"self":[{"href":"https:\/\/baralivres.ma\/index.php?rest_route=\/wp\/v2\/product\/13432","targetHints":{"allow":["GET"]}}],"collection":[{"href":"https:\/\/baralivres.ma\/index.php?rest_route=\/wp\/v2\/product"}],"about":[{"href":"https:\/\/baralivres.ma\/index.php?rest_route=\/wp\/v2\/types\/product"}],"replies":[{"embeddable":true,"href":"https:\/\/baralivres.ma\/index.php?rest_route=%2Fwp%2Fv2%2Fcomments&post=13432"}],"version-history":[{"count":1,"href":"https:\/\/baralivres.ma\/index.php?rest_route=\/wp\/v2\/product\/13432\/revisions"}],"predecessor-version":[{"id":13434,"href":"https:\/\/baralivres.ma\/index.php?rest_route=\/wp\/v2\/product\/13432\/revisions\/13434"}],"wp:featuredmedia":[{"embeddable":true,"href":"https:\/\/baralivres.ma\/index.php?rest_route=\/wp\/v2\/media\/13433"}],"wp:attachment":[{"href":"https:\/\/baralivres.ma\/index.php?rest_route=%2Fwp%2Fv2%2Fmedia&parent=13432"}],"wp:term":[{"taxonomy":"product_cat","embeddable":true,"href":"https:\/\/baralivres.ma\/index.php?rest_route=%2Fwp%2Fv2%2Fproduct_cat&post=13432"},{"taxonomy":"product_tag","embeddable":true,"href":"https:\/\/baralivres.ma\/index.php?rest_route=%2Fwp%2Fv2%2Fproduct_tag&post=13432"}],"curies":[{"name":"wp","href":"https:\/\/api.w.org\/{rel}","templated":true}]}}