{"id":13426,"date":"2023-10-20T18:47:08","date_gmt":"2023-10-20T17:47:08","guid":{"rendered":"https:\/\/baralivres.ma\/?post_type=product&#038;p=13426"},"modified":"2023-10-20T18:47:09","modified_gmt":"2023-10-20T17:47:09","slug":"quoi-quil-arrive","status":"publish","type":"product","link":"https:\/\/baralivres.ma\/?product=quoi-quil-arrive","title":{"rendered":"Quoi qu&rsquo;il arrive"},"content":{"rendered":"<p>Kate Madison, m\u00e8re c\u00e9libataire, voit ses quatre enfants faire leurs propres choix, parfois contre son avis. Isabelle, avocate, s&rsquo;\u00e9prend d&rsquo;un client m\u00eal\u00e9 \u00e0 une affaire criminelle. Julie quitte tout pour suivre un homme qu&rsquo;elle pense \u00eatre l&rsquo;homme parfait. Justin souhaite avoir un enfant avec son partenaire, mettant leur relation \u00e0 l&rsquo;\u00e9preuve. Willie se lance dans une histoire d&rsquo;amour inattendue. Malgr\u00e9 les erreurs de ses enfants, Kate comprend l&rsquo;importance d&rsquo;\u00eatre l\u00e0 pour eux, quoi qu&rsquo;il arrive.<\/p>\n","protected":false},"excerpt":{"rendered":"<p>Kate Madison, m\u00e8re de quatre enfants, les voit faire leurs propres choix, apprenant ainsi l&rsquo;importance d&rsquo;\u00eatre pr\u00e9sente pour eux, quoi qu&rsquo;il arrive.<\/p>\n","protected":false},"featured_media":13427,"comment_status":"open","ping_status":"closed","template":"","meta":{"inline_featured_image":false},"product_cat":[204,143],"product_tag":[],"class_list":{"0":"post-13426","1":"product","2":"type-product","3":"status-publish","4":"has-post-thumbnail","6":"product_cat-francais","7":"product_cat-roman","8":"pa_auteurs-danielle-steel","10":"first","11":"instock","12":"shipping-taxable","13":"purchasable","14":"product-type-simple"},"_links":{"self":[{"href":"https:\/\/baralivres.ma\/index.php?rest_route=\/wp\/v2\/product\/13426","targetHints":{"allow":["GET"]}}],"collection":[{"href":"https:\/\/baralivres.ma\/index.php?rest_route=\/wp\/v2\/product"}],"about":[{"href":"https:\/\/baralivres.ma\/index.php?rest_route=\/wp\/v2\/types\/product"}],"replies":[{"embeddable":true,"href":"https:\/\/baralivres.ma\/index.php?rest_route=%2Fwp%2Fv2%2Fcomments&post=13426"}],"version-history":[{"count":1,"href":"https:\/\/baralivres.ma\/index.php?rest_route=\/wp\/v2\/product\/13426\/revisions"}],"predecessor-version":[{"id":13428,"href":"https:\/\/baralivres.ma\/index.php?rest_route=\/wp\/v2\/product\/13426\/revisions\/13428"}],"wp:featuredmedia":[{"embeddable":true,"href":"https:\/\/baralivres.ma\/index.php?rest_route=\/wp\/v2\/media\/13427"}],"wp:attachment":[{"href":"https:\/\/baralivres.ma\/index.php?rest_route=%2Fwp%2Fv2%2Fmedia&parent=13426"}],"wp:term":[{"taxonomy":"product_cat","embeddable":true,"href":"https:\/\/baralivres.ma\/index.php?rest_route=%2Fwp%2Fv2%2Fproduct_cat&post=13426"},{"taxonomy":"product_tag","embeddable":true,"href":"https:\/\/baralivres.ma\/index.php?rest_route=%2Fwp%2Fv2%2Fproduct_tag&post=13426"}],"curies":[{"name":"wp","href":"https:\/\/api.w.org\/{rel}","templated":true}]}}