{"id":13420,"date":"2023-10-20T18:35:42","date_gmt":"2023-10-20T17:35:42","guid":{"rendered":"https:\/\/baralivres.ma\/?post_type=product&#038;p=13420"},"modified":"2023-10-20T18:35:42","modified_gmt":"2023-10-20T17:35:42","slug":"musique","status":"publish","type":"product","link":"https:\/\/baralivres.ma\/?product=musique","title":{"rendered":"Musique"},"content":{"rendered":"<p>Apr\u00e8s la perte de son mari, St\u00e9phanie, se sentant seule et d\u00e9prim\u00e9e, accepte \u00e0 contrec\u0153ur des vacances avec des amis. Lors d&rsquo;un d\u00e9tour \u00e0 Las Vegas, elle d\u00e9couvre le charme de Chase, une star de la musique country, et accepte de l&rsquo;accompagner en tourn\u00e9e, pr\u00eate \u00e0 vivre de nouvelles exp\u00e9riences.<\/p>\n","protected":false},"excerpt":{"rendered":"<p>Apr\u00e8s la perte de son mari, St\u00e9phanie part en vacances avec des amis et rencontre Chase, une star de la musique country, avec qui elle d\u00e9cide de partir en tourn\u00e9e pour vivre de nouvelles exp\u00e9riences.<\/p>\n","protected":false},"featured_media":13421,"comment_status":"open","ping_status":"closed","template":"","meta":{"inline_featured_image":false},"product_cat":[204,143],"product_tag":[],"class_list":{"0":"post-13420","1":"product","2":"type-product","3":"status-publish","4":"has-post-thumbnail","6":"product_cat-francais","7":"product_cat-roman","8":"pa_auteurs-danielle-steel","10":"first","11":"instock","12":"shipping-taxable","13":"purchasable","14":"product-type-simple"},"_links":{"self":[{"href":"https:\/\/baralivres.ma\/index.php?rest_route=\/wp\/v2\/product\/13420","targetHints":{"allow":["GET"]}}],"collection":[{"href":"https:\/\/baralivres.ma\/index.php?rest_route=\/wp\/v2\/product"}],"about":[{"href":"https:\/\/baralivres.ma\/index.php?rest_route=\/wp\/v2\/types\/product"}],"replies":[{"embeddable":true,"href":"https:\/\/baralivres.ma\/index.php?rest_route=%2Fwp%2Fv2%2Fcomments&post=13420"}],"version-history":[{"count":1,"href":"https:\/\/baralivres.ma\/index.php?rest_route=\/wp\/v2\/product\/13420\/revisions"}],"predecessor-version":[{"id":13422,"href":"https:\/\/baralivres.ma\/index.php?rest_route=\/wp\/v2\/product\/13420\/revisions\/13422"}],"wp:featuredmedia":[{"embeddable":true,"href":"https:\/\/baralivres.ma\/index.php?rest_route=\/wp\/v2\/media\/13421"}],"wp:attachment":[{"href":"https:\/\/baralivres.ma\/index.php?rest_route=%2Fwp%2Fv2%2Fmedia&parent=13420"}],"wp:term":[{"taxonomy":"product_cat","embeddable":true,"href":"https:\/\/baralivres.ma\/index.php?rest_route=%2Fwp%2Fv2%2Fproduct_cat&post=13420"},{"taxonomy":"product_tag","embeddable":true,"href":"https:\/\/baralivres.ma\/index.php?rest_route=%2Fwp%2Fv2%2Fproduct_tag&post=13420"}],"curies":[{"name":"wp","href":"https:\/\/api.w.org\/{rel}","templated":true}]}}