{"id":13389,"date":"2023-10-20T03:21:08","date_gmt":"2023-10-20T02:21:08","guid":{"rendered":"https:\/\/baralivres.ma\/?post_type=product&#038;p=13389"},"modified":"2023-10-20T03:21:09","modified_gmt":"2023-10-20T02:21:09","slug":"furie-divine","status":"publish","type":"product","link":"https:\/\/baralivres.ma\/?product=furie-divine","title":{"rendered":"Furie divine"},"content":{"rendered":"<p>\u00c0 Mayak, un complexe nucl\u00e9aire situ\u00e9 en Russie, au beau milieu de la nuit, un groupe de Tch\u00e9tch\u00e8nes entre en action pour voler deux pr\u00e9cieuses cargaisons d&rsquo;uranium hautement enrichi. C&rsquo;est alors que Tom\u00e1s Noronha, en plein cong\u00e9, est contact\u00e9 par Frank Bellamy, le directeur des Sciences et de la Technologie de la CIA. Le cryptologue portugais se voit confier la mission de d\u00e9crypter un message d&rsquo;Al-Qa\u00efda qui pourrait potentiellement repr\u00e9senter une menace d&rsquo;envergure mondiale.<\/p>\n<p>En parall\u00e8le, quarante ans plus t\u00f4t en \u00c9gypte, un jeune gar\u00e7on nomm\u00e9 Ahmed, pieux et brillant, fait la d\u00e9couverte d&rsquo;une facette diff\u00e9rente de l&rsquo;islam, celle du djihad et de la lutte contre les non-croyants&#8230;<\/p>\n","protected":false},"excerpt":{"rendered":"<p>Vol d&rsquo;uranium en Russie, cryptologue Noronha, menace Al-Qa\u00efda, Ahmed d\u00e9couvre djihad en \u00c9gypte.<\/p>\n","protected":false},"featured_media":13392,"comment_status":"open","ping_status":"closed","template":"","meta":{"inline_featured_image":false},"product_cat":[204,143],"product_tag":[],"class_list":{"0":"post-13389","1":"product","2":"type-product","3":"status-publish","4":"has-post-thumbnail","6":"product_cat-francais","7":"product_cat-roman","8":"pa_auteurs-j-r-dos-santons","10":"first","11":"instock","12":"shipping-taxable","13":"purchasable","14":"product-type-simple"},"_links":{"self":[{"href":"https:\/\/baralivres.ma\/index.php?rest_route=\/wp\/v2\/product\/13389","targetHints":{"allow":["GET"]}}],"collection":[{"href":"https:\/\/baralivres.ma\/index.php?rest_route=\/wp\/v2\/product"}],"about":[{"href":"https:\/\/baralivres.ma\/index.php?rest_route=\/wp\/v2\/types\/product"}],"replies":[{"embeddable":true,"href":"https:\/\/baralivres.ma\/index.php?rest_route=%2Fwp%2Fv2%2Fcomments&post=13389"}],"version-history":[{"count":1,"href":"https:\/\/baralivres.ma\/index.php?rest_route=\/wp\/v2\/product\/13389\/revisions"}],"predecessor-version":[{"id":13393,"href":"https:\/\/baralivres.ma\/index.php?rest_route=\/wp\/v2\/product\/13389\/revisions\/13393"}],"wp:featuredmedia":[{"embeddable":true,"href":"https:\/\/baralivres.ma\/index.php?rest_route=\/wp\/v2\/media\/13392"}],"wp:attachment":[{"href":"https:\/\/baralivres.ma\/index.php?rest_route=%2Fwp%2Fv2%2Fmedia&parent=13389"}],"wp:term":[{"taxonomy":"product_cat","embeddable":true,"href":"https:\/\/baralivres.ma\/index.php?rest_route=%2Fwp%2Fv2%2Fproduct_cat&post=13389"},{"taxonomy":"product_tag","embeddable":true,"href":"https:\/\/baralivres.ma\/index.php?rest_route=%2Fwp%2Fv2%2Fproduct_tag&post=13389"}],"curies":[{"name":"wp","href":"https:\/\/api.w.org\/{rel}","templated":true}]}}