{"id":13362,"date":"2023-10-20T02:10:08","date_gmt":"2023-10-20T01:10:08","guid":{"rendered":"https:\/\/baralivres.ma\/?post_type=product&#038;p=13362"},"modified":"2023-10-20T02:17:40","modified_gmt":"2023-10-20T01:17:40","slug":"un-millionnaire-a-lisbonne","status":"publish","type":"product","link":"https:\/\/baralivres.ma\/?product=un-millionnaire-a-lisbonne","title":{"rendered":"Un millionnaire \u00e0 Lisbonne"},"content":{"rendered":"<p>Il r\u00e9gnait en ma\u00eetre sur l&rsquo;industrie p\u00e9troli\u00e8re, et \u00e9tait consid\u00e9r\u00e9 comme le souverain des ventes aux ench\u00e8res. Ce jour-l\u00e0, en 1955, marque la fin de la vie de celui qu&rsquo;on surnomme \u00ab\u00a0l&rsquo;homme le plus riche du XXe si\u00e8cle\u00a0\u00bb&#8230;<\/p>\n<p>Dans une pi\u00e8ce adjacente, son fils Krikor se plonge profond\u00e9ment dans les notes de son p\u00e8re, un homme qu&rsquo;il conna\u00eet si peu. Car Calouste Gulbenkian n&rsquo;a pas toujours \u00e9t\u00e9 le riche collectionneur qui sautillait d&rsquo;un h\u00f4tel de luxe \u00e0 un autre, d&rsquo;une ma\u00eetresse \u00e0 une autre. Il a travers\u00e9 les horreurs du g\u00e9nocide arm\u00e9nien avec son peuple. \u00c0 Paris, il a fui l&rsquo;occupation allemande, et \u00e0 Lisbonne, il a trouv\u00e9 un exil confortable&#8230; Tout au long de ce p\u00e9riple, il a cherch\u00e9 la r\u00e9ponse \u00e0 la seule question qui le pr\u00e9occupait : le sens de la Beaut\u00e9&#8230;<\/p>\n","protected":false},"excerpt":{"rendered":"<p>Calouste Gulbenkian, riche collectionneur, meurt en 1955. Son fils Krikor d\u00e9couvre son pass\u00e9 marqu\u00e9 par le g\u00e9nocide arm\u00e9nien et la qu\u00eate de la Beaut\u00e9 de son p\u00e8re.<\/p>\n","protected":false},"featured_media":13373,"comment_status":"open","ping_status":"closed","template":"","meta":{"inline_featured_image":false},"product_cat":[204,143],"product_tag":[],"class_list":{"0":"post-13362","1":"product","2":"type-product","3":"status-publish","4":"has-post-thumbnail","6":"product_cat-francais","7":"product_cat-roman","8":"pa_auteurs-j-r-dos-santons","10":"first","11":"instock","12":"shipping-taxable","13":"purchasable","14":"product-type-simple"},"_links":{"self":[{"href":"https:\/\/baralivres.ma\/index.php?rest_route=\/wp\/v2\/product\/13362","targetHints":{"allow":["GET"]}}],"collection":[{"href":"https:\/\/baralivres.ma\/index.php?rest_route=\/wp\/v2\/product"}],"about":[{"href":"https:\/\/baralivres.ma\/index.php?rest_route=\/wp\/v2\/types\/product"}],"replies":[{"embeddable":true,"href":"https:\/\/baralivres.ma\/index.php?rest_route=%2Fwp%2Fv2%2Fcomments&post=13362"}],"version-history":[{"count":3,"href":"https:\/\/baralivres.ma\/index.php?rest_route=\/wp\/v2\/product\/13362\/revisions"}],"predecessor-version":[{"id":13374,"href":"https:\/\/baralivres.ma\/index.php?rest_route=\/wp\/v2\/product\/13362\/revisions\/13374"}],"wp:featuredmedia":[{"embeddable":true,"href":"https:\/\/baralivres.ma\/index.php?rest_route=\/wp\/v2\/media\/13373"}],"wp:attachment":[{"href":"https:\/\/baralivres.ma\/index.php?rest_route=%2Fwp%2Fv2%2Fmedia&parent=13362"}],"wp:term":[{"taxonomy":"product_cat","embeddable":true,"href":"https:\/\/baralivres.ma\/index.php?rest_route=%2Fwp%2Fv2%2Fproduct_cat&post=13362"},{"taxonomy":"product_tag","embeddable":true,"href":"https:\/\/baralivres.ma\/index.php?rest_route=%2Fwp%2Fv2%2Fproduct_tag&post=13362"}],"curies":[{"name":"wp","href":"https:\/\/api.w.org\/{rel}","templated":true}]}}