{"id":13305,"date":"2023-10-19T17:50:51","date_gmt":"2023-10-19T16:50:51","guid":{"rendered":"https:\/\/baralivres.ma\/?post_type=product&#038;p=13305"},"modified":"2023-11-07T12:19:35","modified_gmt":"2023-11-07T11:19:35","slug":"sept-jours-pour-une-eternite","status":"publish","type":"product","link":"https:\/\/baralivres.ma\/?product=sept-jours-pour-une-eternite","title":{"rendered":"Sept jours pour une \u00e9ternit\u00e9&#8230;"},"content":{"rendered":"<p>Il \u00e9mane de lui le charme de l&rsquo;enfer,<\/p>\n<p>Elle poss\u00e8de la puissance des cieux&#8230;<\/p>\n<p>Afin de mettre un terme \u00e0 leur rivalit\u00e9 \u00e9ternelle, Dieu et Lucifer se sont lanc\u00e9s un d\u00e9fi ultime&#8230;<\/p>\n<p>Ils d\u00e9p\u00eachent en mission leurs agents d&rsquo;\u00e9lite&#8230;<\/p>\n<p>Lucas et Zofia auront sept jours pour d\u00e9fendre leur cause sur Terre, d\u00e9terminant ainsi qui, entre le Bien et le Mal, r\u00e9gnera sur les hommes&#8230;<\/p>\n<p>En orchestrant cette comp\u00e9tition \u00e9trange, Dieu et Lucifer avaient tout planifi\u00e9, sauf un d\u00e9tail&#8230;<\/p>\n<p>La rencontre entre l&rsquo;ange et le d\u00e9mon..<\/p>\n","protected":false},"excerpt":{"rendered":"<p>Un ange et un d\u00e9mon sont envoy\u00e9s sur Terre pour un d\u00e9fi divin, mais leur rencontre impr\u00e9vue pourrait tout bouleverser.<\/p>\n","protected":false},"featured_media":13307,"comment_status":"open","ping_status":"closed","template":"","meta":{"inline_featured_image":false},"product_cat":[204,143],"product_tag":[],"class_list":{"0":"post-13305","1":"product","2":"type-product","3":"status-publish","4":"has-post-thumbnail","6":"product_cat-francais","7":"product_cat-roman","8":"pa_auteurs-marc-levy","10":"first","11":"instock","12":"shipping-taxable","13":"purchasable","14":"product-type-simple"},"_links":{"self":[{"href":"https:\/\/baralivres.ma\/index.php?rest_route=\/wp\/v2\/product\/13305","targetHints":{"allow":["GET"]}}],"collection":[{"href":"https:\/\/baralivres.ma\/index.php?rest_route=\/wp\/v2\/product"}],"about":[{"href":"https:\/\/baralivres.ma\/index.php?rest_route=\/wp\/v2\/types\/product"}],"replies":[{"embeddable":true,"href":"https:\/\/baralivres.ma\/index.php?rest_route=%2Fwp%2Fv2%2Fcomments&post=13305"}],"version-history":[{"count":4,"href":"https:\/\/baralivres.ma\/index.php?rest_route=\/wp\/v2\/product\/13305\/revisions"}],"predecessor-version":[{"id":13310,"href":"https:\/\/baralivres.ma\/index.php?rest_route=\/wp\/v2\/product\/13305\/revisions\/13310"}],"wp:featuredmedia":[{"embeddable":true,"href":"https:\/\/baralivres.ma\/index.php?rest_route=\/wp\/v2\/media\/13307"}],"wp:attachment":[{"href":"https:\/\/baralivres.ma\/index.php?rest_route=%2Fwp%2Fv2%2Fmedia&parent=13305"}],"wp:term":[{"taxonomy":"product_cat","embeddable":true,"href":"https:\/\/baralivres.ma\/index.php?rest_route=%2Fwp%2Fv2%2Fproduct_cat&post=13305"},{"taxonomy":"product_tag","embeddable":true,"href":"https:\/\/baralivres.ma\/index.php?rest_route=%2Fwp%2Fv2%2Fproduct_tag&post=13305"}],"curies":[{"name":"wp","href":"https:\/\/api.w.org\/{rel}","templated":true}]}}