{"id":13302,"date":"2023-10-19T17:38:33","date_gmt":"2023-10-19T16:38:33","guid":{"rendered":"https:\/\/baralivres.ma\/?post_type=product&#038;p=13302"},"modified":"2023-10-19T17:38:34","modified_gmt":"2023-10-19T16:38:34","slug":"la-prochaine-fois","status":"publish","type":"product","link":"https:\/\/baralivres.ma\/?product=la-prochaine-fois","title":{"rendered":"La Prochaine Fois"},"content":{"rendered":"<p>La rencontre entre Jonathan, expert en peinture, et Clara, une galeriste, est provoqu\u00e9e par la d\u00e9couverte d&rsquo;un tableau perdu, intitul\u00e9 \u00ab\u00a0La Jeune Femme \u00e0 la robe rouge\u00a0\u00bb.<\/p>\n<p>Malgr\u00e9 le fait qu&rsquo;ils vivent dans des villes diff\u00e9rentes et ne se soient jamais crois\u00e9s auparavant, une \u00e9trange connexion se forme entre ces deux passionn\u00e9s d&rsquo;art. Ils ont le sentiment de se conna\u00eetre depuis longtemps, comme s&rsquo;ils s&rsquo;\u00e9taient d\u00e9j\u00e0 rencontr\u00e9s par le pass\u00e9, peut-\u00eatre m\u00eame dans un Londres datant d&rsquo;une \u00e9poque r\u00e9volue.<\/p>\n<p>Leur qu\u00eate les m\u00e8ne de Saint-P\u00e9tersbourg \u00e0 Boston, de Londres \u00e0 Florence et Paris, dans une aventure o\u00f9 l&rsquo;amour, la trahison et des myst\u00e8res traversent les si\u00e8cles, d\u00e9fiants le passage du temps.<\/p>\n","protected":false},"excerpt":{"rendered":"<p>Un tableau perdu rapproche Jonathan, expert en art, et Clara, galeriste. Ils cherchent \u00e0 comprendre leur lien \u00e9nigmatique tout en explorant le pass\u00e9 \u00e0 travers le monde.<\/p>\n<p>&nbsp;<\/p>\n","protected":false},"featured_media":13303,"comment_status":"open","ping_status":"closed","template":"","meta":{"inline_featured_image":false},"product_cat":[204,143],"product_tag":[],"class_list":{"0":"post-13302","1":"product","2":"type-product","3":"status-publish","4":"has-post-thumbnail","6":"product_cat-francais","7":"product_cat-roman","8":"pa_auteurs-marc-levy","10":"first","11":"instock","12":"shipping-taxable","13":"purchasable","14":"product-type-simple"},"_links":{"self":[{"href":"https:\/\/baralivres.ma\/index.php?rest_route=\/wp\/v2\/product\/13302","targetHints":{"allow":["GET"]}}],"collection":[{"href":"https:\/\/baralivres.ma\/index.php?rest_route=\/wp\/v2\/product"}],"about":[{"href":"https:\/\/baralivres.ma\/index.php?rest_route=\/wp\/v2\/types\/product"}],"replies":[{"embeddable":true,"href":"https:\/\/baralivres.ma\/index.php?rest_route=%2Fwp%2Fv2%2Fcomments&post=13302"}],"version-history":[{"count":1,"href":"https:\/\/baralivres.ma\/index.php?rest_route=\/wp\/v2\/product\/13302\/revisions"}],"predecessor-version":[{"id":13304,"href":"https:\/\/baralivres.ma\/index.php?rest_route=\/wp\/v2\/product\/13302\/revisions\/13304"}],"wp:featuredmedia":[{"embeddable":true,"href":"https:\/\/baralivres.ma\/index.php?rest_route=\/wp\/v2\/media\/13303"}],"wp:attachment":[{"href":"https:\/\/baralivres.ma\/index.php?rest_route=%2Fwp%2Fv2%2Fmedia&parent=13302"}],"wp:term":[{"taxonomy":"product_cat","embeddable":true,"href":"https:\/\/baralivres.ma\/index.php?rest_route=%2Fwp%2Fv2%2Fproduct_cat&post=13302"},{"taxonomy":"product_tag","embeddable":true,"href":"https:\/\/baralivres.ma\/index.php?rest_route=%2Fwp%2Fv2%2Fproduct_tag&post=13302"}],"curies":[{"name":"wp","href":"https:\/\/api.w.org\/{rel}","templated":true}]}}