{"id":13266,"date":"2023-10-19T02:50:09","date_gmt":"2023-10-19T01:50:09","guid":{"rendered":"https:\/\/baralivres.ma\/?post_type=product&#038;p=13266"},"modified":"2023-10-19T02:50:10","modified_gmt":"2023-10-19T01:50:10","slug":"au-pays-de-dieu","status":"publish","type":"product","link":"https:\/\/baralivres.ma\/?product=au-pays-de-dieu","title":{"rendered":"AU PAYS DE DIEU"},"content":{"rendered":"<p>Douglas Kennedy explore la \u00ab\u00a0ceinture de la Bible\u00a0\u00bb dans le Sud des \u00c9tats-Unis, intrigue qui l&rsquo;am\u00e8ne \u00e0 r\u00e9diger un journal de voyage r\u00e9v\u00e9lateur et d&rsquo;une pertinence troublante.<\/p>\n<p>Il d\u00e9peint un paysage o\u00f9 politiciens se font pr\u00eacheurs, pr\u00eatres se muent en gu\u00e9risseurs et anciens mafieux se reconvertissent en vendeurs d&rsquo;indulgences. L&rsquo;int\u00e9grisme, la surm\u00e9diatisation et les abus de confiance forment une trinit\u00e9 inqui\u00e9tante. Douglas Kennedy, plus incisif que jamais, dresse un constat gla\u00e7ant, o\u00f9 la foi et l&rsquo;argent se m\u00ealent d&rsquo;une mani\u00e8re troublante.<\/p>\n","protected":false},"excerpt":{"rendered":"<p>Douglas Kennedy explore la \u00ab\u00a0ceinture de la Bible\u00a0\u00bb aux \u00c9tats-Unis, mettant en lumi\u00e8re les d\u00e9rives politico-religieuses et les abus de confiance. Son carnet de voyage expose de mani\u00e8re saisissante l&rsquo;influence de l&rsquo;int\u00e9grisme et de la m\u00e9diatisation.<\/p>\n","protected":false},"featured_media":13267,"comment_status":"open","ping_status":"closed","template":"","meta":{"inline_featured_image":false},"product_cat":[204,143],"product_tag":[],"class_list":{"0":"post-13266","1":"product","2":"type-product","3":"status-publish","4":"has-post-thumbnail","6":"product_cat-francais","7":"product_cat-roman","8":"pa_auteurs-douglas-kennedy","10":"first","11":"instock","12":"shipping-taxable","13":"purchasable","14":"product-type-simple"},"_links":{"self":[{"href":"https:\/\/baralivres.ma\/index.php?rest_route=\/wp\/v2\/product\/13266","targetHints":{"allow":["GET"]}}],"collection":[{"href":"https:\/\/baralivres.ma\/index.php?rest_route=\/wp\/v2\/product"}],"about":[{"href":"https:\/\/baralivres.ma\/index.php?rest_route=\/wp\/v2\/types\/product"}],"replies":[{"embeddable":true,"href":"https:\/\/baralivres.ma\/index.php?rest_route=%2Fwp%2Fv2%2Fcomments&post=13266"}],"version-history":[{"count":1,"href":"https:\/\/baralivres.ma\/index.php?rest_route=\/wp\/v2\/product\/13266\/revisions"}],"predecessor-version":[{"id":13268,"href":"https:\/\/baralivres.ma\/index.php?rest_route=\/wp\/v2\/product\/13266\/revisions\/13268"}],"wp:featuredmedia":[{"embeddable":true,"href":"https:\/\/baralivres.ma\/index.php?rest_route=\/wp\/v2\/media\/13267"}],"wp:attachment":[{"href":"https:\/\/baralivres.ma\/index.php?rest_route=%2Fwp%2Fv2%2Fmedia&parent=13266"}],"wp:term":[{"taxonomy":"product_cat","embeddable":true,"href":"https:\/\/baralivres.ma\/index.php?rest_route=%2Fwp%2Fv2%2Fproduct_cat&post=13266"},{"taxonomy":"product_tag","embeddable":true,"href":"https:\/\/baralivres.ma\/index.php?rest_route=%2Fwp%2Fv2%2Fproduct_tag&post=13266"}],"curies":[{"name":"wp","href":"https:\/\/api.w.org\/{rel}","templated":true}]}}