{"id":13260,"date":"2023-10-19T02:28:18","date_gmt":"2023-10-19T01:28:18","guid":{"rendered":"https:\/\/baralivres.ma\/?post_type=product&#038;p=13260"},"modified":"2023-10-19T02:28:18","modified_gmt":"2023-10-19T01:28:18","slug":"symphonie-du-hasard-t1","status":"publish","type":"product","link":"https:\/\/baralivres.ma\/?product=symphonie-du-hasard-t1","title":{"rendered":"SYMPHONIE DU HASARD T1"},"content":{"rendered":"<p>Alice est profond\u00e9ment frapp\u00e9e par la v\u00e9rit\u00e9 des mots : \u00ab\u00a0Toutes les familles sont des soci\u00e9t\u00e9s secr\u00e8tes.\u00a0\u00bb Elle sait ce que signifient les secrets et les non-dits, les Burns en ayant fait leur sp\u00e9cialit\u00e9. Le dernier en date ? Une confession d&rsquo;Adam, son fr\u00e8re trader, depuis la prison, qui la replonge quinze ans en arri\u00e8re. C&rsquo;\u00e9tait l&rsquo;Am\u00e9rique des ann\u00e9es 70, marqu\u00e9e par les droits civiques et les agitations sur les campus. Un souffle de libert\u00e9 animait les aspirations et Alice r\u00eavait d&rsquo;\u00e9vasion. C&rsquo;\u00e9tait le moment des d\u00e9cisions, les premi\u00e8res notes d&rsquo;une symphonie \u00e0 venir\u2026<\/p>\n","protected":false},"excerpt":{"rendered":"<p>Les secrets r\u00e8gnent chez les Burns. La confession d&rsquo;Adam, son fr\u00e8re en prison, la ram\u00e8ne quinze ans en arri\u00e8re, dans l&rsquo;Am\u00e9rique des ann\u00e9es 70. C&rsquo;est l\u00e0 qu&rsquo;Alice r\u00eavait d&rsquo;\u00e9vasion, amor\u00e7ant ainsi une symphonie \u00e0 composer.<\/p>\n","protected":false},"featured_media":13261,"comment_status":"open","ping_status":"closed","template":"","meta":{"inline_featured_image":false},"product_cat":[204,143,178],"product_tag":[],"class_list":{"0":"post-13260","1":"product","2":"type-product","3":"status-publish","4":"has-post-thumbnail","6":"product_cat-francais","7":"product_cat-roman","8":"product_cat-contemporain","9":"pa_auteurs-douglas-kennedy","11":"first","12":"instock","13":"shipping-taxable","14":"purchasable","15":"product-type-simple"},"_links":{"self":[{"href":"https:\/\/baralivres.ma\/index.php?rest_route=\/wp\/v2\/product\/13260","targetHints":{"allow":["GET"]}}],"collection":[{"href":"https:\/\/baralivres.ma\/index.php?rest_route=\/wp\/v2\/product"}],"about":[{"href":"https:\/\/baralivres.ma\/index.php?rest_route=\/wp\/v2\/types\/product"}],"replies":[{"embeddable":true,"href":"https:\/\/baralivres.ma\/index.php?rest_route=%2Fwp%2Fv2%2Fcomments&post=13260"}],"version-history":[{"count":1,"href":"https:\/\/baralivres.ma\/index.php?rest_route=\/wp\/v2\/product\/13260\/revisions"}],"predecessor-version":[{"id":13262,"href":"https:\/\/baralivres.ma\/index.php?rest_route=\/wp\/v2\/product\/13260\/revisions\/13262"}],"wp:featuredmedia":[{"embeddable":true,"href":"https:\/\/baralivres.ma\/index.php?rest_route=\/wp\/v2\/media\/13261"}],"wp:attachment":[{"href":"https:\/\/baralivres.ma\/index.php?rest_route=%2Fwp%2Fv2%2Fmedia&parent=13260"}],"wp:term":[{"taxonomy":"product_cat","embeddable":true,"href":"https:\/\/baralivres.ma\/index.php?rest_route=%2Fwp%2Fv2%2Fproduct_cat&post=13260"},{"taxonomy":"product_tag","embeddable":true,"href":"https:\/\/baralivres.ma\/index.php?rest_route=%2Fwp%2Fv2%2Fproduct_tag&post=13260"}],"curies":[{"name":"wp","href":"https:\/\/api.w.org\/{rel}","templated":true}]}}