{"id":13247,"date":"2023-10-19T01:56:24","date_gmt":"2023-10-19T00:56:24","guid":{"rendered":"https:\/\/baralivres.ma\/?post_type=product&#038;p=13247"},"modified":"2023-10-19T01:56:24","modified_gmt":"2023-10-19T00:56:24","slug":"poursuite-du-bonheur-pocket","status":"publish","type":"product","link":"https:\/\/baralivres.ma\/?product=poursuite-du-bonheur-pocket","title":{"rendered":"POURSUITE DU BONHEUR &#8211; POCKET"},"content":{"rendered":"<p>Le jour suivant les fun\u00e9railles de sa m\u00e8re, Kate Malone re\u00e7oit un appel de Sara Smythe, affirmant \u00eatre une amie de ses parents. Malgr\u00e9 le doute de Kate, Sara lui confie un manuscrit qui raconte l&rsquo;entrelacement de plusieurs vies il y a cinquante ans.<\/p>\n<p>En 1945, l&rsquo;Am\u00e9rique se remet de la guerre, mais rapidement, les sombres heures du maccarthysme apportent leur lot de trahisons et de conformismes l\u00e2ches. Au c\u0153ur de cette tourmente, se forge l&rsquo;histoire des Malone.<\/p>\n","protected":false},"excerpt":{"rendered":"<p>Apr\u00e8s les fun\u00e9railles de sa m\u00e8re, Kate re\u00e7oit un manuscrit de Sara Smythe qui relate des vies entrelac\u00e9es il y a cinquante ans. En 1945, l&rsquo;Am\u00e9rique se remet de la guerre, mais le maccarthysme apporte trahisons et conformisme, influen\u00e7ant l&rsquo;histoire des Malone.<\/p>\n","protected":false},"featured_media":13249,"comment_status":"open","ping_status":"closed","template":"","meta":{"inline_featured_image":false},"product_cat":[204,143],"product_tag":[],"class_list":{"0":"post-13247","1":"product","2":"type-product","3":"status-publish","4":"has-post-thumbnail","6":"product_cat-francais","7":"product_cat-roman","8":"pa_auteurs-douglas-kennedy","10":"first","11":"instock","12":"shipping-taxable","13":"purchasable","14":"product-type-simple"},"_links":{"self":[{"href":"https:\/\/baralivres.ma\/index.php?rest_route=\/wp\/v2\/product\/13247","targetHints":{"allow":["GET"]}}],"collection":[{"href":"https:\/\/baralivres.ma\/index.php?rest_route=\/wp\/v2\/product"}],"about":[{"href":"https:\/\/baralivres.ma\/index.php?rest_route=\/wp\/v2\/types\/product"}],"replies":[{"embeddable":true,"href":"https:\/\/baralivres.ma\/index.php?rest_route=%2Fwp%2Fv2%2Fcomments&post=13247"}],"version-history":[{"count":1,"href":"https:\/\/baralivres.ma\/index.php?rest_route=\/wp\/v2\/product\/13247\/revisions"}],"predecessor-version":[{"id":13250,"href":"https:\/\/baralivres.ma\/index.php?rest_route=\/wp\/v2\/product\/13247\/revisions\/13250"}],"wp:featuredmedia":[{"embeddable":true,"href":"https:\/\/baralivres.ma\/index.php?rest_route=\/wp\/v2\/media\/13249"}],"wp:attachment":[{"href":"https:\/\/baralivres.ma\/index.php?rest_route=%2Fwp%2Fv2%2Fmedia&parent=13247"}],"wp:term":[{"taxonomy":"product_cat","embeddable":true,"href":"https:\/\/baralivres.ma\/index.php?rest_route=%2Fwp%2Fv2%2Fproduct_cat&post=13247"},{"taxonomy":"product_tag","embeddable":true,"href":"https:\/\/baralivres.ma\/index.php?rest_route=%2Fwp%2Fv2%2Fproduct_tag&post=13247"}],"curies":[{"name":"wp","href":"https:\/\/api.w.org\/{rel}","templated":true}]}}