{"id":13242,"date":"2023-10-18T22:12:28","date_gmt":"2023-10-18T21:12:28","guid":{"rendered":"https:\/\/baralivres.ma\/?post_type=product&#038;p=13242"},"modified":"2023-10-18T22:13:00","modified_gmt":"2023-10-18T21:13:00","slug":"13242","status":"publish","type":"product","link":"https:\/\/baralivres.ma\/?product=13242","title":{"rendered":"Le Cr\u00e9puscule des fauves"},"content":{"rendered":"<p>Maya a myst\u00e9rieusement disparu, d\u00e9clenchant ainsi une course contre la montre sur le terrain pour les membres du Groupe 9, des hackeurs d\u00e9termin\u00e9s \u00e0 contrecarrer la conspiration ourdie par les fauves. Ces derniers, une poign\u00e9e de personnes puissantes, cherchent \u00e0 restreindre nos libert\u00e9s. Leur sinistre dessein : semer le chaos, accaparer toutes les richesses et exercer un pouvoir sans bornes. Cependant, qui se cache derri\u00e8re le myst\u00e9rieux Groupe 9 ?<\/p>\n","protected":false},"excerpt":{"rendered":"<p>Maya disparue. Groupe 9 combat complots. Qui est 9 ?<\/p>\n","protected":false},"featured_media":13243,"comment_status":"open","ping_status":"closed","template":"","meta":{"inline_featured_image":false},"product_cat":[204,143],"product_tag":[],"class_list":{"0":"post-13242","1":"product","2":"type-product","3":"status-publish","4":"has-post-thumbnail","6":"product_cat-francais","7":"product_cat-roman","8":"pa_auteurs-marc-levy","10":"first","11":"instock","12":"shipping-taxable","13":"purchasable","14":"product-type-simple"},"_links":{"self":[{"href":"https:\/\/baralivres.ma\/index.php?rest_route=\/wp\/v2\/product\/13242","targetHints":{"allow":["GET"]}}],"collection":[{"href":"https:\/\/baralivres.ma\/index.php?rest_route=\/wp\/v2\/product"}],"about":[{"href":"https:\/\/baralivres.ma\/index.php?rest_route=\/wp\/v2\/types\/product"}],"replies":[{"embeddable":true,"href":"https:\/\/baralivres.ma\/index.php?rest_route=%2Fwp%2Fv2%2Fcomments&post=13242"}],"version-history":[{"count":2,"href":"https:\/\/baralivres.ma\/index.php?rest_route=\/wp\/v2\/product\/13242\/revisions"}],"predecessor-version":[{"id":13245,"href":"https:\/\/baralivres.ma\/index.php?rest_route=\/wp\/v2\/product\/13242\/revisions\/13245"}],"wp:featuredmedia":[{"embeddable":true,"href":"https:\/\/baralivres.ma\/index.php?rest_route=\/wp\/v2\/media\/13243"}],"wp:attachment":[{"href":"https:\/\/baralivres.ma\/index.php?rest_route=%2Fwp%2Fv2%2Fmedia&parent=13242"}],"wp:term":[{"taxonomy":"product_cat","embeddable":true,"href":"https:\/\/baralivres.ma\/index.php?rest_route=%2Fwp%2Fv2%2Fproduct_cat&post=13242"},{"taxonomy":"product_tag","embeddable":true,"href":"https:\/\/baralivres.ma\/index.php?rest_route=%2Fwp%2Fv2%2Fproduct_tag&post=13242"}],"curies":[{"name":"wp","href":"https:\/\/api.w.org\/{rel}","templated":true}]}}