{"id":13227,"date":"2023-10-18T19:32:53","date_gmt":"2023-10-18T18:32:53","guid":{"rendered":"https:\/\/baralivres.ma\/?post_type=product&#038;p=13227"},"modified":"2023-10-18T19:32:53","modified_gmt":"2023-10-18T18:32:53","slug":"un-sentiment-plus-fort-que-la-peur","status":"publish","type":"product","link":"https:\/\/baralivres.ma\/?product=un-sentiment-plus-fort-que-la-peur","title":{"rendered":"Un sentiment plus fort que la peur"},"content":{"rendered":"<p>Apr\u00e8s des mois d&rsquo;investigations acharn\u00e9es, Suzie Baker parvient enfin \u00e0 localiser l&rsquo;\u00e9pave d&rsquo;un vieux Boeing enfoui sous les glaces du mont Blanc. \u00c0 l&rsquo;int\u00e9rieur de l&rsquo;\u00e9pave, g\u00eet un document potentiellement crucial pouvant r\u00e9tablir la r\u00e9putation de sa famille, accus\u00e9e de haute trahison. Cependant, cette trouvaille compromettante r\u00e9veille les r\u00e9seaux clandestins des services secrets am\u00e9ricains. \u00c0 New York, le journaliste Andrew Stilman se remet difficilement d&rsquo;une agression qui a failli lui co\u00fbter la vie. Cependant, l&rsquo;histoire de Suzie Baker est si captivante, et ses implications si \u00e9normes, qu&rsquo;elle vaut peut-\u00eatre la peine de risquer sa vie une seconde fois. Traqu\u00e9s et manipul\u00e9s, Suzie et Andrew devront d\u00e9jouer des pi\u00e8ges et des illusions pour enfin r\u00e9v\u00e9ler l&rsquo;un des secrets les mieux gard\u00e9s de notre \u00e9poque.<\/p>\n","protected":false},"excerpt":{"rendered":"<p>Suzie d\u00e9couvre un document crucial dans un avion sous la glace. Avec Andrew, elle affronte les secrets dangereux des services secrets.<\/p>\n","protected":false},"featured_media":13228,"comment_status":"open","ping_status":"closed","template":"","meta":{"inline_featured_image":false},"product_cat":[203,204,143],"product_tag":[],"class_list":{"0":"post-13227","1":"product","2":"type-product","3":"status-publish","4":"has-post-thumbnail","6":"product_cat-adolescente","7":"product_cat-francais","8":"product_cat-roman","9":"pa_auteurs-marc-levy","11":"first","12":"instock","13":"shipping-taxable","14":"purchasable","15":"product-type-simple"},"_links":{"self":[{"href":"https:\/\/baralivres.ma\/index.php?rest_route=\/wp\/v2\/product\/13227","targetHints":{"allow":["GET"]}}],"collection":[{"href":"https:\/\/baralivres.ma\/index.php?rest_route=\/wp\/v2\/product"}],"about":[{"href":"https:\/\/baralivres.ma\/index.php?rest_route=\/wp\/v2\/types\/product"}],"replies":[{"embeddable":true,"href":"https:\/\/baralivres.ma\/index.php?rest_route=%2Fwp%2Fv2%2Fcomments&post=13227"}],"version-history":[{"count":2,"href":"https:\/\/baralivres.ma\/index.php?rest_route=\/wp\/v2\/product\/13227\/revisions"}],"predecessor-version":[{"id":13231,"href":"https:\/\/baralivres.ma\/index.php?rest_route=\/wp\/v2\/product\/13227\/revisions\/13231"}],"wp:featuredmedia":[{"embeddable":true,"href":"https:\/\/baralivres.ma\/index.php?rest_route=\/wp\/v2\/media\/13228"}],"wp:attachment":[{"href":"https:\/\/baralivres.ma\/index.php?rest_route=%2Fwp%2Fv2%2Fmedia&parent=13227"}],"wp:term":[{"taxonomy":"product_cat","embeddable":true,"href":"https:\/\/baralivres.ma\/index.php?rest_route=%2Fwp%2Fv2%2Fproduct_cat&post=13227"},{"taxonomy":"product_tag","embeddable":true,"href":"https:\/\/baralivres.ma\/index.php?rest_route=%2Fwp%2Fv2%2Fproduct_tag&post=13227"}],"curies":[{"name":"wp","href":"https:\/\/api.w.org\/{rel}","templated":true}]}}