{"id":13210,"date":"2023-10-18T18:44:16","date_gmt":"2023-10-18T17:44:16","guid":{"rendered":"https:\/\/baralivres.ma\/?post_type=product&#038;p=13210"},"modified":"2023-10-18T18:44:16","modified_gmt":"2023-10-18T17:44:16","slug":"les-desarrois-de-ned-allen","status":"publish","type":"product","link":"https:\/\/baralivres.ma\/?product=les-desarrois-de-ned-allen","title":{"rendered":"LES DESARROIS DE NED ALLEN"},"content":{"rendered":"<p>\u00c0 New York, avec ses imposantes tours et son activit\u00e9 incessante, Ned Allen excelle dans l&rsquo;art de la persuasion. Bien que sa femme et lui vivent au-dessus de leurs moyens, ils ne s&rsquo;en inqui\u00e8tent gu\u00e8re, convaincus que le talent ouvre toutes les portes. En tant que responsable des ventes publicitaires, l&rsquo;avenir de Ned semble prometteur. Cependant, le destin en d\u00e9cide autrement. Lorsqu&rsquo;une vague de licenciements frappe, Ned se retrouve \u00e0 la rue. Contraint d&rsquo;accepter une proposition douteuse d&rsquo;un vieil ami, il se lance dans une voie qui semble \u00eatre une impasse, entre les tours de la ville.<\/p>\n","protected":false},"excerpt":{"rendered":"<p>Ned Allen, virtuose de la persuasion \u00e0 New York, voit sa prosp\u00e9rit\u00e9 chanceler lorsqu&rsquo;il est licenci\u00e9 et accepte une offre risqu\u00e9e d&rsquo;un ami d&rsquo;enfance, s&rsquo;engageant ainsi dans une voie incertaine entre les tours de la ville.<\/p>\n","protected":false},"featured_media":13211,"comment_status":"open","ping_status":"closed","template":"","meta":{"inline_featured_image":false},"product_cat":[204,143],"product_tag":[],"class_list":{"0":"post-13210","1":"product","2":"type-product","3":"status-publish","4":"has-post-thumbnail","6":"product_cat-francais","7":"product_cat-roman","8":"pa_auteurs-douglas-kennedy","10":"first","11":"instock","12":"shipping-taxable","13":"purchasable","14":"product-type-simple"},"_links":{"self":[{"href":"https:\/\/baralivres.ma\/index.php?rest_route=\/wp\/v2\/product\/13210","targetHints":{"allow":["GET"]}}],"collection":[{"href":"https:\/\/baralivres.ma\/index.php?rest_route=\/wp\/v2\/product"}],"about":[{"href":"https:\/\/baralivres.ma\/index.php?rest_route=\/wp\/v2\/types\/product"}],"replies":[{"embeddable":true,"href":"https:\/\/baralivres.ma\/index.php?rest_route=%2Fwp%2Fv2%2Fcomments&post=13210"}],"version-history":[{"count":1,"href":"https:\/\/baralivres.ma\/index.php?rest_route=\/wp\/v2\/product\/13210\/revisions"}],"predecessor-version":[{"id":13212,"href":"https:\/\/baralivres.ma\/index.php?rest_route=\/wp\/v2\/product\/13210\/revisions\/13212"}],"wp:featuredmedia":[{"embeddable":true,"href":"https:\/\/baralivres.ma\/index.php?rest_route=\/wp\/v2\/media\/13211"}],"wp:attachment":[{"href":"https:\/\/baralivres.ma\/index.php?rest_route=%2Fwp%2Fv2%2Fmedia&parent=13210"}],"wp:term":[{"taxonomy":"product_cat","embeddable":true,"href":"https:\/\/baralivres.ma\/index.php?rest_route=%2Fwp%2Fv2%2Fproduct_cat&post=13210"},{"taxonomy":"product_tag","embeddable":true,"href":"https:\/\/baralivres.ma\/index.php?rest_route=%2Fwp%2Fv2%2Fproduct_tag&post=13210"}],"curies":[{"name":"wp","href":"https:\/\/api.w.org\/{rel}","templated":true}]}}