{"id":13166,"date":"2023-09-19T17:39:41","date_gmt":"2023-09-19T16:39:41","guid":{"rendered":"https:\/\/baralivres.ma\/?post_type=product&#038;p=13166"},"modified":"2024-11-18T14:00:17","modified_gmt":"2024-11-18T13:00:17","slug":"lhistoire-daman","status":"publish","type":"product","link":"https:\/\/baralivres.ma\/?product=lhistoire-daman","title":{"rendered":"L&rsquo;histoire d&rsquo;Aman"},"content":{"rendered":"<p>Partir : pour Aman et sa m\u00e8re, c&rsquo;est la seule solution. Fuir l&rsquo;Afghanistan, o\u00f9 les talibans font r\u00e9gner la terreur, et rejoindre l&rsquo;oncle Mir en Angleterre. Mais comment sortir du pays, entre les rencontres dangereuses, les bombes, la peur, la faim et les contr\u00f4les de police ? A leur c\u00f4t\u00e9, Ombre, une chienne adopt\u00e9e par Aman, devient un fid\u00e8le compagnon de route. Elle semble parfois leur montrer le chemin, mais est-ce bien celui qui m\u00e8ne \u00e0 une vie meilleure ?<\/p>\n","protected":false},"excerpt":{"rendered":"<p>Partir : pour Aman et sa m\u00e8re, c&rsquo;est la seule solution. Fuir l&rsquo;Afghanistan, o\u00f9 les talibans font r\u00e9gner la terreur, et rejoindre l&rsquo;oncle Mir en Angleterre. Mais comment sortir du pays, entre les rencontres dangereuses, les bombes, la peur, la faim et les contr\u00f4les de police ? A leur c\u00f4t\u00e9, Ombre, une chienne adopt\u00e9e par Aman, devient un fid\u00e8le compagnon de route. Elle semble parfois leur montrer le chemin, mais est-ce bien celui qui m\u00e8ne \u00e0 une vie meilleure ?<\/p>\n","protected":false},"featured_media":13167,"comment_status":"open","ping_status":"closed","template":"","meta":{"inline_featured_image":false},"product_cat":[203,204],"product_tag":[],"class_list":{"0":"post-13166","1":"product","2":"type-product","3":"status-publish","4":"has-post-thumbnail","6":"product_cat-adolescente","7":"product_cat-francais","8":"pa_auteurs-michael-morpurgo","10":"first","11":"instock","12":"shipping-taxable","13":"purchasable","14":"product-type-simple"},"_links":{"self":[{"href":"https:\/\/baralivres.ma\/index.php?rest_route=\/wp\/v2\/product\/13166","targetHints":{"allow":["GET"]}}],"collection":[{"href":"https:\/\/baralivres.ma\/index.php?rest_route=\/wp\/v2\/product"}],"about":[{"href":"https:\/\/baralivres.ma\/index.php?rest_route=\/wp\/v2\/types\/product"}],"replies":[{"embeddable":true,"href":"https:\/\/baralivres.ma\/index.php?rest_route=%2Fwp%2Fv2%2Fcomments&post=13166"}],"version-history":[{"count":1,"href":"https:\/\/baralivres.ma\/index.php?rest_route=\/wp\/v2\/product\/13166\/revisions"}],"predecessor-version":[{"id":13168,"href":"https:\/\/baralivres.ma\/index.php?rest_route=\/wp\/v2\/product\/13166\/revisions\/13168"}],"wp:featuredmedia":[{"embeddable":true,"href":"https:\/\/baralivres.ma\/index.php?rest_route=\/wp\/v2\/media\/13167"}],"wp:attachment":[{"href":"https:\/\/baralivres.ma\/index.php?rest_route=%2Fwp%2Fv2%2Fmedia&parent=13166"}],"wp:term":[{"taxonomy":"product_cat","embeddable":true,"href":"https:\/\/baralivres.ma\/index.php?rest_route=%2Fwp%2Fv2%2Fproduct_cat&post=13166"},{"taxonomy":"product_tag","embeddable":true,"href":"https:\/\/baralivres.ma\/index.php?rest_route=%2Fwp%2Fv2%2Fproduct_tag&post=13166"}],"curies":[{"name":"wp","href":"https:\/\/api.w.org\/{rel}","templated":true}]}}