{"id":13050,"date":"2023-09-13T17:21:55","date_gmt":"2023-09-13T16:21:55","guid":{"rendered":"https:\/\/baralivres.ma\/?post_type=product&#038;p=13050"},"modified":"2024-10-29T14:16:18","modified_gmt":"2024-10-29T13:16:18","slug":"oh-le-corps-humain","status":"publish","type":"product","link":"https:\/\/baralivres.ma\/?product=oh-le-corps-humain","title":{"rendered":"Oh ! Le corps humain"},"content":{"rendered":"<p>Une encyclop\u00e9die \u00e9tonnante. \u2022 Une encyclop\u00e9die pleine \u00e0 craquer d&rsquo;images et d&rsquo;informations sur le corps humain : structures, fonctionnement et fonctions vitales. \u2022 Un beau livre excitant et tr\u00e8s accessible pour tous ceux qui veulent comprendre comment \u00ab\u00a0marche\u00a0\u00bb leur organisme. Gr\u00e2ce \u00e0 une mise en sc\u00e8ne graphique, originale, s\u00e9duisante et dynamique, vous verrez et saisirez les processus complexes qui r\u00e9gissent votre corps. Pour voir, d\u00e9couvrir et explorer le corps humain autrement. Retrouvez tout un monde de d\u00e9couvertes sur www.decouvertes-gallimard-jeunesse.fr avec des dizaines de photos \u00e0 t\u00e9l\u00e9charger et une s\u00e9lection de plus de 100 liens Internet sur le corps humain.<\/p>\n","protected":false},"excerpt":{"rendered":"<p>Une encyclop\u00e9die \u00e9tonnante. \u2022 Une encyclop\u00e9die pleine \u00e0 craquer d&rsquo;images et d&rsquo;informations sur le corps humain : structures, fonctionnement et fonctions vitales. \u2022 Un beau livre excitant et tr\u00e8s accessible pour tous ceux qui veulent comprendre comment \u00ab\u00a0marche\u00a0\u00bb leur organisme. Gr\u00e2ce \u00e0 une mise en sc\u00e8ne graphique, originale, s\u00e9duisante et dynamique, vous verrez et saisirez les processus complexes qui r\u00e9gissent votre corps. Pour voir, d\u00e9couvrir et explorer le corps humain autrement. Retrouvez tout un monde de d\u00e9couvertes sur www.decouvertes-gallimard-jeunesse.fr avec des dizaines de photos \u00e0 t\u00e9l\u00e9charger et une s\u00e9lection de plus de 100 liens Internet sur le corps humain.<\/p>\n","protected":false},"featured_media":13051,"comment_status":"open","ping_status":"closed","template":"","meta":{"inline_featured_image":false},"product_cat":[3898,3706],"product_tag":[],"class_list":{"0":"post-13050","1":"product","2":"type-product","3":"status-publish","4":"has-post-thumbnail","6":"product_cat-encyclopedie_francais","7":"product_cat-encyclopedie-2","9":"first","10":"instock","11":"shipping-taxable","12":"purchasable","13":"product-type-simple"},"_links":{"self":[{"href":"https:\/\/baralivres.ma\/index.php?rest_route=\/wp\/v2\/product\/13050","targetHints":{"allow":["GET"]}}],"collection":[{"href":"https:\/\/baralivres.ma\/index.php?rest_route=\/wp\/v2\/product"}],"about":[{"href":"https:\/\/baralivres.ma\/index.php?rest_route=\/wp\/v2\/types\/product"}],"replies":[{"embeddable":true,"href":"https:\/\/baralivres.ma\/index.php?rest_route=%2Fwp%2Fv2%2Fcomments&post=13050"}],"version-history":[{"count":2,"href":"https:\/\/baralivres.ma\/index.php?rest_route=\/wp\/v2\/product\/13050\/revisions"}],"predecessor-version":[{"id":13054,"href":"https:\/\/baralivres.ma\/index.php?rest_route=\/wp\/v2\/product\/13050\/revisions\/13054"}],"wp:featuredmedia":[{"embeddable":true,"href":"https:\/\/baralivres.ma\/index.php?rest_route=\/wp\/v2\/media\/13051"}],"wp:attachment":[{"href":"https:\/\/baralivres.ma\/index.php?rest_route=%2Fwp%2Fv2%2Fmedia&parent=13050"}],"wp:term":[{"taxonomy":"product_cat","embeddable":true,"href":"https:\/\/baralivres.ma\/index.php?rest_route=%2Fwp%2Fv2%2Fproduct_cat&post=13050"},{"taxonomy":"product_tag","embeddable":true,"href":"https:\/\/baralivres.ma\/index.php?rest_route=%2Fwp%2Fv2%2Fproduct_tag&post=13050"}],"curies":[{"name":"wp","href":"https:\/\/api.w.org\/{rel}","templated":true}]}}