{"id":13041,"date":"2023-09-13T17:15:01","date_gmt":"2023-09-13T16:15:01","guid":{"rendered":"https:\/\/baralivres.ma\/?post_type=product&#038;p=13041"},"modified":"2024-10-29T14:17:53","modified_gmt":"2024-10-29T13:17:53","slug":"construis-un-corps-humain","status":"publish","type":"product","link":"https:\/\/baralivres.ma\/?product=construis-un-corps-humain","title":{"rendered":"Construis un corps humain"},"content":{"rendered":"<p>Ce livre-coffret unique et interactif explique le fonctionnement du corps humain. Apprends de quoi il est constitu\u00e9 en assemblant les diff\u00e9rents os du squelette et en pla\u00e7ant les principaux organes vitaux. Pourquoi ton coeur bat-il environ 70 fois par minute ? Comment tes muscles t&rsquo;aident-ils \u00e0 courir, \u00e0 sauter et \u00e0 rester debout ? Qu&rsquo;est-ce qui te prot\u00e8ge des virus et des rayons nocifs du Soleil ? Trouve les r\u00e9ponses \u00e0 ces questions et \u00e0 bien d&rsquo;autres en construisant un corps humain !<\/p>\n","protected":false},"excerpt":{"rendered":"<p>Ce livre-coffret unique et interactif explique le fonctionnement du corps humain. Apprends de quoi il est constitu\u00e9 en assemblant les diff\u00e9rents os du squelette et en pla\u00e7ant les principaux organes vitaux. Pourquoi ton coeur bat-il environ 70 fois par minute ? Comment tes muscles t&rsquo;aident-ils \u00e0 courir, \u00e0 sauter et \u00e0 rester debout ? Qu&rsquo;est-ce qui te prot\u00e8ge des virus et des rayons nocifs du Soleil ? Trouve les r\u00e9ponses \u00e0 ces questions et \u00e0 bien d&rsquo;autres en construisant un corps humain !<\/p>\n","protected":false},"featured_media":13042,"comment_status":"open","ping_status":"closed","template":"","meta":{"inline_featured_image":false},"product_cat":[3898,3706,218],"product_tag":[],"class_list":{"0":"post-13041","1":"product","2":"type-product","3":"status-publish","4":"has-post-thumbnail","6":"product_cat-encyclopedie_francais","7":"product_cat-encyclopedie-2","8":"product_cat-coffret-encyclopedie","10":"first","11":"instock","12":"shipping-taxable","13":"purchasable","14":"product-type-simple"},"_links":{"self":[{"href":"https:\/\/baralivres.ma\/index.php?rest_route=\/wp\/v2\/product\/13041","targetHints":{"allow":["GET"]}}],"collection":[{"href":"https:\/\/baralivres.ma\/index.php?rest_route=\/wp\/v2\/product"}],"about":[{"href":"https:\/\/baralivres.ma\/index.php?rest_route=\/wp\/v2\/types\/product"}],"replies":[{"embeddable":true,"href":"https:\/\/baralivres.ma\/index.php?rest_route=%2Fwp%2Fv2%2Fcomments&post=13041"}],"version-history":[{"count":1,"href":"https:\/\/baralivres.ma\/index.php?rest_route=\/wp\/v2\/product\/13041\/revisions"}],"predecessor-version":[{"id":13043,"href":"https:\/\/baralivres.ma\/index.php?rest_route=\/wp\/v2\/product\/13041\/revisions\/13043"}],"wp:featuredmedia":[{"embeddable":true,"href":"https:\/\/baralivres.ma\/index.php?rest_route=\/wp\/v2\/media\/13042"}],"wp:attachment":[{"href":"https:\/\/baralivres.ma\/index.php?rest_route=%2Fwp%2Fv2%2Fmedia&parent=13041"}],"wp:term":[{"taxonomy":"product_cat","embeddable":true,"href":"https:\/\/baralivres.ma\/index.php?rest_route=%2Fwp%2Fv2%2Fproduct_cat&post=13041"},{"taxonomy":"product_tag","embeddable":true,"href":"https:\/\/baralivres.ma\/index.php?rest_route=%2Fwp%2Fv2%2Fproduct_tag&post=13041"}],"curies":[{"name":"wp","href":"https:\/\/api.w.org\/{rel}","templated":true}]}}