{"id":13014,"date":"2023-09-13T16:46:59","date_gmt":"2023-09-13T15:46:59","guid":{"rendered":"https:\/\/baralivres.ma\/?post_type=product&#038;p=13014"},"modified":"2023-09-13T16:46:59","modified_gmt":"2023-09-13T15:46:59","slug":"fire-force-tomes-1-et-2","status":"publish","type":"product","link":"https:\/\/baralivres.ma\/?product=fire-force-tomes-1-et-2","title":{"rendered":"Fire Force Tomes 1 et 2"},"content":{"rendered":"<p>L&rsquo;humanit\u00e9 est terrifi\u00e9e par le ph\u00e9nom\u00e8ne de \u00ab\u00a0combustion humaine\u00a0\u00bb qui se manifeste al\u00e9atoirement chez certaines personnes. Ces victimes s&#8217;embrasent alors subitement et deviennent de v\u00e9ritables \u00ab\u00a0Torches humaines\u00a0\u00bb qui, selon les individus touch\u00e9s par ce ph\u00e9nom\u00e8ne, peuvent \u00eatre agressives et extr\u00eamement dangereuses pour la population. C&rsquo;est pourquoi, des brigades sp\u00e9ciales \u00ab\u00a0Fire Force\u00a0\u00bb ont \u00e9t\u00e9 mises en place avec pour mission de trouver la cause de ce myst\u00e9rieux ph\u00e9nom\u00e8ne ! Le jeune\u00a0<strong>Shinra<\/strong>, nouvelle recrue surnomm\u00e9e \u00ab\u00a0le D\u00e9mon\u00a0\u00bb, r\u00eave de devenir un h\u00e9ros. Mais le chemin sera long et il devra, avec ses camarades, affronter quotidiennement des Torches humaines, puis, si possible, \u00e0 d\u00e9terminer la cause de ce fl\u00e9au.<\/p>\n","protected":false},"excerpt":{"rendered":"<p>L&rsquo;humanit\u00e9 est terrifi\u00e9e par le ph\u00e9nom\u00e8ne de \u00ab\u00a0combustion humaine\u00a0\u00bb qui se manifeste al\u00e9atoirement chez certaines personnes. Ces victimes s&#8217;embrasent alors subitement et deviennent de v\u00e9ritables \u00ab\u00a0Torches humaines\u00a0\u00bb qui, selon les individus touch\u00e9s par ce ph\u00e9nom\u00e8ne, peuvent \u00eatre agressives et extr\u00eamement dangereuses pour la population. C&rsquo;est pourquoi, des brigades sp\u00e9ciales \u00ab\u00a0Fire Force\u00a0\u00bb ont \u00e9t\u00e9 mises en place avec pour mission de trouver la cause de ce myst\u00e9rieux ph\u00e9nom\u00e8ne ! Le jeune\u00a0<strong>Shinra<\/strong>, nouvelle recrue surnomm\u00e9e \u00ab\u00a0le D\u00e9mon\u00a0\u00bb, r\u00eave de devenir un h\u00e9ros. Mais le chemin sera long et il devra, avec ses camarades, affronter quotidiennement des Torches humaines, puis, si possible, \u00e0 d\u00e9terminer la cause de ce fl\u00e9au.<\/p>\n","protected":false},"featured_media":13015,"comment_status":"open","ping_status":"closed","template":"","meta":{"inline_featured_image":false},"product_cat":[203,204,205,217],"product_tag":[],"class_list":{"0":"post-13014","1":"product","2":"type-product","3":"status-publish","4":"has-post-thumbnail","6":"product_cat-adolescente","7":"product_cat-francais","8":"product_cat-enfant-adolescente-francais","9":"product_cat-mangas-coffret","11":"first","12":"instock","13":"shipping-taxable","14":"purchasable","15":"product-type-simple"},"_links":{"self":[{"href":"https:\/\/baralivres.ma\/index.php?rest_route=\/wp\/v2\/product\/13014","targetHints":{"allow":["GET"]}}],"collection":[{"href":"https:\/\/baralivres.ma\/index.php?rest_route=\/wp\/v2\/product"}],"about":[{"href":"https:\/\/baralivres.ma\/index.php?rest_route=\/wp\/v2\/types\/product"}],"replies":[{"embeddable":true,"href":"https:\/\/baralivres.ma\/index.php?rest_route=%2Fwp%2Fv2%2Fcomments&post=13014"}],"version-history":[{"count":1,"href":"https:\/\/baralivres.ma\/index.php?rest_route=\/wp\/v2\/product\/13014\/revisions"}],"predecessor-version":[{"id":13016,"href":"https:\/\/baralivres.ma\/index.php?rest_route=\/wp\/v2\/product\/13014\/revisions\/13016"}],"wp:featuredmedia":[{"embeddable":true,"href":"https:\/\/baralivres.ma\/index.php?rest_route=\/wp\/v2\/media\/13015"}],"wp:attachment":[{"href":"https:\/\/baralivres.ma\/index.php?rest_route=%2Fwp%2Fv2%2Fmedia&parent=13014"}],"wp:term":[{"taxonomy":"product_cat","embeddable":true,"href":"https:\/\/baralivres.ma\/index.php?rest_route=%2Fwp%2Fv2%2Fproduct_cat&post=13014"},{"taxonomy":"product_tag","embeddable":true,"href":"https:\/\/baralivres.ma\/index.php?rest_route=%2Fwp%2Fv2%2Fproduct_tag&post=13014"}],"curies":[{"name":"wp","href":"https:\/\/api.w.org\/{rel}","templated":true}]}}