{"id":12968,"date":"2023-09-12T11:20:54","date_gmt":"2023-09-12T10:20:54","guid":{"rendered":"https:\/\/baralivres.ma\/?post_type=product&#038;p=12968"},"modified":"2024-03-29T16:01:25","modified_gmt":"2024-03-29T15:01:25","slug":"hunter-x-hunter-tome-30","status":"publish","type":"product","link":"https:\/\/baralivres.ma\/?product=hunter-x-hunter-tome-30","title":{"rendered":"Hunter X Hunter &#8211; Tome 30"},"content":{"rendered":"<p><span class=\"ant-typography ant-typography-secondary\">\u00a0<\/span><span class=\"ant-typography sc-1x33as3-4 gyzqdH\">Le duel entre Pufu et le roi se poursuit alors que ce dernier n&rsquo;a toujours pas recouvr\u00e9 la m\u00e9moire. D\u2019autre part, le roi va \u00e0 la rencontre de Werrufin apr\u00e8s l&rsquo;avoir touch\u00e9 avec son \u00ab en \u00bb. Accul\u00e9, Werrufin d\u00e9livre un seul et unique mot qui r\u00e9veille la m\u00e9moire du roi. Par ailleurs, P\u00e2mu r\u00e9v\u00e8le la v\u00e9rit\u00e9 sur la bombe utilis\u00e9e contre le roi !!<\/span><\/p>\n","protected":false},"excerpt":{"rendered":"<p><span class=\"ant-typography ant-typography-secondary\">\u00a0<\/span><span class=\"ant-typography sc-1x33as3-4 gyzqdH\">Le duel entre Pufu et le roi se poursuit alors que ce dernier n&rsquo;a toujours pas recouvr\u00e9 la m\u00e9moire. D\u2019autre part, le roi va \u00e0 la rencontre de Werrufin apr\u00e8s l&rsquo;avoir touch\u00e9 avec son \u00ab en \u00bb. Accul\u00e9, Werrufin d\u00e9livre un seul et unique mot qui r\u00e9veille la m\u00e9moire du roi. Par ailleurs, P\u00e2mu r\u00e9v\u00e8le la v\u00e9rit\u00e9 sur la bombe utilis\u00e9e contre le roi !!<\/span><\/p>\n","protected":false},"featured_media":12969,"comment_status":"open","ping_status":"closed","template":"","meta":{"inline_featured_image":false},"product_cat":[203,204,205,3682],"product_tag":[],"class_list":{"0":"post-12968","1":"product","2":"type-product","3":"status-publish","4":"has-post-thumbnail","6":"product_cat-adolescente","7":"product_cat-francais","8":"product_cat-enfant-adolescente-francais","9":"product_cat-hunter-hunter","11":"first","12":"instock","13":"shipping-taxable","14":"purchasable","15":"product-type-simple"},"_links":{"self":[{"href":"https:\/\/baralivres.ma\/index.php?rest_route=\/wp\/v2\/product\/12968","targetHints":{"allow":["GET"]}}],"collection":[{"href":"https:\/\/baralivres.ma\/index.php?rest_route=\/wp\/v2\/product"}],"about":[{"href":"https:\/\/baralivres.ma\/index.php?rest_route=\/wp\/v2\/types\/product"}],"replies":[{"embeddable":true,"href":"https:\/\/baralivres.ma\/index.php?rest_route=%2Fwp%2Fv2%2Fcomments&post=12968"}],"version-history":[{"count":1,"href":"https:\/\/baralivres.ma\/index.php?rest_route=\/wp\/v2\/product\/12968\/revisions"}],"predecessor-version":[{"id":12970,"href":"https:\/\/baralivres.ma\/index.php?rest_route=\/wp\/v2\/product\/12968\/revisions\/12970"}],"wp:featuredmedia":[{"embeddable":true,"href":"https:\/\/baralivres.ma\/index.php?rest_route=\/wp\/v2\/media\/12969"}],"wp:attachment":[{"href":"https:\/\/baralivres.ma\/index.php?rest_route=%2Fwp%2Fv2%2Fmedia&parent=12968"}],"wp:term":[{"taxonomy":"product_cat","embeddable":true,"href":"https:\/\/baralivres.ma\/index.php?rest_route=%2Fwp%2Fv2%2Fproduct_cat&post=12968"},{"taxonomy":"product_tag","embeddable":true,"href":"https:\/\/baralivres.ma\/index.php?rest_route=%2Fwp%2Fv2%2Fproduct_tag&post=12968"}],"curies":[{"name":"wp","href":"https:\/\/api.w.org\/{rel}","templated":true}]}}