{"id":12950,"date":"2023-09-12T11:11:16","date_gmt":"2023-09-12T10:11:16","guid":{"rendered":"https:\/\/baralivres.ma\/?post_type=product&#038;p=12950"},"modified":"2024-03-29T16:01:29","modified_gmt":"2024-03-29T15:01:29","slug":"hunter-x-hunter-tome-24","status":"publish","type":"product","link":"https:\/\/baralivres.ma\/?product=hunter-x-hunter-tome-24","title":{"rendered":"Hunter X Hunter Tome 24"},"content":{"rendered":"<p>Alors qu\u2019il joue au Gungi contre Komugi, le roi des Kimera Ants, d\u00e9\u00e7u par son propre manque de pr\u00e9paration, n\u2019h\u00e9site pas \u00e0 se mutiler !! Nov en profite pour cr\u00e9er une entr\u00e9e \u00e0 l\u2019int\u00e9rieur du palais et s\u2019y infiltrer !! Tandis que le roi et l\u2019\u00e9quipe de Gon se pr\u00e9parent chacun de leur c\u00f4t\u00e9, l\u2019heure de la \u00ab\u00a0s\u00e9lection\u00a0\u00bb approche !!<\/p>\n","protected":false},"excerpt":{"rendered":"<p>Alors qu\u2019il joue au Gungi contre Komugi, le roi des Kimera Ants, d\u00e9\u00e7u par son propre manque de pr\u00e9paration, n\u2019h\u00e9site pas \u00e0 se mutiler !! Nov en profite pour cr\u00e9er une entr\u00e9e \u00e0 l\u2019int\u00e9rieur du palais et s\u2019y infiltrer !! Tandis que le roi et l\u2019\u00e9quipe de Gon se pr\u00e9parent chacun de leur c\u00f4t\u00e9, l\u2019heure de la \u00ab\u00a0s\u00e9lection\u00a0\u00bb approche !!<\/p>\n","protected":false},"featured_media":12951,"comment_status":"open","ping_status":"closed","template":"","meta":{"inline_featured_image":false},"product_cat":[203,204,205,3682],"product_tag":[],"class_list":{"0":"post-12950","1":"product","2":"type-product","3":"status-publish","4":"has-post-thumbnail","6":"product_cat-adolescente","7":"product_cat-francais","8":"product_cat-enfant-adolescente-francais","9":"product_cat-hunter-hunter","11":"first","12":"instock","13":"shipping-taxable","14":"purchasable","15":"product-type-simple"},"_links":{"self":[{"href":"https:\/\/baralivres.ma\/index.php?rest_route=\/wp\/v2\/product\/12950","targetHints":{"allow":["GET"]}}],"collection":[{"href":"https:\/\/baralivres.ma\/index.php?rest_route=\/wp\/v2\/product"}],"about":[{"href":"https:\/\/baralivres.ma\/index.php?rest_route=\/wp\/v2\/types\/product"}],"replies":[{"embeddable":true,"href":"https:\/\/baralivres.ma\/index.php?rest_route=%2Fwp%2Fv2%2Fcomments&post=12950"}],"version-history":[{"count":1,"href":"https:\/\/baralivres.ma\/index.php?rest_route=\/wp\/v2\/product\/12950\/revisions"}],"predecessor-version":[{"id":12952,"href":"https:\/\/baralivres.ma\/index.php?rest_route=\/wp\/v2\/product\/12950\/revisions\/12952"}],"wp:featuredmedia":[{"embeddable":true,"href":"https:\/\/baralivres.ma\/index.php?rest_route=\/wp\/v2\/media\/12951"}],"wp:attachment":[{"href":"https:\/\/baralivres.ma\/index.php?rest_route=%2Fwp%2Fv2%2Fmedia&parent=12950"}],"wp:term":[{"taxonomy":"product_cat","embeddable":true,"href":"https:\/\/baralivres.ma\/index.php?rest_route=%2Fwp%2Fv2%2Fproduct_cat&post=12950"},{"taxonomy":"product_tag","embeddable":true,"href":"https:\/\/baralivres.ma\/index.php?rest_route=%2Fwp%2Fv2%2Fproduct_tag&post=12950"}],"curies":[{"name":"wp","href":"https:\/\/api.w.org\/{rel}","templated":true}]}}