{"id":12931,"date":"2023-09-12T11:01:52","date_gmt":"2023-09-12T10:01:52","guid":{"rendered":"https:\/\/baralivres.ma\/?post_type=product&#038;p=12931"},"modified":"2023-09-12T11:01:52","modified_gmt":"2023-09-12T10:01:52","slug":"boruto-naruto-next-generations-tome-9","status":"publish","type":"product","link":"https:\/\/baralivres.ma\/?product=boruto-naruto-next-generations-tome-9","title":{"rendered":"Boruto &#8211; Naruto Next Generations Tome 9"},"content":{"rendered":"<p>Une nouvelle g\u00e9n\u00e9ration de ninjas d\u00e9barque \u00e0 Konoha ! L&rsquo;affrontement est serr\u00e9 entre Naruto et Delta ! Lors de ce violent duel, accul\u00e9e, Delta a recours \u00e0 une strat\u00e9gie abjecte. C&rsquo;est alors que Kawaki va avoir un comportement inattendu&#8230; Quelle sera l&rsquo;issue du combat entre Naruto et Delta, qui fulmine de rage<\/p>\n","protected":false},"excerpt":{"rendered":"<p>Une nouvelle g\u00e9n\u00e9ration de ninjas d\u00e9barque \u00e0 Konoha ! L&rsquo;affrontement est serr\u00e9 entre Naruto et Delta ! Lors de ce violent duel, accul\u00e9e, Delta a recours \u00e0 une strat\u00e9gie abjecte. C&rsquo;est alors que Kawaki va avoir un comportement inattendu&#8230; Quelle sera l&rsquo;issue du combat entre Naruto et Delta, qui fulmine de rage<\/p>\n","protected":false},"featured_media":12932,"comment_status":"open","ping_status":"closed","template":"","meta":{"inline_featured_image":false},"product_cat":[203,204,205],"product_tag":[],"class_list":{"0":"post-12931","1":"product","2":"type-product","3":"status-publish","4":"has-post-thumbnail","6":"product_cat-adolescente","7":"product_cat-francais","8":"product_cat-enfant-adolescente-francais","10":"first","11":"instock","12":"shipping-taxable","13":"purchasable","14":"product-type-simple"},"_links":{"self":[{"href":"https:\/\/baralivres.ma\/index.php?rest_route=\/wp\/v2\/product\/12931","targetHints":{"allow":["GET"]}}],"collection":[{"href":"https:\/\/baralivres.ma\/index.php?rest_route=\/wp\/v2\/product"}],"about":[{"href":"https:\/\/baralivres.ma\/index.php?rest_route=\/wp\/v2\/types\/product"}],"replies":[{"embeddable":true,"href":"https:\/\/baralivres.ma\/index.php?rest_route=%2Fwp%2Fv2%2Fcomments&post=12931"}],"version-history":[{"count":1,"href":"https:\/\/baralivres.ma\/index.php?rest_route=\/wp\/v2\/product\/12931\/revisions"}],"predecessor-version":[{"id":12933,"href":"https:\/\/baralivres.ma\/index.php?rest_route=\/wp\/v2\/product\/12931\/revisions\/12933"}],"wp:featuredmedia":[{"embeddable":true,"href":"https:\/\/baralivres.ma\/index.php?rest_route=\/wp\/v2\/media\/12932"}],"wp:attachment":[{"href":"https:\/\/baralivres.ma\/index.php?rest_route=%2Fwp%2Fv2%2Fmedia&parent=12931"}],"wp:term":[{"taxonomy":"product_cat","embeddable":true,"href":"https:\/\/baralivres.ma\/index.php?rest_route=%2Fwp%2Fv2%2Fproduct_cat&post=12931"},{"taxonomy":"product_tag","embeddable":true,"href":"https:\/\/baralivres.ma\/index.php?rest_route=%2Fwp%2Fv2%2Fproduct_tag&post=12931"}],"curies":[{"name":"wp","href":"https:\/\/api.w.org\/{rel}","templated":true}]}}