{"id":12910,"date":"2023-09-12T10:52:27","date_gmt":"2023-09-12T09:52:27","guid":{"rendered":"https:\/\/baralivres.ma\/?post_type=product&#038;p=12910"},"modified":"2023-09-12T10:52:28","modified_gmt":"2023-09-12T09:52:28","slug":"hunter-x-hunter-tome-35","status":"publish","type":"product","link":"https:\/\/baralivres.ma\/?product=hunter-x-hunter-tome-35","title":{"rendered":"Hunter X Hunter Tome 35"},"content":{"rendered":"<p>Sur le navire, les h\u00e9ritiers du tr\u00f4ne du royaume de Kakin s&rsquo;appr\u00eatent \u00e0 se livrer une guerre sans merci pour la succession de leur p\u00e8re. Kurapika est affect\u00e9 \u00e0 la protection du 14\u00e8 prince, mais l&rsquo;ancre est \u00e0 peine lev\u00e9e, les premi\u00e8res victimes sont l\u00e0. Par ailleurs, un des gardes du corps semble \u00eatre manipul\u00e9 ?<\/p>\n","protected":false},"excerpt":{"rendered":"<p>Sur le navire, les h\u00e9ritiers du tr\u00f4ne du royaume de Kakin s&rsquo;appr\u00eatent \u00e0 se livrer une guerre sans merci pour la succession de leur p\u00e8re. Kurapika est affect\u00e9 \u00e0 la protection du 14\u00e8 prince, mais l&rsquo;ancre est \u00e0 peine lev\u00e9e, les premi\u00e8res victimes sont l\u00e0. Par ailleurs, un des gardes du corps semble \u00eatre manipul\u00e9 ?<\/p>\n","protected":false},"featured_media":12911,"comment_status":"open","ping_status":"closed","template":"","meta":{"inline_featured_image":false},"product_cat":[203,204,205],"product_tag":[],"class_list":{"0":"post-12910","1":"product","2":"type-product","3":"status-publish","4":"has-post-thumbnail","6":"product_cat-adolescente","7":"product_cat-francais","8":"product_cat-enfant-adolescente-francais","10":"first","11":"instock","12":"shipping-taxable","13":"purchasable","14":"product-type-simple"},"_links":{"self":[{"href":"https:\/\/baralivres.ma\/index.php?rest_route=\/wp\/v2\/product\/12910","targetHints":{"allow":["GET"]}}],"collection":[{"href":"https:\/\/baralivres.ma\/index.php?rest_route=\/wp\/v2\/product"}],"about":[{"href":"https:\/\/baralivres.ma\/index.php?rest_route=\/wp\/v2\/types\/product"}],"replies":[{"embeddable":true,"href":"https:\/\/baralivres.ma\/index.php?rest_route=%2Fwp%2Fv2%2Fcomments&post=12910"}],"version-history":[{"count":1,"href":"https:\/\/baralivres.ma\/index.php?rest_route=\/wp\/v2\/product\/12910\/revisions"}],"predecessor-version":[{"id":12912,"href":"https:\/\/baralivres.ma\/index.php?rest_route=\/wp\/v2\/product\/12910\/revisions\/12912"}],"wp:featuredmedia":[{"embeddable":true,"href":"https:\/\/baralivres.ma\/index.php?rest_route=\/wp\/v2\/media\/12911"}],"wp:attachment":[{"href":"https:\/\/baralivres.ma\/index.php?rest_route=%2Fwp%2Fv2%2Fmedia&parent=12910"}],"wp:term":[{"taxonomy":"product_cat","embeddable":true,"href":"https:\/\/baralivres.ma\/index.php?rest_route=%2Fwp%2Fv2%2Fproduct_cat&post=12910"},{"taxonomy":"product_tag","embeddable":true,"href":"https:\/\/baralivres.ma\/index.php?rest_route=%2Fwp%2Fv2%2Fproduct_tag&post=12910"}],"curies":[{"name":"wp","href":"https:\/\/api.w.org\/{rel}","templated":true}]}}