{"id":12874,"date":"2023-09-12T10:33:40","date_gmt":"2023-09-12T09:33:40","guid":{"rendered":"https:\/\/baralivres.ma\/?post_type=product&#038;p=12874"},"modified":"2023-09-12T10:33:40","modified_gmt":"2023-09-12T09:33:40","slug":"mob-psycho-100-tome-1","status":"publish","type":"product","link":"https:\/\/baralivres.ma\/?product=mob-psycho-100-tome-1","title":{"rendered":"Mob psycho 100 Tome 1"},"content":{"rendered":"<p>Un jeune gar\u00e7on qui explose lorsqu&rsquo;il atteint le niveau 100&#8230; Son nom : Mob !! Coll\u00e9gien aspirant \u00e0 une adolescence sans histoire, le jeune Shigeo Kageyama, surnomm\u00e9 Mob, poss\u00e8de des pouvoirs psychiques, autrement dit, des super-pouvoirs !! Que ce soit un m\u00e9dium charlatan ou une \u00e9trange secte religieuse, nombreux sont ceux qui vont essayer de se servir de lui, mais \u00ab\u00a0quelque chose\u00a0\u00bb est en train de se produire \u00e0 l&rsquo;int\u00e9rieur de Mob !!<\/p>\n","protected":false},"excerpt":{"rendered":"<p>Un jeune gar\u00e7on qui explose lorsqu&rsquo;il atteint le niveau 100&#8230; Son nom : Mob !! Coll\u00e9gien aspirant \u00e0 une adolescence sans histoire, le jeune Shigeo Kageyama, surnomm\u00e9 Mob, poss\u00e8de des pouvoirs psychiques, autrement dit, des super-pouvoirs !! Que ce soit un m\u00e9dium charlatan ou une \u00e9trange secte religieuse, nombreux sont ceux qui vont essayer de se servir de lui, mais \u00ab\u00a0quelque chose\u00a0\u00bb est en train de se produire \u00e0 l&rsquo;int\u00e9rieur de Mob !!<\/p>\n","protected":false},"featured_media":12875,"comment_status":"open","ping_status":"closed","template":"","meta":{"inline_featured_image":false},"product_cat":[203,204,205],"product_tag":[],"class_list":{"0":"post-12874","1":"product","2":"type-product","3":"status-publish","4":"has-post-thumbnail","6":"product_cat-adolescente","7":"product_cat-francais","8":"product_cat-enfant-adolescente-francais","10":"first","11":"instock","12":"shipping-taxable","13":"purchasable","14":"product-type-simple"},"_links":{"self":[{"href":"https:\/\/baralivres.ma\/index.php?rest_route=\/wp\/v2\/product\/12874","targetHints":{"allow":["GET"]}}],"collection":[{"href":"https:\/\/baralivres.ma\/index.php?rest_route=\/wp\/v2\/product"}],"about":[{"href":"https:\/\/baralivres.ma\/index.php?rest_route=\/wp\/v2\/types\/product"}],"replies":[{"embeddable":true,"href":"https:\/\/baralivres.ma\/index.php?rest_route=%2Fwp%2Fv2%2Fcomments&post=12874"}],"version-history":[{"count":1,"href":"https:\/\/baralivres.ma\/index.php?rest_route=\/wp\/v2\/product\/12874\/revisions"}],"predecessor-version":[{"id":12876,"href":"https:\/\/baralivres.ma\/index.php?rest_route=\/wp\/v2\/product\/12874\/revisions\/12876"}],"wp:featuredmedia":[{"embeddable":true,"href":"https:\/\/baralivres.ma\/index.php?rest_route=\/wp\/v2\/media\/12875"}],"wp:attachment":[{"href":"https:\/\/baralivres.ma\/index.php?rest_route=%2Fwp%2Fv2%2Fmedia&parent=12874"}],"wp:term":[{"taxonomy":"product_cat","embeddable":true,"href":"https:\/\/baralivres.ma\/index.php?rest_route=%2Fwp%2Fv2%2Fproduct_cat&post=12874"},{"taxonomy":"product_tag","embeddable":true,"href":"https:\/\/baralivres.ma\/index.php?rest_route=%2Fwp%2Fv2%2Fproduct_tag&post=12874"}],"curies":[{"name":"wp","href":"https:\/\/api.w.org\/{rel}","templated":true}]}}