{"id":12868,"date":"2023-09-12T10:25:33","date_gmt":"2023-09-12T09:25:33","guid":{"rendered":"https:\/\/baralivres.ma\/?post_type=product&#038;p=12868"},"modified":"2024-04-03T12:33:42","modified_gmt":"2024-04-03T11:33:42","slug":"my-hero-academia-team-up-mission-tome-2","status":"publish","type":"product","link":"https:\/\/baralivres.ma\/?product=my-hero-academia-team-up-mission-tome-2","title":{"rendered":"My Hero Academia Team-Up Mission Tome 2"},"content":{"rendered":"<p>De nouvelles aventures in\u00e9dites des \u00e9l\u00e8ves de la Hero Academia ! Au sein du programme d&rsquo;entra\u00eenement \u00ab\u00a0Team Up Mission&rsquo;, ce n&rsquo;est pas toujours facile pour les apprentis h\u00e9ros de travailler ensemble ! En effet, les \u00e9l\u00e8ves de Yuei doivent parfois apprendre \u00e0 mettre leur fiert\u00e9 de c\u00f4t\u00e9 pour atteindre leurs objectifs. En revanche, si certaines associations ont tout d&rsquo;improbable, d&rsquo;autres semblent avoir \u00e9t\u00e9 d\u00e9cid\u00e9es par le destin lui-m\u00eame ! C&rsquo;est dans ces conditions que Fumikage et Shihai sont amen\u00e9s \u00e0 unir leurs forces pour venir \u00e0 bout d&rsquo;un myst\u00e9rieux adepte des abysses capable de r\u00e9v\u00e9ler les plus sombres secrets de nos h\u00e9ros&#8230;<\/p>\n","protected":false},"excerpt":{"rendered":"<p>De nouvelles aventures in\u00e9dites des \u00e9l\u00e8ves de la Hero Academia ! Au sein du programme d&rsquo;entra\u00eenement \u00ab\u00a0Team Up Mission&rsquo;, ce n&rsquo;est pas toujours facile pour les apprentis h\u00e9ros de travailler ensemble ! En effet, les \u00e9l\u00e8ves de Yuei doivent parfois apprendre \u00e0 mettre leur fiert\u00e9 de c\u00f4t\u00e9 pour atteindre leurs objectifs. En revanche, si certaines associations ont tout d&rsquo;improbable, d&rsquo;autres semblent avoir \u00e9t\u00e9 d\u00e9cid\u00e9es par le destin lui-m\u00eame ! C&rsquo;est dans ces conditions que Fumikage et Shihai sont amen\u00e9s \u00e0 unir leurs forces pour venir \u00e0 bout d&rsquo;un myst\u00e9rieux adepte des abysses capable de r\u00e9v\u00e9ler les plus sombres secrets de nos h\u00e9ros&#8230;<\/p>\n","protected":false},"featured_media":12869,"comment_status":"open","ping_status":"closed","template":"","meta":{"inline_featured_image":false},"product_cat":[203,204,205,3685],"product_tag":[],"class_list":{"0":"post-12868","1":"product","2":"type-product","3":"status-publish","4":"has-post-thumbnail","6":"product_cat-adolescente","7":"product_cat-francais","8":"product_cat-enfant-adolescente-francais","9":"product_cat-my-hero-academia","11":"first","12":"instock","13":"shipping-taxable","14":"purchasable","15":"product-type-simple"},"_links":{"self":[{"href":"https:\/\/baralivres.ma\/index.php?rest_route=\/wp\/v2\/product\/12868","targetHints":{"allow":["GET"]}}],"collection":[{"href":"https:\/\/baralivres.ma\/index.php?rest_route=\/wp\/v2\/product"}],"about":[{"href":"https:\/\/baralivres.ma\/index.php?rest_route=\/wp\/v2\/types\/product"}],"replies":[{"embeddable":true,"href":"https:\/\/baralivres.ma\/index.php?rest_route=%2Fwp%2Fv2%2Fcomments&post=12868"}],"version-history":[{"count":1,"href":"https:\/\/baralivres.ma\/index.php?rest_route=\/wp\/v2\/product\/12868\/revisions"}],"predecessor-version":[{"id":12870,"href":"https:\/\/baralivres.ma\/index.php?rest_route=\/wp\/v2\/product\/12868\/revisions\/12870"}],"wp:featuredmedia":[{"embeddable":true,"href":"https:\/\/baralivres.ma\/index.php?rest_route=\/wp\/v2\/media\/12869"}],"wp:attachment":[{"href":"https:\/\/baralivres.ma\/index.php?rest_route=%2Fwp%2Fv2%2Fmedia&parent=12868"}],"wp:term":[{"taxonomy":"product_cat","embeddable":true,"href":"https:\/\/baralivres.ma\/index.php?rest_route=%2Fwp%2Fv2%2Fproduct_cat&post=12868"},{"taxonomy":"product_tag","embeddable":true,"href":"https:\/\/baralivres.ma\/index.php?rest_route=%2Fwp%2Fv2%2Fproduct_tag&post=12868"}],"curies":[{"name":"wp","href":"https:\/\/api.w.org\/{rel}","templated":true}]}}