{"id":12865,"date":"2023-09-12T10:23:41","date_gmt":"2023-09-12T09:23:41","guid":{"rendered":"https:\/\/baralivres.ma\/?post_type=product&#038;p=12865"},"modified":"2024-04-03T12:33:43","modified_gmt":"2024-04-03T11:33:43","slug":"my-hero-academia-team-up-mission-tome-3","status":"publish","type":"product","link":"https:\/\/baralivres.ma\/?product=my-hero-academia-team-up-mission-tome-3","title":{"rendered":"My Hero Academia Team-Up Mission Tome 3"},"content":{"rendered":"<p>Les apprentis h\u00e9ros reprennent du service ! Et le moins qu&rsquo;on puisse dire c&rsquo;est que les missions affluent toutes plus diff\u00e9rentes les unes que, les autres : un jour, les seconde A trouvent une petite chienne perdue au lyc\u00e9e Yuei, et les filles d\u00e9cident de la garder le temps de lui offrir un nouveau foyer. Minoru, jamais \u00e0 court d&rsquo;id\u00e9es quand il s&rsquo;agit d&rsquo;attirer l&rsquo;attention des demoiselles, \u00e9labore un plan et se fait passer l&rsquo;animal&#8230;<br \/>\nMais lorsque des personnes pr\u00e9sentent pour adopter Mochi, c&rsquo;est en fait avec le gar\u00e7on qu&rsquo;elles repartent ! Le spin-off officiel My Hero Academia Team Up Mission est l&rsquo;occasion d\u00e9couvrir des histoires 100% in\u00e9dites et de voir en action des \u00e9quipes inattendues ! Un must pour tous les fans de My Hero Academia !<\/p>\n","protected":false},"excerpt":{"rendered":"<p>Les apprentis h\u00e9ros reprennent du service ! Et le moins qu&rsquo;on puisse dire c&rsquo;est que les missions affluent toutes plus diff\u00e9rentes les unes que, les autres : un jour, les seconde A trouvent une petite chienne perdue au lyc\u00e9e Yuei, et les filles d\u00e9cident de la garder le temps de lui offrir un nouveau foyer. Minoru, jamais \u00e0 court d&rsquo;id\u00e9es quand il s&rsquo;agit d&rsquo;attirer l&rsquo;attention des demoiselles, \u00e9labore un plan et se fait passer l&rsquo;animal&#8230;<br \/>\nMais lorsque des personnes pr\u00e9sentent pour adopter Mochi, c&rsquo;est en fait avec le gar\u00e7on qu&rsquo;elles repartent ! Le spin-off officiel My Hero Academia Team Up Mission est l&rsquo;occasion d\u00e9couvrir des histoires 100% in\u00e9dites et de voir en action des \u00e9quipes inattendues ! Un must pour tous les fans de My Hero Academia !<\/p>\n","protected":false},"featured_media":12866,"comment_status":"open","ping_status":"closed","template":"","meta":{"inline_featured_image":false},"product_cat":[203,204,205,3685],"product_tag":[],"class_list":{"0":"post-12865","1":"product","2":"type-product","3":"status-publish","4":"has-post-thumbnail","6":"product_cat-adolescente","7":"product_cat-francais","8":"product_cat-enfant-adolescente-francais","9":"product_cat-my-hero-academia","11":"first","12":"instock","13":"shipping-taxable","14":"purchasable","15":"product-type-simple"},"_links":{"self":[{"href":"https:\/\/baralivres.ma\/index.php?rest_route=\/wp\/v2\/product\/12865","targetHints":{"allow":["GET"]}}],"collection":[{"href":"https:\/\/baralivres.ma\/index.php?rest_route=\/wp\/v2\/product"}],"about":[{"href":"https:\/\/baralivres.ma\/index.php?rest_route=\/wp\/v2\/types\/product"}],"replies":[{"embeddable":true,"href":"https:\/\/baralivres.ma\/index.php?rest_route=%2Fwp%2Fv2%2Fcomments&post=12865"}],"version-history":[{"count":1,"href":"https:\/\/baralivres.ma\/index.php?rest_route=\/wp\/v2\/product\/12865\/revisions"}],"predecessor-version":[{"id":12867,"href":"https:\/\/baralivres.ma\/index.php?rest_route=\/wp\/v2\/product\/12865\/revisions\/12867"}],"wp:featuredmedia":[{"embeddable":true,"href":"https:\/\/baralivres.ma\/index.php?rest_route=\/wp\/v2\/media\/12866"}],"wp:attachment":[{"href":"https:\/\/baralivres.ma\/index.php?rest_route=%2Fwp%2Fv2%2Fmedia&parent=12865"}],"wp:term":[{"taxonomy":"product_cat","embeddable":true,"href":"https:\/\/baralivres.ma\/index.php?rest_route=%2Fwp%2Fv2%2Fproduct_cat&post=12865"},{"taxonomy":"product_tag","embeddable":true,"href":"https:\/\/baralivres.ma\/index.php?rest_route=%2Fwp%2Fv2%2Fproduct_tag&post=12865"}],"curies":[{"name":"wp","href":"https:\/\/api.w.org\/{rel}","templated":true}]}}